000
CXAK56 PAFC 010959
CF6BET
PRELIMINARY LOCAL CLIMATOLOGICAL DATA (WS FORM: F-6)
STATION: BETHEL
MONTH: JANUARY
YEAR: 2022
LATITUDE: 60 46 N
LONGITUDE: 161 48 W
TEMPERATURE IN F: :PCPN: SNOW: WIND :SUNSHINE: SKY :PK WND
================================================================================
1 2 3 4 5 6A 6B 7 8 9 10 11 12 13 14 15 16 17 18
12Z AVG MX 2MIN
DY MAX MIN AVG DEP HDD CDD WTR SNW DPTH SPD SPD DIR MIN PSBL S-S WX SPD DR
================================================================================
1 -1 -6 -3 -9 68 0 T M M 19.8 31 330 M M 0 9 40 330
2 -3 -8 -5 -11 70 0 T M M 19.4 35 360 M M 0 9 43 10
3 -3 -6 -4 -10 69 0 T M M 29.5 40 10 M M 0 89 50 20
4 -2 -6 -4 -10 69 0 0.00 M M 23.8 36 20 M M 0 9 43 30
5 1 -3 -1 -7 66 0 T M M 16.1 24 40 M M 0 9 30 40
6 0 -4 -2 -8 67 0 0.00 M M 13.2 20 20 M M 0 8 24 30
7 4 -2 1 -5 64 0 T M M 21.2 31 30 M M 0 89 39 30
8 -1 -5 -3 -9 68 0 0.00 M M 28.7 36 30 M M 0 89 44 30
9 2 -5 -1 -7 66 0 T M M 23.5 33 50 M M 5 89 43 50
10 2 -8 -3 -9 68 0 0.00 M M 19.9 25 30 M M 0 9 30 30
11 13 2 8 2 57 0 0.01 M M 11.5 21 20 M M 7 1 24 30
12 27 9 18 12 47 0 0.14 M M 10.1 21 20 M M 9 129 25 10
13 17 10 14 8 51 0 T M M 16.3 28 30 M M 6 9 34 30
14 23 15 19 13 46 0 T M M 9.3 18 20 M M 10 169 21 20
15 21 10 16 10 49 0 0.01 M M 4.7 13 190 M M 9 126 15 200
16 16 2 9 3 56 0 T M M 5.2 10 40 M M 7 12 13 30
17 8 1 5 -1 60 0 T M M 9.7 17 30 M M 3 19 30
18 10 4 7 1 58 0 T M M 14.7 21 10 M M 8 19 27 20
19 7 -14 -3 -10 68 0 T M M 13.1 22 10 M M 5 189 26 360
20 19 -15 2 -5 63 0 0.10 M M 13.3 22 40 M M 6 1 27 30
21 27 19 23 16 42 0 0.06 M M 10.8 20 40 M M 10 19 24 40
22 27 1 14 6 51 0 0.00 M M 6.6 18 240 M M 8 19 21 230
23 34 0 17 9 48 0 0.20 M M 11.9 20 20 M M 9 1 24 110
24 34 2 18 10 47 0 0.24 M M 12.8 29 280 M M 7 189 35 300
25 23 -6 9 1 56 0 T M M 10.9 18 180 M M 8 19 22 190
26 21 -5 8 -1 57 0 T M M 13.9 24 20 M M 9 129 29 20
27 -3 -7 -5 -14 70 0 T M M 22.7 30 10 M M 0 9 38 360
28 -2 -13 -7 -16 72 0 0.00 M M 17.7 24 340 M M 0 9 31 330
29 4 -6 -1 -11 66 0 0.00 M M 14.5 25 20 M M 0 30 20
30 0 -6 -3 -13 68 0 T M M 18.2 23 30 M M 0 27 30
31 12 -2 5 -5 60 0 T M M 17.5 25 40 M M 1 32 50
================================================================================
SM 337 -52 1867 0 0.76 M 480.5 M 127
================================================================================
AV 10.9 -1.7 15.5 FASTST M M 4 MAX(MPH)
MISC ----> 40 10 50 20
================================================================================
NOTES:
# LAST OF SEVERAL OCCURRENCES
COLUMN 17 PEAK WIND IN M.P.H.
PRELIMINARY LOCAL CLIMATOLOGICAL DATA (WS FORM: F-6) , PAGE 2
STATION: BETHEL
MONTH: JANUARY
YEAR: 2022
LATITUDE: 60 46 N
LONGITUDE: 161 48 W
[TEMPERATURE DATA] [PRECIPITATION DATA] SYMBOLS USED IN COLUMN 16
AVERAGE MONTHLY: 4.6 TOTAL FOR MONTH: 0.76 1 = FOG OR MIST
DPTR FM NORMAL: -2.3 DPTR FM NORMAL: -0.01 2 = FOG REDUCING VISIBILITY
HIGHEST: 34 ON 24,23 GRTST 24HR 0.26 ON 31-31 TO 1/4 MILE OR LESS
LOWEST: -15 ON 20 3 = THUNDER
SNOW, ICE PELLETS, HAIL 4 = ICE PELLETS
TOTAL MONTH: M 5 = HAIL
GRTST 24HR M ON M 6 = FREEZING RAIN OR DRIZZLE
GRTST DEPTH: M ON M 7 = DUSTSTORM OR SANDSTORM:
VSBY 1/2 MILE OR LESS
8 = SMOKE OR HAZE
[NO. OF DAYS WITH] [WEATHER - DAYS WITH] 9 = BLOWING SNOW
X = TORNADO
MAX 32 OR BELOW: 29 0.01 INCH OR MORE: 7
MAX 90 OR ABOVE: 0 0.10 INCH OR MORE: 4
MIN 32 OR BELOW: 31 0.50 INCH OR MORE: 0
MIN 0 OR BELOW: 20 1.00 INCH OR MORE: 0
[HDD (BASE 65) ]
TOTAL THIS MO. 1867 CLEAR (SCALE 0-3) 14
DPTR FM NORMAL 68 PTCLDY (SCALE 4-7) 11
TOTAL FM JUL 1 7556 CLOUDY (SCALE 8-10) 6
DPTR FM NORMAL 457
[CDD (BASE 65) ]
TOTAL THIS MO. 0
DPTR FM NORMAL 0 [PRESSURE DATA]
TOTAL FM JAN 1 0 HIGHEST SLP M ON M
DPTR FM NORMAL 0 LOWEST SLP 28.89 ON 21
[REMARKS]
#FINAL-01-22#