000
CXUS55 KRIW 011010
CF6BPI
PRELIMINARY LOCAL CLIMATOLOGICAL DATA (WS FORM: F-6)
STATION: BIG PINEY WY
MONTH: JUNE
YEAR: 2021
LATITUDE: 42 34 N
LONGITUDE: 110 6 W
TEMPERATURE IN F: :PCPN: SNOW: WIND :SUNSHINE: SKY :PK WND
================================================================================
1 2 3 4 5 6A 6B 7 8 9 10 11 12 13 14 15 16 17 18
12Z AVG MX 2MIN
DY MAX MIN AVG DEP HDD CDD WTR SNW DPTH SPD SPD DIR MIN PSBL S-S WX SPD DR
================================================================================
1 77 35 56 6 9 0 0.00 M M 7.0 21 350 M M 1 32 320
2 81 36 59 8 6 0 0.00 M M 6.7 18 330 M M 1 26 10
3 85 40 63 12 2 0 0.00 M M 6.7 17 350 M M 0 25 330
4 89 43 66 15 0 1 0.00 M M 8.1 28 320 M M 0 36 310
5 86 49 68 17 0 3 0.00 M M 9.3 29 270 M M 2 43 300
6 79 49 64 12 1 0 0.00 M M 13.4 30 260 M M 0 40 270
7 83 39 61 9 4 0 0.00 M M 8.4 23 250 M M 1 33 240
8 79 42 61 9 4 0 0.00 M M 10.6 29 260 M M 0 42 260
9 83 32 58 6 7 0 0.00 M M 9.6 29 220 M M 0 38 220
10 72 36 54 1 11 0 0.00 M M 18.4 37 270 M M 1 51 270
11 70 24 47 -6 18 0 0.00 M M 6.8 20 270 M M 0 26 260
12 81 30 56 3 9 0 0.00 M M 7.4 18 270 M M 0 27 290
13 88 37 63 10 2 0 0.00 M M 6.3 16 210 M M 0 24 240
14 90 43 67 13 0 2 0.00 M M 7.3 17 280 M M 0 26 290
15 91 38 65 11 0 0 0.00 M M 8.9 22 280 M M 0 37 260
16 92 44 68 14 0 3 0.00 M M 9.8 23 300 M M 0 33 300
17 87 44 66 12 0 1 0.00 M M 9.2 23 330 M M 0 34 320
18 89 39 64 9 1 0 0.00 M M 6.6 25 330 M M 0 33 330
19 86 51 69 14 0 4 0.00 M M 12.5 29 300 M M 1 38 300
20 81 48 65 10 0 0 0.00 M M 12.3 24 330 M M 1 36 350
21 80 41 61 5 4 0 0.00 M M 5.8 15 350 M M 1 20 340
22 89 40 65 9 0 0 0.00 M M 7.3 23 320 M M 0 35 330
23 83 43 63 7 2 0 T M M 8.3 32 300 M M 2 45 310
24 72 50 61 4 4 0 T M M 6.8 28 30 M M 5 36 30
25 75 46 61 4 4 0 0.13 M M 8.7 23 180 M M 7 3 35 90
26 75 42 59 2 6 0 T M M 6.6 20 110 M M 5 26 30
27 78 42 60 2 5 0 0.00 M M 6.0 15 130 M M 6 25 50
28 78 43 61 3 4 0 0.00 M M 5.7 16 200 M M 2 20 200
29 80 40 60 2 5 0 T M M 5.1 30 100 M M 2 3 38 100
30 81 43 62 4 3 0 T M M 6.8 18 220 M M 1 35 200
================================================================================
SM 2460 1229 111 14 0.13 M 252.4 M 39
================================================================================
AV 82.0 41.0 8.4 FASTST M M 1 MAX(MPH)
MISC ----> 37 270 51 270
================================================================================
NOTES:
# LAST OF SEVERAL OCCURRENCES
COLUMN 17 PEAK WIND IN M.P.H.
PRELIMINARY LOCAL CLIMATOLOGICAL DATA (WS FORM: F-6) , PAGE 2
STATION: BIG PINEY WY
MONTH: JUNE
YEAR: 2021
LATITUDE: 42 34 N
LONGITUDE: 110 6 W
[TEMPERATURE DATA] [PRECIPITATION DATA] SYMBOLS USED IN COLUMN 16
AVERAGE MONTHLY: 61.5 TOTAL FOR MONTH: 0.13 1 = FOG OR MIST
DPTR FM NORMAL: 7.3 DPTR FM NORMAL: -0.88 2 = FOG REDUCING VISIBILITY
HIGHEST: 92 ON 16 GRTST 24HR 0.13 ON 25-25 TO 1/4 MILE OR LESS
LOWEST: 24 ON 11 3 = THUNDER
SNOW, ICE PELLETS, HAIL 4 = ICE PELLETS
TOTAL MONTH: M 5 = HAIL
GRTST 24HR M ON M 6 = FREEZING RAIN OR DRIZZLE
GRTST DEPTH: M ON M 7 = DUSTSTORM OR SANDSTORM:
VSBY 1/2 MILE OR LESS
8 = SMOKE OR HAZE
[NO. OF DAYS WITH] [WEATHER - DAYS WITH] 9 = BLOWING SNOW
X = TORNADO
MAX 32 OR BELOW: 0 0.01 INCH OR MORE: 1
MAX 90 OR ABOVE: 3 0.10 INCH OR MORE: 1
MIN 32 OR BELOW: 3 0.50 INCH OR MORE: 0
MIN 0 OR BELOW: 0 1.00 INCH OR MORE: 0
[HDD (BASE 65) ]
TOTAL THIS MO. 111 CLEAR (SCALE 0-3) 26
DPTR FM NORMAL -214 PTCLDY (SCALE 4-7) 4
TOTAL FM JUL 1 9672 CLOUDY (SCALE 8-10) 0
DPTR FM NORMAL -731
[CDD (BASE 65) ]
TOTAL THIS MO. 14
DPTR FM NORMAL 13 [PRESSURE DATA]
TOTAL FM JAN 1 14 HIGHEST SLP 30.18 ON 11
DPTR FM NORMAL 13 LOWEST SLP 29.56 ON 6
[REMARKS]
#FINAL-06-21#