285
CXUS55 KRIW 011146
CF6BPI
PRELIMINARY LOCAL CLIMATOLOGICAL DATA (WS FORM: F-6)
STATION: BIG PINEY WY
MONTH: JANUARY
YEAR: 2021
LATITUDE: 42 34 N
LONGITUDE: 110 6 W
TEMPERATURE IN F: :PCPN: SNOW: WIND :SUNSHINE: SKY :PK WND
================================================================================
1 2 3 4 5 6A 6B 7 8 9 10 11 12 13 14 15 16 17 18
12Z AVG MX 2MIN
DY MAX MIN AVG DEP HDD CDD WTR SNW DPTH SPD SPD DIR MIN PSBL S-S WX SPD DR
================================================================================
1 28 -4 12 1 53 0 0.00 M M 3.8 14 330 M M 0 15 10
2 33 -4 15 4 50 0 0.00 M M 5.1 18 350 M M 3 26 330
3 33 0 17 6 48 0 0.00 M M 4.6 16 320 M M 5 22 310
4 28 0 14 3 51 0 T M M 2.8 12 330 M M 3 1 14 350
5 32 0 16 5 49 0 T M M 10.0 29 330 M M 4 1 38 330
6 28 -3 13 2 52 0 0.00 M M 3.2 9 70 M M 0 10 70
7 33 3 18 7 47 0 T M M 6.3 16 350 M M 5 23 350
8 26 -4 11 0 54 0 0.00 M M 4.6 10 80 M M 0 11 90
9 26 -8 9 -2 56 0 0.00 M M 2.6 9 70 M M 0 10 70
10 22 -9 7 -4 58 0 0.00 M M 2.1 9 330 M M 2 12 10 330
11 24 -14 5 -6 60 0 0.00 M M 3.4 12 70 M M 0 12 70
12 33 -2 16 5 49 0 0.00 M M 2.7 15 360 M M 2 18 360
13 42 11 27 16 38 0 T M M 11.3 37 280 M M 6 50 290
14 30 4 17 6 48 0 0.00 M M 12.7 25 350 M M 0 35 350
15 43 10 27 16 38 0 0.00 M M 11.6 29 350 M M 1 38 340
16 38 14 26 15 39 0 0.00 M M 14.5 28 350 M M 2 35 350
17 43 9 26 15 39 0 0.00 M M 9.3 24 320 M M 4 32 330
18 30 7 19 8 46 0 0.00 M M 11.1 22 10 M M 2 32 360
19 27 -7 10 -1 55 0 0.00 M M 2.6 9 20 M M 0 11 10
20 34 -7 14 3 51 0 0.00 M M 3.4 9 350 M M 3 12 70
21 33 4 19 8 46 0 0.00 M M 3.3 10 60 M M 5 12 11 50
22 34 12 23 12 42 0 T M M 3.3 9 50 M M 8 12 11 70
23 29 19 24 13 41 0 0.02 M M 3.9 12 190 M M 10 1 15 190
24 20 0 10 -1 55 0 T M M 2.9 12 360 M M 10 12 13 330
25 14 -11 2 -9 63 0 T M M 3.2 10 350 M M 7 128 12 360
26 18 -5 7 -4 58 0 T M M 1.8 9 340 M M 8 1 10 120
27 17 -6 6 -5 59 0 T M M 2.2 7 310 M M 9 12 8 310
28 28 4 16 5 49 0 T M M 3.1 12 350 M M 7 1 14 350
29 32 9 21 10 44 0 T M M 2.4 10 70 M M 6 1 12 350
30 31 -2 15 4 50 0 0.00 M M 5.5 14 340 M M 5 12 17 350
31 22 -12 5 -6 60 0 0.00 M M 2.0 10 330 M M 0 12 330
================================================================================
SM 911 8 1548 0 0.02 M 161.3 M 117
================================================================================
AV 29.4 0.3 5.2 FASTST M M 4 MAX(MPH)
MISC ----> 37 280 50 290
================================================================================
NOTES:
# LAST OF SEVERAL OCCURRENCES
COLUMN 17 PEAK WIND IN M.P.H.
PRELIMINARY LOCAL CLIMATOLOGICAL DATA (WS FORM: F-6) , PAGE 2
STATION: BIG PINEY WY
MONTH: JANUARY
YEAR: 2021
LATITUDE: 42 34 N
LONGITUDE: 110 6 W
[TEMPERATURE DATA] [PRECIPITATION DATA] SYMBOLS USED IN COLUMN 16
AVERAGE MONTHLY: 14.8 TOTAL FOR MONTH: 0.02 1 = FOG OR MIST
DPTR FM NORMAL: 3.8 DPTR FM NORMAL: -0.29 2 = FOG REDUCING VISIBILITY
HIGHEST: 43 ON 17,15 GRTST 24HR 0.08 ON 30-30 TO 1/4 MILE OR LESS
LOWEST: -14 ON 11 3 = THUNDER
SNOW, ICE PELLETS, HAIL 4 = ICE PELLETS
TOTAL MONTH: M 5 = HAIL
GRTST 24HR M ON M 6 = FREEZING RAIN OR DRIZZLE
GRTST DEPTH: M ON M 7 = DUSTSTORM OR SANDSTORM:
VSBY 1/2 MILE OR LESS
8 = SMOKE OR HAZE
[NO. OF DAYS WITH] [WEATHER - DAYS WITH] 9 = BLOWING SNOW
X = TORNADO
MAX 32 OR BELOW: 20 0.01 INCH OR MORE: 1
MAX 90 OR ABOVE: 0 0.10 INCH OR MORE: 0
MIN 32 OR BELOW: 31 0.50 INCH OR MORE: 0
MIN 0 OR BELOW: 19 1.00 INCH OR MORE: 0
[HDD (BASE 65) ]
TOTAL THIS MO. 1548 CLEAR (SCALE 0-3) 14
DPTR FM NORMAL -126 PTCLDY (SCALE 4-7) 14
TOTAL FM JUL 1 5597 CLOUDY (SCALE 8-10) 3
DPTR FM NORMAL -516
[CDD (BASE 65) ]
TOTAL THIS MO. 0
DPTR FM NORMAL 0 [PRESSURE DATA]
TOTAL FM JAN 1 0 HIGHEST SLP 30.78 ON 31
DPTR FM NORMAL 0 LOWEST SLP 29.65 ON 23
[REMARKS]
#FINAL-01-21#