000
CXUS54 KLIX 010810
CF6BTR
PRELIMINARY LOCAL CLIMATOLOGICAL DATA (WS FORM: F-6)
STATION: BATON ROUGE
MONTH: MARCH
YEAR: 2022
LATITUDE: 30 31 N
LONGITUDE: 91 9 W
TEMPERATURE IN F: :PCPN: SNOW: WIND :SUNSHINE: SKY :PK WND
================================================================================
1 2 3 4 5 6A 6B 7 8 9 10 11 12 13 14 15 16 17 18
12Z AVG MX 2MIN
DY MAX MIN AVG DEP HDD CDD WTR SNW DPTH SPD SPD DIR MIN PSBL S-S WX SPD DR
================================================================================
1 71 35 53 -6 12 0 0.00 0.0 M 2.1 8 270 M M 0 8 12 80
2 75 41 58 -1 7 0 0.00 0.0 M 2.0 12 230 M M 0 8 15 220
3 76 47 62 2 3 0 0.00 0.0 M 2.2 16 200 M M 0 8 18 190
4 78 41 60 0 5 0 0.00 0.0 M 5.0 16 180 M M 0 8 21 140
5 83 52 68 8 0 3 T 0.0 M 10.8 23 160 M M 8 1 30 190
6 86 67 77 17 0 12 T 0.0 M 12.9 25 150 M M 7 32 150
7 80 55 68 8 0 3 0.00 0.0 M 9.2 20 290 M M 6 25 290
8 63 47 55 -5 10 0 T M M 8.7 16 50 M M 10 1 20 320
9 60 44 52 -9 13 0 0.00 0.0 M 8.5 16 50 M M 7 24 360
10 75 45 60 -1 5 0 0.00 0.0 M 4.7 13 60 M M 2 8 17 70
11 68 42 55 -6 10 0 0.31 M M 5.2 26 350 M M 8 138 35 350
12 52 33 43 -18 22 0 0.00 0.0 M 11.6 24 350 M M 2 36 360
13 61 28 45 -17 20 0 0.00 0.0 M 6.3 14 160 M M 0 18 190
14 72 44 58 -4 7 0 T M M 11.3 22 110 M M 7 29 110
15 73 54 64 2 1 0 1.04 0.0 M 8.9 26 290 M M 5 13 35 320
16 69 52 61 -1 4 0 0.00 0.0 M 6.1 16 280 M M 6 19 280
17 78 46 62 0 3 0 0.00 0.0 M 8.8 18 140 M M 2 18 30 130
18 84 58 71 9 0 6 0.21 0.0 M 15.1 25 200 M M 5 13 32 260
19 70 45 58 -5 7 0 0.00 0.0 M 6.3 17 350 M M 0 23 330
20 78 39 59 -4 6 0 0.00 0.0 M 5.5 15 60 M M 0 27 90
21 80 47 64 1 1 0 0.00 0.0 M 12.3 24 120 M M 5 33 130
22 78 55 67 4 0 2 1.06 0.0 M 15.0 31 180 M M 8 123 42 170
23 67 47 57 -6 8 0 0.00 0.0 M 9.1 23 280 M M 1 30 270
24 74 41 58 -6 7 0 T M M 7.3 23 230 M M 2 33 220
25 73 43 58 -6 7 0 0.00 0.0 M 5.5 18 280 M M 0 26 310
26 79 43 61 -3 4 0 0.00 0.0 M 4.6 15 210 M M 0 20 250
27 83 47 65 1 0 0 0.00 0.0 M 7.9 18 210 M M 0 27 210
28 84 59 72 8 0 7 0.00 0.0 M 9.0 22 230 M M 4 1 30 240
29 83 61 72 8 0 7 0.00 0.0 M 12.9 24 180 M M 4 1 30 200
30 81 57 69 4 0 4 1.07 0.0 M 16.4 40 180 M M 7 13 55 180
31 72 49 61 -4 4 0 0.00 0.0 M 5.7 14 290 M M 0 21 300
================================================================================
SM 2306 1464 166 44 3.69 0.0 256.9 M 106
================================================================================
AV 74.4 47.2 8.3 FASTST M M 3 MAX(MPH)
MISC ----> 40 180 55 180
================================================================================
NOTES:
# LAST OF SEVERAL OCCURRENCES
COLUMN 17 PEAK WIND IN M.P.H.
PRELIMINARY LOCAL CLIMATOLOGICAL DATA (WS FORM: F-6) , PAGE 2
STATION: BATON ROUGE
MONTH: MARCH
YEAR: 2022
LATITUDE: 30 31 N
LONGITUDE: 91 9 W
[TEMPERATURE DATA] [PRECIPITATION DATA] SYMBOLS USED IN COLUMN 16
AVERAGE MONTHLY: 60.8 TOTAL FOR MONTH: 3.69 1 = FOG OR MIST
DPTR FM NORMAL: -1.2 DPTR FM NORMAL: -0.77 2 = FOG REDUCING VISIBILITY
HIGHEST: 86 ON 6 GRTST 24HR 1.07 ON 30-30 TO 1/4 MILE OR LESS
LOWEST: 28 ON 13 3 = THUNDER
SNOW, ICE PELLETS, HAIL 4 = ICE PELLETS
TOTAL MONTH: 0.0 INCH 5 = HAIL
GRTST 24HR 0.0 6 = FREEZING RAIN OR DRIZZLE
GRTST DEPTH: M ON M 7 = DUSTSTORM OR SANDSTORM:
VSBY 1/2 MILE OR LESS
8 = SMOKE OR HAZE
[NO. OF DAYS WITH] [WEATHER - DAYS WITH] 9 = BLOWING SNOW
X = TORNADO
MAX 32 OR BELOW: 0 0.01 INCH OR MORE: 5
MAX 90 OR ABOVE: 0 0.10 INCH OR MORE: 5
MIN 32 OR BELOW: 1 0.50 INCH OR MORE: 3
MIN 0 OR BELOW: 0 1.00 INCH OR MORE: 3
[HDD (BASE 65) ]
TOTAL THIS MO. 166 CLEAR (SCALE 0-3) 16
DPTR FM NORMAL 8 PTCLDY (SCALE 4-7) 13
TOTAL FM JUL 1 1353 CLOUDY (SCALE 8-10) 2
DPTR FM NORMAL -126
[CDD (BASE 65) ]
TOTAL THIS MO. 44
DPTR FM NORMAL -21 [PRESSURE DATA]
TOTAL FM JAN 1 97 HIGHEST SLP M ON M
DPTR FM NORMAL -6 LOWEST SLP 29.49 ON 30
[REMARKS]
#FINAL-03-22#