000
CXAK56 PAFG 011354
CF6BTT
PRELIMINARY LOCAL CLIMATOLOGICAL DATA (WS FORM: F-6)
STATION: BETTLES AK
MONTH: MARCH
YEAR: 2022
LATITUDE: 66 55 N
LONGITUDE: 151 31 W
TEMPERATURE IN F: :PCPN: SNOW: WIND :SUNSHINE: SKY :PK WND
================================================================================
1 2 3 4 5 6A 6B 7 8 9 10 11 12 13 14 15 16 17 18
12Z AVG MX 2MIN
DY MAX MIN AVG DEP HDD CDD WTR SNW DPTH SPD SPD DIR MIN PSBL S-S WX SPD DR
================================================================================
1 22 16 19 19 46 0 T M 37 0.1 4 160 M M 10 1 M M
2 25 17 21 21 44 0 0.02 M 37 0.5 5 10 M M 10 1 M M
3 25 3 14 14 51 0 T M 38 2.4 7 20 M M 9 1 M M
4 29 11 20 20 45 0 T M 37 5.3 13 30 M M 7 1 M M
5 29 20 25 25 40 0 T M 37 5.6 13 170 M M 8 20 170
6 24 -11 7 7 58 0 0.00 M 37 5.3 12 220 M M 3 17 220
7 21 -12 5 5 60 0 0.00 M 36 7.1 12 360 M M 2 17 360
8 23 5 14 13 51 0 M M 36 2.7 10 350 M M 9 1 14 330
9 26 7 17 16 48 0 0.03 M 36 5.5 9 30 M M 8 1 M M
10 21 1 11 10 54 0 0.00 M 36 7.5 14 40 M M 1 19 20
11 10 -17 -3 -4 68 0 0.00 M 35 2.8 8 10 M M 1 M M
12 13 -24 -5 -7 70 0 0.00 M 35 2.0 5 320 M M 0 M M
13 12 -20 -4 -6 69 0 0.00 M 35 4.7 9 20 M M 0 M M
14 2 -30 -14 -16 79 0 0.00 M M 2.6 7 350 M M 2 M M
15 12 -9 2 0 63 0 0.00 M 35 6.4 9 40 M M 3 M M
16 17 -11 3 0 62 0 0.00 M 35 6.7 12 20 M M 2 M M
17 21 -6 8 5 57 0 0.00 M 35 5.5 9 360 M M 4 M M
18 17 1 9 6 56 0 0.00 M 34 5.1 10 310 M M 8 M M
19 18 -5 7 3 58 0 0.00 M 34 7.2 12 20 M M 5 17 30
20 16 -18 -1 -5 66 0 0.00 M 34 3.5 8 320 M M 0 M M
21 14 -23 -4 -9 69 0 0.00 M 34 3.2 7 330 M M 1 M M
22 19 -12 4 -1 61 0 0.00 M 34 7.4 12 50 M M 1 18 80
23 21 -4 9 3 56 0 0.00 M 34 9.3 20 60 M M 3 34 50
24 22 -1 11 5 54 0 0.00 M 34 5.0 12 60 M M 5 22 60
25 37 8 23 16 42 0 0.00 M 33 5.3 14 70 M M 2 20 30
26 35 6 21 13 44 0 0.00 M 33 2.2 7 150 M M 7 M M
27 33 18 26 18 39 0 0.01 M 33 3.2 9 50 M M 7 1 M M
28 34 11 23 14 42 0 0.00 M 33 7.0 14 50 M M 6 21 60
29 32 11 22 12 43 0 0.00 M 33 2.8 8 120 M M 7 12 130
30 28 -9 10 0 55 0 0.00 M 33 2.9 9 20 M M 1 14 10
31 21 -16 3 -8 62 0 0.00 0.0 33 5.4 12 60 M M 0 24 70
================================================================================
SM 679 -93 1712 0 0.06 0.0 142.1 M 132
================================================================================
AV 21.9 -3.0 4.6 FASTST M M 4 MAX(MPH)
MISC ----> 20 60 34 50
================================================================================
NOTES:
# LAST OF SEVERAL OCCURRENCES
COLUMN 17 PEAK WIND IN M.P.H.
PRELIMINARY LOCAL CLIMATOLOGICAL DATA (WS FORM: F-6) , PAGE 2
STATION: BETTLES AK
MONTH: MARCH
YEAR: 2022
LATITUDE: 66 55 N
LONGITUDE: 151 31 W
[TEMPERATURE DATA] [PRECIPITATION DATA] SYMBOLS USED IN COLUMN 16
AVERAGE MONTHLY: 9.5 TOTAL FOR MONTH: 0.06 1 = FOG OR MIST
DPTR FM NORMAL: 5.8 DPTR FM NORMAL: -0.55 2 = FOG REDUCING VISIBILITY
HIGHEST: 37 ON 25 GRTST 24HR 0.03 ON 9- 9 TO 1/4 MILE OR LESS
LOWEST: -30 ON 14 3 = THUNDER
SNOW, ICE PELLETS, HAIL 4 = ICE PELLETS
TOTAL MONTH: 0.0 INCH 5 = HAIL
GRTST 24HR 0.0 6 = FREEZING RAIN OR DRIZZLE
GRTST DEPTH: 38 ON 3 7 = DUSTSTORM OR SANDSTORM:
VSBY 1/2 MILE OR LESS
8 = SMOKE OR HAZE
[NO. OF DAYS WITH] [WEATHER - DAYS WITH] 9 = BLOWING SNOW
X = TORNADO
MAX 32 OR BELOW: 27 0.01 INCH OR MORE: 3
MAX 90 OR ABOVE: 0 0.10 INCH OR MORE: 0
MIN 32 OR BELOW: 31 0.50 INCH OR MORE: 0
MIN 0 OR BELOW: 17 1.00 INCH OR MORE: 0
[HDD (BASE 65) ]
TOTAL THIS MO. 1712 CLEAR (SCALE 0-3) 14
DPTR FM NORMAL -188 PTCLDY (SCALE 4-7) 12
TOTAL FM JUL 1 12947 CLOUDY (SCALE 8-10) 5
DPTR FM NORMAL 14
[CDD (BASE 65) ]
TOTAL THIS MO. 0
DPTR FM NORMAL 0 [PRESSURE DATA]
TOTAL FM JAN 1 0 HIGHEST SLP 30.90 ON 7
DPTR FM NORMAL 0 LOWEST SLP 29.53 ON 14
[REMARKS]
#FINAL-03-22#