000
CXUS54 KMAF 011210
CF6E38
PRELIMINARY LOCAL CLIMATOLOGICAL DATA (WS FORM: F-6)
STATION: ALPINE-CASPARIS MUNICIPAL
MONTH: DECEMBER
YEAR: 2020
LATITUDE: 30 23 N
LONGITUDE: 103 41 W
TEMPERATURE IN F: :PCPN: SNOW: WIND :SUNSHINE: SKY :PK WND
================================================================================
1 2 3 4 5 6A 6B 7 8 9 10 11 12 13 14 15 16 17 18
12Z AVG MX 2MIN
DY MAX MIN AVG DEP HDD CDD WTR SNW DPTH SPD SPD DIR MIN PSBL S-S WX SPD DR
================================================================================
1 64 34 49 M 16 0 M M M 13.1 30 230 M M 0 38 230
2 45 26 36 M 29 0 M M M 11.6 20 10 M M 0 26 350
3 41 20 31 M 34 0 M M M 6.4 13 20 M M 1 21 20
4 49 17 33 M 32 0 M M M 4.8 9 50 M M 2 M M
5 40 29 35 M 30 0 0.31 M M 2.9 8 360 M M 8 M M
6 55 26 41 M 24 0 M M M 6.3 10 240 M M 0 M M
7 62 32 47 M 18 0 M M M 5.1 12 220 M M 0 M M
8 66 31 49 M 16 0 M M M 5.8 9 230 M M 0 9 210
9 72 38 55 M 10 0 M M M 11.4 16 240 M M 0 22 240
10 75 47 61 M 4 0 M M M 11.2 26 210 M M 2 32 210
11 62 47 55 M 10 0 M M M 12.0 28 260 M M 0 35 250
12 67 32 50 M 15 0 M M M 9.5 23 230 M M 0 29 230
13 54 23 39 M 26 0 M M M 10.9 23 360 M M 1 29 330
14 57 21 39 M 26 0 M M M 9.8 17 190 M M 0 25 220
15 54 24 39 M 26 0 M M M 11.7 22 270 M M 0 30 250
16 57 23 40 M 25 0 M M M 10.8 22 250 M M 0 25 250
17 62 25 44 M 21 0 M M M 9.2 16 210 M M 0 28 190
18 66 37 52 M 13 0 M M M 8.6 16 230 M M 1 22 210
19 62 28 45 M 20 0 M M M 6.7 20 250 M M 0 30 260
20 63 28 46 M 19 0 M M M 7.3 14 230 M M 0 M M
21 69 36 53 M 12 0 M M M 9.4 15 230 M M 0 16 240
22 71 35 53 M 12 0 M M M 10.2 16 260 M M 0 26 240
23 67 32 50 M 15 0 M M M 16.1 26 270 M M 0 37 260
24 53 16 35 M 30 0 M M M 7.3 14 210 M M 0 17 20
25 61 29 45 M 20 0 M M M 8.8 14 230 M M 2 18 220
26 68 43 56 M 9 0 M M M 11.5 23 250 M M 1 30 260
27 73 40 57 M 8 0 M M M 11.6 18 230 M M 0 26 170
28 73 44 59 M 6 0 M M M 5.2 10 50 M M 0 16 60
29 74 48 61 M 4 0 M M M 12.5 25 210 M M 1 32 210
30 50 28 39 M 26 0 M M M 13.0 23 360 M M 7 29 360
31 34 24 29 M 36 0 0.11 M M 7.2 16 10 M M 7 20 10
================================================================================
SM 1866 963 592 0 0.42 M 287.8 M 33
================================================================================
AV 60.2 31.1 9.3 FASTST M M 1 MAX(MPH)
MISC ----> 30 230 38 230
================================================================================
NOTES:
# LAST OF SEVERAL OCCURRENCES
COLUMN 17 PEAK WIND IN M.P.H.
PRELIMINARY LOCAL CLIMATOLOGICAL DATA (WS FORM: F-6) , PAGE 2
STATION: ALPINE-CASPARIS MUNICIPAL
MONTH: DECEMBER
YEAR: 2020
LATITUDE: 30 23 N
LONGITUDE: 103 41 W
[TEMPERATURE DATA] [PRECIPITATION DATA] SYMBOLS USED IN COLUMN 16
AVERAGE MONTHLY: 45.6 TOTAL FOR MONTH: 0.42 1 = FOG OR MIST
DPTR FM NORMAL: 0.0 DPTR FM NORMAL: M 2 = FOG REDUCING VISIBILITY
HIGHEST: 75 ON 10 GRTST 24HR 0.31 ON 5- 5 TO 1/4 MILE OR LESS
LOWEST: 16 ON 24 3 = THUNDER
SNOW, ICE PELLETS, HAIL 4 = ICE PELLETS
TOTAL MONTH: M 5 = HAIL
GRTST 24HR M ON M 6 = FREEZING RAIN OR DRIZZLE
GRTST DEPTH: M ON M 7 = DUSTSTORM OR SANDSTORM:
VSBY 1/2 MILE OR LESS
8 = SMOKE OR HAZE
[NO. OF DAYS WITH] [WEATHER - DAYS WITH] 9 = BLOWING SNOW
X = TORNADO
MAX 32 OR BELOW: 0 0.01 INCH OR MORE: 2
MAX 90 OR ABOVE: 0 0.10 INCH OR MORE: 2
MIN 32 OR BELOW: 20 0.50 INCH OR MORE: 0
MIN 0 OR BELOW: 0 1.00 INCH OR MORE: 0
[HDD (BASE 65) ]
TOTAL THIS MO. 592 CLEAR (SCALE 0-3) 28
DPTR FM NORMAL M PTCLDY (SCALE 4-7) 2
TOTAL FM JUL 1 966 CLOUDY (SCALE 8-10) 1
DPTR FM NORMAL M
[CDD (BASE 65) ]
TOTAL THIS MO. 0
DPTR FM NORMAL M [PRESSURE DATA]
TOTAL FM JAN 1 2265 HIGHEST SLP M ON M
DPTR FM NORMAL M LOWEST SLP M ON M
[REMARKS]
#FINAL-12-20#