000
CXUS56 KLOX 011655
CF6HHR
PRELIMINARY LOCAL CLIMATOLOGICAL DATA (WS FORM: F-6)
STATION: HAWTHORNE AIRPORT CA
MONTH: JUNE
YEAR: 2020
LATITUDE: 33 55 N
LONGITUDE: 118 20 W
TEMPERATURE IN F: :PCPN: SNOW: WIND :SUNSHINE: SKY :PK WND
================================================================================
1 2 3 4 5 6A 6B 7 8 9 10 11 12 13 14 15 16 17 18
12Z AVG MX 2MIN
DY MAX MIN AVG DEP HDD CDD WTR SNW DPTH SPD SPD DIR MIN PSBL S-S WX SPD DR
================================================================================
1 77 61 69 3 0 4 0.00 0.0 0 6.3 20 260 M M 0 23 280
2 79 61 70 4 0 5 0.00 0.0 0 4.1 13 250 M M 0 16 260
3 80 63 72 6 0 7 0.00 0.0 0 6.3 15 260 M M 1 8 20 270
4 73 63 68 2 0 3 0.00 0.0 0 6.9 13 140 M M 7 17 130
5 72 64 68 2 0 3 0.00 0.0 0 6.5 15 270 M M 10 19 260
6 71 63 67 1 0 2 0.00 0.0 0 7.5 15 260 M M 4 21 260
7 74 61 68 2 0 3 0.00 0.0 0 7.4 24 270 M M 1 30 270
8 86 65 76 10 0 11 0.00 0.0 0 7.0 20 250 M M 0 34 330
9 95 64 80 14 0 15 0.00 0.0 0 3.9 18 270 M M 0 8 25 270
10 92 68 80 14 0 15 0.00 0.0 0 4.9 18 260 M M 0 21 260
11 83 62 73 7 0 8 0.00 0.0 0 4.9 14 250 M M 0 8 19 250
12 74 62 68 2 0 3 0.00 0.0 0 6.2 17 260 M M 4 23 260
13 74 62 68 1 0 3 0.00 0.0 0 7.9 23 260 M M 1 8 27 270
14 75 60 68 1 0 3 0.00 0.0 0 6.0 15 260 M M 1 8 20 260
15 78 62 70 3 0 5 0.00 0.0 0 5.9 16 250 M M 2 20 250
16 72 64 68 1 0 3 0.00 0.0 0 6.3 15 260 M M 8 19 250
17 74 63 69 2 0 4 0.00 0.0 0 7.3 15 260 M M 6 8 19 260
18 72 62 67 0 0 2 0.00 0.0 0 5.6 13 250 M M 6 17 260
19 71 63 67 0 0 2 0.00 0.0 0 7.0 16 260 M M 8 22 250
20 70 63 67 0 0 2 0.00 0.0 0 6.9 14 260 M M 9 8 20 260
21 72 64 68 0 0 3 0.00 0.0 0 6.1 15 270 M M 7 19 250
22 75 63 69 1 0 4 0.00 0.0 0 6.5 16 260 M M 8 8 20 250
23 73 62 68 0 0 3 0.00 0.0 0 6.8 15 260 M M 7 8 20 250
24 72 62 67 -1 0 2 0.00 0.0 0 5.7 15 260 M M 7 8 23 260
25 73 64 69 1 0 4 0.00 0.0 0 4.9 14 260 M M 6 8 18 260
26 73 63 68 0 0 3 0.00 0.0 0 6.8 15 260 M M 7 8 20 260
27 72 63 68 0 0 3 0.00 0.0 0 5.0 14 250 M M 6 8 17 260
28 70 64 67 -1 0 2 0.00 0.0 0 7.0 13 260 M M 10 17 270
29 73 64 69 0 0 4 0.00 0.0 0 5.6 15 260 M M 5 20 260
30 72 62 67 -2 0 2 0.00 0.0 0 6.2 20 260 M M 6 8 25 260
================================================================================
SM 2267 1887 0 133 0.00 0.0 185.4 M 137
================================================================================
AV 75.6 62.9 6.2 FASTST M M 5 MAX(MPH)
MISC ----> # 24 270 # 34 330
================================================================================
NOTES:
# LAST OF SEVERAL OCCURRENCES
COLUMN 17 PEAK WIND IN M.P.H.
PRELIMINARY LOCAL CLIMATOLOGICAL DATA (WS FORM: F-6) , PAGE 2
STATION: HAWTHORNE AIRPORT CA
MONTH: JUNE
YEAR: 2020
LATITUDE: 33 55 N
LONGITUDE: 118 20 W
[TEMPERATURE DATA] [PRECIPITATION DATA] SYMBOLS USED IN COLUMN 16
AVERAGE MONTHLY: 69.2 TOTAL FOR MONTH: 0.00 1 = FOG OR MIST
DPTR FM NORMAL: 2.2 DPTR FM NORMAL: -0.07 2 = FOG REDUCING VISIBILITY
HIGHEST: 95 ON 9 GRTST 24HR 0.00 ON 30-30 TO 1/4 MILE OR LESS
LOWEST: 60 ON 14 3 = THUNDER
SNOW, ICE PELLETS, HAIL 4 = ICE PELLETS
TOTAL MONTH: 0.0 INCH 5 = HAIL
GRTST 24HR 0.0 6 = FREEZING RAIN OR DRIZZLE
GRTST DEPTH: 0 7 = DUSTSTORM OR SANDSTORM:
VSBY 1/2 MILE OR LESS
8 = SMOKE OR HAZE
[NO. OF DAYS WITH] [WEATHER - DAYS WITH] 9 = BLOWING SNOW
X = TORNADO
MAX 32 OR BELOW: 0 0.01 INCH OR MORE: 0
MAX 90 OR ABOVE: 2 0.10 INCH OR MORE: 0
MIN 32 OR BELOW: 0 0.50 INCH OR MORE: 0
MIN 0 OR BELOW: 0 1.00 INCH OR MORE: 0
[HDD (BASE 65) ]
TOTAL THIS MO. 0 CLEAR (SCALE 0-3) 11
DPTR FM NORMAL -11 PTCLDY (SCALE 4-7) 16
TOTAL FM JUL 1 888 CLOUDY (SCALE 8-10) 3
DPTR FM NORMAL -244
[CDD (BASE 65) ]
TOTAL THIS MO. 133
DPTR FM NORMAL 64 [PRESSURE DATA]
TOTAL FM JAN 1 287 HIGHEST SLP M ON M
DPTR FM NORMAL 135 LOWEST SLP 29.72 ON 28
[REMARKS]
#FINAL-06-20#