000
CXUS56 KFGZ 010910
CF6INW
PRELIMINARY LOCAL CLIMATOLOGICAL DATA (WS FORM: F-6)
STATION: WINSLOW AZ AIRPORT
MONTH: JULY
YEAR: 2023
LATITUDE: 35 1 N
LONGITUDE: 110 44 W
TEMPERATURE IN F: :PCPN: SNOW: WIND :SUNSHINE: SKY :PK WND
================================================================================
1 2 3 4 5 6A 6B 7 8 9 10 11 12 13 14 15 16 17 18
12Z AVG MX 2MIN
DY MAX MIN AVG DEP HDD CDD WTR SNW DPTH SPD SPD DIR MIN PSBL S-S WX SPD DR
================================================================================
1 96 54 75 -3 0 10 0.00 M M 4.7 17 350 M M 0 24 10
2 100 56 78 0 0 13 0.00 M M 4.9 17 310 M M 0 25 320
3 103 61 82 4 0 17 0.00 M M 6.8 17 240 M M 0 22 230
4 102 66 84 6 0 19 0.00 M M 12.8 30 250 M M 0 38 230
5 100 58 79 0 0 14 0.00 M M 12.5 32 240 M M 0 39 250
6 101 57 79 0 0 14 0.00 M M 12.5 31 250 M M 0 42 240
7 101 64 83 4 0 18 0.00 M M 12.1 29 260 M M 0 36 230
8 100 60 80 1 0 15 0.00 M M 11.0 30 260 M M 0 40 260
9 100 65 83 4 0 18 0.00 M M 10.1 25 250 M M 0 35 240
10 100 65 83 4 0 18 0.00 M M 9.7 24 260 M M 1 32 260
11 100 70 85 6 0 20 0.00 M M 9.7 25 260 M M 3 30 260
12 100 71 86 7 0 21 0.02 M M 9.7 21 320 M M 5 3 28 320
13 102 68 85 6 0 20 0.00 M M 9.1 17 240 M M 2 24 210
14 105 72 89 9 0 24 0.00 M M 7.5 17 310 M M 0 21 300
15 106 69 88 8 0 23 0.00 M M 7.7 21 20 M M 0 28 10
16 107 57 82 2 0 17 0.00 M M 5.8 15 340 M M 0 22 350
17 107 65 86 6 0 21 0.00 M M 10.0 38 250 M M 0 8 47 220
18 103 69 86 6 0 21 T M M 9.1 31 150 M M 0 3 40 150
19 105 63 84 4 0 19 0.00 M M 6.9 24 270 M M 0 33 270
20 106 68 87 7 0 22 0.00 M M 7.4 24 250 M M 0 28 260
21 106 69 88 8 0 23 T M M 9.3 25 290 M M 0 8 35 270
22 105 66 86 6 0 21 0.00 M M 6.9 26 200 M M 0 32 200
23 102 70 86 6 0 21 T M M 9.3 38 250 M M 0 3 47 240
24 103 65 84 5 0 19 T M M 8.1 23 300 M M 0 3 29 150
25 101 61 81 2 0 16 T M M 6.9 28 140 M M 1 3 33 140
26 100 65 83 4 0 18 0.00 M M 7.9 29 320 M M 0 3 36 300
27 99 72 86 7 0 21 0.00 M M 9.3 33 140 M M 0 3 39 140
28 99 66 83 4 0 18 0.00 M M 10.0 31 250 M M 0 37 340
29 101 71 86 7 0 21 T M M 7.8 31 250 M M 1 37 250
30 98 68 83 4 0 18 T M M 10.8 31 180 M M 2 3 41 180
31 93 61 77 -2 0 12 0.02 M M 6.8 26 220 M M 2 3 31 220
================================================================================
SM 3151 2012 0 572 0.04 M 273.1 M 17
================================================================================
AV101.6 64.9 8.8 FASTST M M 1 MAX(MPH)
MISC ----> # 38 250 # 47 220
================================================================================
NOTES:
# LAST OF SEVERAL OCCURRENCES
COLUMN 17 PEAK WIND IN M.P.H.
PRELIMINARY LOCAL CLIMATOLOGICAL DATA (WS FORM: F-6) , PAGE 2
STATION: WINSLOW AZ AIRPORT
MONTH: JULY
YEAR: 2023
LATITUDE: 35 1 N
LONGITUDE: 110 44 W
[TEMPERATURE DATA] [PRECIPITATION DATA] SYMBOLS USED IN COLUMN 16
AVERAGE MONTHLY: 83.3 TOTAL FOR MONTH: 0.04 1 = FOG OR MIST
DPTR FM NORMAL: 4.2 DPTR FM NORMAL: -0.85 2 = FOG REDUCING VISIBILITY
HIGHEST: 107 ON 17,16 GRTST 24HR 0.02 ON 12-12 TO 1/4 MILE OR LESS
LOWEST: 54 ON 1 3 = THUNDER
SNOW, ICE PELLETS, HAIL 4 = ICE PELLETS
TOTAL MONTH: M 5 = HAIL
GRTST 24HR M ON M 6 = FREEZING RAIN OR DRIZZLE
GRTST DEPTH: M ON M 7 = DUSTSTORM OR SANDSTORM:
VSBY 1/2 MILE OR LESS
8 = SMOKE OR HAZE
[NO. OF DAYS WITH] [WEATHER - DAYS WITH] 9 = BLOWING SNOW
X = TORNADO
MAX 32 OR BELOW: 0 0.01 INCH OR MORE: 2
MAX 90 OR ABOVE: 31 0.10 INCH OR MORE: 0
MIN 32 OR BELOW: 0 0.50 INCH OR MORE: 0
MIN 0 OR BELOW: 0 1.00 INCH OR MORE: 0
[HDD (BASE 65) ]
TOTAL THIS MO. 0 CLEAR (SCALE 0-3) 30
DPTR FM NORMAL 0 PTCLDY (SCALE 4-7) 1
TOTAL FM JUL 1 0 CLOUDY (SCALE 8-10) 0
DPTR FM NORMAL 0
[CDD (BASE 65) ]
TOTAL THIS MO. 572
DPTR FM NORMAL 133 [PRESSURE DATA]
TOTAL FM JAN 1 789 HIGHEST SLP M ON M
DPTR FM NORMAL 10 LOWEST SLP 29.67 ON 7
[REMARKS]
#FINAL-07-23#