000
CXUS55 KEAX 010736
CF6LXT
PRELIMINARY LOCAL CLIMATOLOGICAL DATA (WS FORM: F-6)
STATION: LEE`S SUMMIT MO
MONTH: MARCH
YEAR: 2021
LATITUDE: 38 57 N
LONGITUDE: 94 22 W
TEMPERATURE IN F: :PCPN: SNOW: WIND :SUNSHINE: SKY :PK WND
================================================================================
1 2 3 4 5 6A 6B 7 8 9 10 11 12 13 14 15 16 17 18
12Z AVG MX 2MIN
DY MAX MIN AVG DEP HDD CDD WTR SNW DPTH SPD SPD DIR MIN PSBL S-S WX SPD DR
================================================================================
1 54 23 39 0 26 0 0.00 M M 6.6 16 250 M M 0 20 340
2 60 27 44 5 21 0 0.00 M M 10.4 24 230 M M 0 33 220
3 71 39 55 15 10 0 0.00 M M 7.2 16 230 M M 0 22 220
4 71 41 56 16 9 0 0.00 M M 7.3 18 70 M M 0 8 30 80
5 57 38 48 8 17 0 0.00 M M 9.1 18 80 M M 1 25 80
6 65 35 50 10 15 0 T M M 10.1 17 230 M M 0 24 240
7 68 41 55 14 10 0 0.00 M M 15.6 28 190 M M 0 39 200
8 70 44 57 16 8 0 0.00 M M 14.3 24 210 M M 0 32 220
9 75 51 63 21 2 0 0.00 M M 21.6 35 190 M M 1 8 49 190
10 73 49 61 19 4 0 0.34 M M 22.7 40 210 M M 7 13 53 200
11 59 40 50 8 15 0 T M M 8.5 18 210 M M 5 21 30
12 49 42 46 3 19 0 0.09 M M 10.5 17 80 M M 7 26 80
13 51 41 46 3 19 0 0.03 M M 13.1 21 100 M M 10 18 28 90
14 50 42 46 3 19 0 0.69 M M 16.2 28 90 M M 10 1 38 100
15 52 43 48 4 17 0 0.19 M M 9.4 17 80 M M 10 123 24 80
16 47 41 44 0 21 0 0.00 M M 9.2 17 70 M M 10 12 23 70
17 45 36 41 -3 24 0 1.04 M M 17.2 33 10 M M 10 13 49 30
18 46 35 41 -4 24 0 0.08 M M 16.5 30 350 M M 10 1 43 350
19 53 31 42 -3 23 0 0.00 M M 7.5 15 70 M M 0 19 70
20 60 33 47 2 18 0 0.00 M M 9.9 16 130 M M 0 23 130
21 66 44 55 9 10 0 0.00 M M 15.5 31 200 M M 0 42 190
22 63 50 57 11 8 0 T M M 11.4 20 160 M M 5 25 140
23 58 48 53 7 12 0 0.27 M M 15.8 24 200 M M 10 1 34 220
24 50 44 47 0 18 0 0.01 M M 10.4 18 10 M M 10 1 27 240
25 45 41 43 -4 22 0 0.55 M M 7.7 16 50 M M 9 1 23 50
26 62 35 49 2 16 0 0.00 M M 7.5 17 160 M M 2 12 25 150
27 66 47 57 9 8 0 0.02 M M 13.2 24 320 M M 4 33 310
28 58 35 47 -1 18 0 0.00 M M 10.6 22 330 M M 0 36 320
29 M M M M M M 0.00 M M 23.1 35 210 M M 0 52 200
30 M M M M M M 0.00 M M M M M M M 4 M M
31 51 35 43 -6 22 0 0.00 M M 12.4 26 310 M M 1 36 290
================================================================================
SM 1695 1151 455 0 3.31 M 370.5 M 126
================================================================================
AV 58.4 39.7 12.3 FASTST M M 4 MAX(MPH)
MISC ----> 40 210 53 200
================================================================================
NOTES:
# LAST OF SEVERAL OCCURRENCES
COLUMN 17 PEAK WIND IN M.P.H.
PRELIMINARY LOCAL CLIMATOLOGICAL DATA (WS FORM: F-6) , PAGE 2
STATION: LEE`S SUMMIT MO
MONTH: MARCH
YEAR: 2021
LATITUDE: 38 57 N
LONGITUDE: 94 22 W
[TEMPERATURE DATA] [PRECIPITATION DATA] SYMBOLS USED IN COLUMN 16
AVERAGE MONTHLY: 49.1 TOTAL FOR MONTH: 3.31 1 = FOG OR MIST
DPTR FM NORMAL: 5.1 DPTR FM NORMAL: 0.99 2 = FOG REDUCING VISIBILITY
HIGHEST: 75 ON 9 GRTST 24HR 1.12 ON 17-18 TO 1/4 MILE OR LESS
LOWEST: 23 ON 1 3 = THUNDER
SNOW, ICE PELLETS, HAIL 4 = ICE PELLETS
TOTAL MONTH: M 5 = HAIL
GRTST 24HR M ON M 6 = FREEZING RAIN OR DRIZZLE
GRTST DEPTH: M ON M 7 = DUSTSTORM OR SANDSTORM:
VSBY 1/2 MILE OR LESS
8 = SMOKE OR HAZE
[NO. OF DAYS WITH] [WEATHER - DAYS WITH] 9 = BLOWING SNOW
X = TORNADO
MAX 32 OR BELOW: 0 0.01 INCH OR MORE: 11
MAX 90 OR ABOVE: 0 0.10 INCH OR MORE: 6
MIN 32 OR BELOW: 3 0.50 INCH OR MORE: 3
MIN 0 OR BELOW: 0 1.00 INCH OR MORE: 1
[HDD (BASE 65) ]
TOTAL THIS MO. 455 CLEAR (SCALE 0-3) 16
DPTR FM NORMAL -198 PTCLDY (SCALE 4-7) 6
TOTAL FM JUL 1 4179 CLOUDY (SCALE 8-10) 9
DPTR FM NORMAL -431
[CDD (BASE 65) ]
TOTAL THIS MO. 0
DPTR FM NORMAL 0 [PRESSURE DATA]
TOTAL FM JAN 1 0 HIGHEST SLP M ON M
DPTR FM NORMAL 0 LOWEST SLP 29.46 ON 23
[REMARKS]
#FINAL-03-21#