000
CXUS53 KDMX 021530
CF6MIW
PRELIMINARY LOCAL CLIMATOLOGICAL DATA (WS FORM: F-6)
STATION: MARSHALLTOWN IA
MONTH: NOVEMBER
YEAR: 2023
LATITUDE: 42 6 N
LONGITUDE: 92 55 W
TEMPERATURE IN F: :PCPN: SNOW: WIND :SUNSHINE: SKY :PK WND
================================================================================
1 2 3 4 5 6A 6B 7 8 9 10 11 12 13 14 15 16 17 18
12Z AVG MX 2MIN
DY MAX MIN AVG DEP HDD CDD WTR SNW DPTH SPD SPD DIR MIN PSBL S-S WX SPD DR
================================================================================
1 46 19 33 -10 32 0 0.00 0.0 M 10.1 23 200 M M 1 30 200
2 59 26 43 1 22 0 0.00 0.0 M 5.5 13 200 M M 0 22 180
3 56 37 47 5 18 0 0.00 0.0 M 8.6 17 200 M M 2 8 26 190
4 59 31 45 4 20 0 0.00 0.0 M 4.0 8 230 M M 1 18 14 170
5 65 36 51 10 14 0 0.00 0.0 M 11.8 23 160 M M 2 18 35 150
6 67 42 55 15 10 0 0.00 0.0 M 11.1 20 200 M M 0 30 270
7 60 36 48 8 17 0 0.00 0.0 M 12.8 25 100 M M 5 1 32 100
8 60 38 49 9 16 0 0.00 0.0 M 12.7 23 330 M M 4 32 340
9 60 29 45 6 20 0 T 0.0 M 12.1 28 310 M M 2 37 320
10 45 24 35 -4 30 0 0.00 0.0 M 7.1 17 300 M M 5 22 340
11 51 26 39 1 26 0 0.00 0.0 M 12.3 24 160 M M 8 31 160
12 65 38 52 14 13 0 0.00 0.0 M 13.0 26 200 M M 2 32 230
13 65 29 47 10 18 0 0.00 0.0 M 5.5 10 290 M M 0 8 16 310
14 67 31 49 12 16 0 0.00 0.0 M 13.2 28 200 M M 0 39 180
15 64 37 51 15 14 0 0.00 0.0 M 5.8 17 200 M M 0 23 210
16 65 44 55 19 10 0 0.00 0.0 M 14.6 26 210 M M 2 36 200
17 49 27 38 2 27 0 T 0.0 M 7.0 22 340 M M 1 8 31 340
18 61 26 44 9 21 0 0.00 0.0 M 5.7 16 280 M M 0 21 270
19 60 27 44 9 21 0 0.00 0.0 M 9.2 17 100 M M 1 23 100
20 49 39 44 10 21 0 0.09 0.0 M 12.8 21 70 M M 9 1 26 60
21 42 27 35 1 30 0 T 0.0 M 12.7 22 320 M M 10 1 29 330
22 48 20 34 1 31 0 0.00 0.0 M 9.1 17 200 M M 0 24 230
23 42 25 34 1 31 0 0.00 0.0 M 13.2 22 360 M M 0 28 350
24 30 19 25 -7 40 0 0.00 0.0 M 9.7 17 20 M M 3 22 10
25 32 22 27 -5 38 0 0.05 M M 4.1 10 80 M M 10 18 13 60
26 34 20 27 -5 38 0 0.07 M M 12.4 28 310 M M 9 18 38 320
27 25 8 17 -14 48 0 0.00 0.0 M 11.5 24 300 M M 4 31 310
28 30 3 17 -14 48 0 0.00 0.0 M 8.1 17 170 M M 0 24 170
29 52 21 37 7 28 0 0.00 0.0 M 7.9 15 270 M M 0 19 240
30 49 27 38 8 27 0 0.00 0.0 M 10.4 16 360 M M 0 21 180
================================================================================
SM 1557 834 745 0 0.21 0.0 294.0 M 81
================================================================================
AV 51.9 27.8 9.8 FASTST M M 3 MAX(MPH)
MISC ----> # 28 310 39 180
================================================================================
NOTES:
# LAST OF SEVERAL OCCURRENCES
COLUMN 17 PEAK WIND IN M.P.H.
PRELIMINARY LOCAL CLIMATOLOGICAL DATA (WS FORM: F-6) , PAGE 2
STATION: MARSHALLTOWN IA
MONTH: NOVEMBER
YEAR: 2023
LATITUDE: 42 6 N
LONGITUDE: 92 55 W
[TEMPERATURE DATA] [PRECIPITATION DATA] SYMBOLS USED IN COLUMN 16
AVERAGE MONTHLY: 39.9 TOTAL FOR MONTH: 0.21 1 = FOG OR MIST
DPTR FM NORMAL: 3.6 DPTR FM NORMAL: -1.53 2 = FOG REDUCING VISIBILITY
HIGHEST: 67 ON 14, 6 GRTST 24HR 0.09 ON 20-20 TO 1/4 MILE OR LESS
LOWEST: 3 ON 28 3 = THUNDER
SNOW, ICE PELLETS, HAIL 4 = ICE PELLETS
TOTAL MONTH: 0.0 INCH 5 = HAIL
GRTST 24HR 0.0 6 = FREEZING RAIN OR DRIZZLE
GRTST DEPTH: 0 7 = DUSTSTORM OR SANDSTORM:
VSBY 1/2 MILE OR LESS
8 = SMOKE OR HAZE
[NO. OF DAYS WITH] [WEATHER - DAYS WITH] 9 = BLOWING SNOW
X = TORNADO
MAX 32 OR BELOW: 4 0.01 INCH OR MORE: 3
MAX 90 OR ABOVE: 0 0.10 INCH OR MORE: 0
MIN 32 OR BELOW: 21 0.50 INCH OR MORE: 0
MIN 0 OR BELOW: 0 1.00 INCH OR MORE: 0
[HDD (BASE 65) ]
TOTAL THIS MO. 745 CLEAR (SCALE 0-3) 21
DPTR FM NORMAL -119 PTCLDY (SCALE 4-7) 5
TOTAL FM JUL 1 1176 CLOUDY (SCALE 8-10) 4
DPTR FM NORMAL -315
[CDD (BASE 65) ]
TOTAL THIS MO. 0
DPTR FM NORMAL 0 [PRESSURE DATA]
TOTAL FM JAN 1 942 HIGHEST SLP 30.63 ON 24
DPTR FM NORMAL 214 LOWEST SLP 29.64 ON 6
[REMARKS]
#FINAL-11-23#