000
CXUS53 KDVN 011100
CF6MLI
PRELIMINARY LOCAL CLIMATOLOGICAL DATA (WS FORM: F-6)
STATION: MOLINE IL
MONTH: DECEMBER
YEAR: 2022
LATITUDE: 41 27 N
LONGITUDE: 90 31 W
TEMPERATURE IN F: :PCPN: SNOW: WIND :SUNSHINE: SKY :PK WND
================================================================================
1 2 3 4 5 6A 6B 7 8 9 10 11 12 13 14 15 16 17 18
12Z AVG MX 2MIN
DY MAX MIN AVG DEP HDD CDD WTR SNW DPTH SPD SPD DIR MIN PSBL S-S WX SPD DR
================================================================================
1 40 13 27 -7 38 0 0.00 0.0 0 9.7 23 150 M M 2 31 150
2 59 32 46 13 19 0 0.00 0.0 0 14.6 35 280 M M 5 45 280
3 32 15 24 -9 41 0 0.00 0.0 0 13.9 35 290 M M 1 46 300
4 46 15 31 -2 34 0 0.00 0.0 0 7.1 18 250 M M 0 24 260
5 49 28 39 7 26 0 0.00 0.0 0 4.4 14 210 M M 1 17 210
6 45 27 36 4 29 0 0.00 0.0 0 4.0 12 70 M M 2 18 14 40
7 45 26 36 4 29 0 0.00 0.0 0 2.1 9 30 M M 6 128 13 20
8 45 25 35 4 30 0 0.07 0.0 0 9.6 21 80 M M 7 18 27 80
9 41 36 39 8 26 0 0.41 0.0 0 8.7 20 80 M M 10 1 24 80
10 43 38 41 11 24 0 T 0.0 0 5.0 13 270 M M 10 18 17 280
11 40 35 38 8 27 0 0.00 0.0 0 6.0 15 320 M M 10 20 330
12 40 35 38 8 27 0 0.00 0.0 0 9.9 17 110 M M 10 23 130
13 41 34 38 8 27 0 0.49 0.0 0 19.3 29 110 M M 6 1 41 110
14 55 36 46 17 19 0 0.56 0.1 0 9.8 21 110 M M 9 1 29 110
15 37 30 34 5 31 0 T T 0 14.5 24 250 M M 10 8 34 240
16 31 26 29 0 36 0 T T T 17.4 26 260 M M 10 34 260
17 26 19 23 -5 42 0 0.02 0.2 T 16.4 24 270 M M 10 8 32 260
18 24 12 18 -10 47 0 0.00 0.0 T 11.0 21 280 M M 0 8 29 280
19 32 12 22 -6 43 0 0.00 0.0 T 5.8 13 90 M M 5 15 80
20 31 9 20 -8 45 0 0.00 0.0 T 7.3 20 300 M M 6 24 300
21 28 8 18 -9 47 0 T T T 6.2 14 110 M M 7 1 17 110
22 29 -8 11 -16 54 0 0.08 0.9 T 18.1 29 280 M M 10 18 41 300
23 2 -7 -2 -29 67 0 0.00 0.0 1 25.3 38 280 M M 10 89 50 270
24 15 1 8 -18 57 0 0.00 0.0 1 21.0 31 280 M M 5 8 42 270
25 18 3 11 -15 54 0 0.02 0.2 1 11.6 23 270 M M 2 33 280
26 20 -1 10 -16 55 0 0.04 1.1 1 7.5 15 320 M M 7 18 20 330
27 31 -5 13 -13 52 0 0.00 0.0 2 8.5 18 170 M M 0 29 190
28 48 30 39 13 26 0 0.00 0.0 1 13.4 24 190 M M 0 37 180
29 67 46 57 32 8 0 0.00 0.0 0 15.4 22 200 M M 1 35 200
30 52 24 38 13 27 0 0.00 0.0 0 8.5 20 280 M M 3 29 280
31 40 20 30 5 35 0 0.01 0.0 0 4.4 14 100 M M 5 1 18 90
================================================================================
SM 1152 614 1122 0 1.70 2.5 336.4 M 170
================================================================================
AV 37.2 19.8 10.9 FASTST M M 5 MAX(MPH)
MISC ----> 38 280 50 270
================================================================================
NOTES:
# LAST OF SEVERAL OCCURRENCES
COLUMN 17 PEAK WIND IN M.P.H.
PRELIMINARY LOCAL CLIMATOLOGICAL DATA (WS FORM: F-6) , PAGE 2
STATION: MOLINE IL
MONTH: DECEMBER
YEAR: 2022
LATITUDE: 41 27 N
LONGITUDE: 90 31 W
[TEMPERATURE DATA] [PRECIPITATION DATA] SYMBOLS USED IN COLUMN 16
AVERAGE MONTHLY: 28.5 TOTAL FOR MONTH: 1.70 1 = FOG OR MIST
DPTR FM NORMAL: -0.4 DPTR FM NORMAL: -0.34 2 = FOG REDUCING VISIBILITY
HIGHEST: 67 ON 29 GRTST 24HR 0.74 ON 13-14 TO 1/4 MILE OR LESS
LOWEST: -8 ON 22 3 = THUNDER
SNOW, ICE PELLETS, HAIL 4 = ICE PELLETS
TOTAL MONTH: 2.5 INCHES 5 = HAIL
GRTST 24HR 1.1 ON 26-26 6 = FREEZING RAIN OR DRIZZLE
GRTST DEPTH: 2 ON 27 7 = DUSTSTORM OR SANDSTORM:
VSBY 1/2 MILE OR LESS
8 = SMOKE OR HAZE
[NO. OF DAYS WITH] [WEATHER - DAYS WITH] 9 = BLOWING SNOW
X = TORNADO
MAX 32 OR BELOW: 13 0.01 INCH OR MORE: 9
MAX 90 OR ABOVE: 0 0.10 INCH OR MORE: 3
MIN 32 OR BELOW: 24 0.50 INCH OR MORE: 1
MIN 0 OR BELOW: 4 1.00 INCH OR MORE: 0
[HDD (BASE 65) ]
TOTAL THIS MO. 1122 CLEAR (SCALE 0-3) 10
DPTR FM NORMAL 3 PTCLDY (SCALE 4-7) 11
TOTAL FM JUL 1 2246 CLOUDY (SCALE 8-10) 10
DPTR FM NORMAL -72
[CDD (BASE 65) ]
TOTAL THIS MO. 0
DPTR FM NORMAL 0 [PRESSURE DATA]
TOTAL FM JAN 1 1182 HIGHEST SLP 30.59 ON 20
DPTR FM NORMAL 140 LOWEST SLP 29.48 ON 15
[REMARKS]
#FINAL-12-22#