000
CXUS56 KMTR 011100
CF6OAK
PRELIMINARY LOCAL CLIMATOLOGICAL DATA (WS FORM: F-6)
STATION: OAKLAND AIRPORT
MONTH: JANUARY
YEAR: 2022
LATITUDE: 37 43 N
LONGITUDE: 122 13 W
TEMPERATURE IN F: :PCPN: SNOW: WIND :SUNSHINE: SKY :PK WND
================================================================================
1 2 3 4 5 6A 6B 7 8 9 10 11 12 13 14 15 16 17 18
12Z AVG MX 2MIN
DY MAX MIN AVG DEP HDD CDD WTR SNW DPTH SPD SPD DIR MIN PSBL S-S WX SPD DR
================================================================================
1 51 35 43 -6 22 0 0.00 M M 3.5 9 10 M M 2 13 340
2 55 32 44 -5 21 0 0.00 M M 2.9 13 300 M M 3 14 310
3 54 42 48 -1 17 0 0.13 M M 10.8 21 170 M M 9 1 26 170
4 57 51 54 5 11 0 0.10 M M 6.2 17 160 M M 9 1 21 160
5 57 50 54 5 11 0 T M M 4.4 10 300 M M 8 1 13 160
6 55 51 53 4 12 0 T M M 4.1 10 300 M M 9 1 13 300
7 56 46 51 2 14 0 0.02 M M 6.8 13 280 M M 7 1 16 140
8 56 41 49 0 16 0 0.00 M M 3.6 12 90 M M 4 1 14 80
9 61 40 51 2 14 0 0.00 M M 6.6 15 60 M M 3 18 60
10 58 45 52 2 13 0 0.00 M M 4.4 12 180 M M 4 18 13 180
11 60 41 51 1 14 0 0.00 M M 2.3 13 310 M M 5 16 250
12 59 41 50 0 15 0 0.00 M M 4.8 15 90 M M 5 18 17 90
13 56 45 51 1 14 0 0.00 M M 2.9 10 320 M M 8 18 13 310
14 61 39 50 0 15 0 0.00 M M 3.6 12 310 M M 5 12 13 310
15 60 45 53 3 12 0 0.00 M M 5.5 13 90 M M 8 15 90
16 61 46 54 4 11 0 T M M 2.7 12 290 M M 7 13 280
17 60 44 52 2 13 0 0.00 M M 2.8 10 310 M M 6 1 13 310
18 55 42 49 -1 16 0 0.00 M M 4.1 13 280 M M 6 1 14 280
19 56 43 50 0 15 0 0.00 M M 2.3 10 290 M M 7 1 12 300
20 60 40 50 0 15 0 0.00 M M 2.4 9 290 M M 5 12 11 280
21 68 41 55 5 10 0 0.00 M M 5.8 44 50 M M 4 1 57 50
22 69 44 57 7 8 0 0.00 M M 10.1 32 50 M M 3 45 10
23 60 41 51 1 14 0 0.00 M M 2.9 9 170 M M 0 1 10 160
24 60 39 50 0 15 0 0.00 M M 4.4 15 290 M M 1 18 17 290
25 57 43 50 0 15 0 0.00 M M 4.6 12 290 M M 5 18 13 300
26 57 41 49 -1 16 0 0.00 M M 2.6 7 230 M M 4 18 9 290
27 67 39 53 3 12 0 0.00 M M 3.2 9 100 M M 1 1 12 310
28 64 39 52 1 13 0 0.00 M M 3.5 15 80 M M 6 19 90
29 62 39 51 0 14 0 0.00 M M 3.7 9 280 M M 4 18 12 310
30 59 39 49 -2 16 0 0.00 M M 4.9 14 280 M M 4 18 18 290
31 58 43 51 0 14 0 0.00 M M 3.9 9 220 M M 6 1 16 210
================================================================================
SM 1829 1307 438 0 0.25 M 136.3 M 158
================================================================================
AV 59.0 42.2 4.4 FASTST M M 5 MAX(MPH)
MISC ----> 44 50 57 50
================================================================================
NOTES:
# LAST OF SEVERAL OCCURRENCES
COLUMN 17 PEAK WIND IN M.P.H.
PRELIMINARY LOCAL CLIMATOLOGICAL DATA (WS FORM: F-6) , PAGE 2
STATION: OAKLAND AIRPORT
MONTH: JANUARY
YEAR: 2022
LATITUDE: 37 43 N
LONGITUDE: 122 13 W
[TEMPERATURE DATA] [PRECIPITATION DATA] SYMBOLS USED IN COLUMN 16
AVERAGE MONTHLY: 50.6 TOTAL FOR MONTH: 0.25 1 = FOG OR MIST
DPTR FM NORMAL: 0.7 DPTR FM NORMAL: -3.17 2 = FOG REDUCING VISIBILITY
HIGHEST: 69 ON 22 GRTST 24HR 0.13 ON 3- 3 TO 1/4 MILE OR LESS
LOWEST: 32 ON 2 3 = THUNDER
SNOW, ICE PELLETS, HAIL 4 = ICE PELLETS
TOTAL MONTH: M 5 = HAIL
GRTST 24HR M ON M 6 = FREEZING RAIN OR DRIZZLE
GRTST DEPTH: M ON M 7 = DUSTSTORM OR SANDSTORM:
VSBY 1/2 MILE OR LESS
8 = SMOKE OR HAZE
[NO. OF DAYS WITH] [WEATHER - DAYS WITH] 9 = BLOWING SNOW
X = TORNADO
MAX 32 OR BELOW: 0 0.01 INCH OR MORE: 3
MAX 90 OR ABOVE: 0 0.10 INCH OR MORE: 2
MIN 32 OR BELOW: 1 0.50 INCH OR MORE: 0
MIN 0 OR BELOW: 0 1.00 INCH OR MORE: 0
[HDD (BASE 65) ]
TOTAL THIS MO. 438 CLEAR (SCALE 0-3) 6
DPTR FM NORMAL -32 PTCLDY (SCALE 4-7) 21
TOTAL FM JUL 1 1330 CLOUDY (SCALE 8-10) 4
DPTR FM NORMAL -207
[CDD (BASE 65) ]
TOTAL THIS MO. 0
DPTR FM NORMAL 0 [PRESSURE DATA]
TOTAL FM JAN 1 0 HIGHEST SLP 30.47 ON 10
DPTR FM NORMAL 0 LOWEST SLP 29.94 ON 7
[REMARKS]
#FINAL-01-22#