000
CXUS52 KCAE 011855
CLMOGB
CLIMATE REPORT
NATIONAL WEATHER SERVICE COLUMBIA SC
255 PM EDT MON MAY 01 2023
...................................
...THE ORANGEBURG AIRPORT SC CLIMATE SUMMARY FOR THE MONTH OF APRIL 2023...
CLIMATE NORMAL PERIOD: 1991 TO 2020
CLIMATE RECORD PERIOD: 9999 TO 9999
WEATHER OBSERVED NORMAL DEPART LAST YEAR`S
VALUE DATE(S) VALUE FROM VALUE
NORMAL
..............................................................
TEMPERATURE (F)
HIGHEST 88 04/05 MM MM
LOWEST 41 04/11 MM MM
AVG. MAXIMUM 77.7 76.6 1.1
AVG. MINIMUM 54.0 52.4 1.6
MEAN 65.9 64.5 1.4
DAYS MAX >= 90 0 0.7 -0.7
DAYS MAX <= 32 0 0.0 0.0
DAYS MIN <= 32 0 0.1 -0.1
DAYS MIN <= 0 0 0.0 0.0
PRECIPITATION (INCHES)
TOTALS 5.03 2.85 2.18
DAYS >= .01 13 8.9 4.1
DAYS >= .10 10 5.0 5.0
DAYS >= .50 3 1.9 1.1
DAYS >= 1.00 2 0.7 1.3
GREATEST
24 HR. TOTAL 2.17 04/08 TO 04/09
DAYS >= TRACE MM
DEGREE DAYS
HEATING TOTAL 67 94 -27
SINCE 7/1 1733 2182 -449
COOLING TOTAL 102 79 23
SINCE 1/1 178 112 66
..............................................................
WIND (MPH)
AVERAGE WIND SPEED 6.4
RESULTANT WIND SPEED/DIRECTION 1/210
HIGHEST WIND SPEED/DIRECTION 29/020 DATE 04/07
HIGHEST GUST SPEED/DIRECTION 41/290 DATE 04/29
SKY COVER
POSSIBLE SUNSHINE (PERCENT) MM
AVERAGE SKY COVER 0.37
NUMBER OF DAYS FAIR 15
NUMBER OF DAYS PC 11
NUMBER OF DAYS CLOUDY 4
AVERAGE RH (PERCENT) 67
WEATHER CONDITIONS. NUMBER OF DAYS WITH
THUNDERSTORM 6 MIXED PRECIP 0
HEAVY RAIN 7 RAIN 7
LIGHT RAIN 16 FREEZING RAIN 0
LT FREEZING RAIN 0 HAIL 0
HEAVY SNOW 0 SNOW 0
LIGHT SNOW 0 SLEET 0
FOG 17 FOG W/VIS <= 1/4 MILE 5
HAZE 0
- INDICATES NEGATIVE NUMBERS.
R INDICATES RECORD WAS SET OR TIED.
MM INDICATES DATA IS MISSING.
T INDICATES TRACE AMOUNT.
$$