000
CXUS52 KMLB 010638
CF6ORL
PRELIMINARY LOCAL CLIMATOLOGICAL DATA (WS FORM: F-6)
STATION: ORLANDO EXEC
MONTH: SEPTEMBER
YEAR: 2021
LATITUDE: 28 32 N
LONGITUDE: 81 20 W
TEMPERATURE IN F: :PCPN: SNOW: WIND :SUNSHINE: SKY :PK WND
================================================================================
1 2 3 4 5 6A 6B 7 8 9 10 11 12 13 14 15 16 17 18
12Z AVG MX 2MIN
DY MAX MIN AVG DEP HDD CDD WTR SNW DPTH SPD SPD DIR MIN PSBL S-S WX SPD DR
================================================================================
1 85 76 81 -2 0 16 T 0.0 0 11.1 23 250 M M 3 30 260
2 93 74 84 1 0 19 0.77 0.0 0 8.7 28 300 M M 4 13 36 280
3 92 75 84 1 0 19 0.87 0.0 0 4.6 16 350 M M 4 13 22 360
4 92 76 84 1 0 19 0.00 0.0 0 7.1 16 70 M M 2 19 70
5 92 74 83 0 0 18 0.06 0.0 0 4.1 15 100 M M 4 3 18 110
6 93 77 85 2 0 20 0.03 0.0 0 4.0 16 210 M M 4 3 18 210
7 92 73 83 1 0 18 2.29 0.0 0 3.6 28 110 M M 2 123 37 130
8 92 75 84 2 0 19 1.20 0.0 0 3.9 20 160 M M 3 13 26 170
9 84 75 80 -2 0 15 0.49 0.0 0 9.2 22 270 M M 2 13 29 290
10 91 75 83 1 0 18 0.21 0.0 0 3.8 18 100 M M 2 13 21 100
11 88 74 81 -1 0 16 T 0.0 0 5.4 13 80 M M 2 16 80
12 88 77 83 1 0 18 0.14 0.0 0 8.6 20 90 M M 2 13 24 90
13 92 76 84 2 0 19 0.00 0.0 0 8.0 16 90 M M 1 3 20 100
14 88 73 81 -1 0 16 0.41 0.0 0 4.2 24 140 M M 2 13 29 130
15 91 75 83 1 0 18 0.00 0.0 0 5.3 17 80 M M 2 20 80
16 91 75 83 1 0 18 0.05 0.0 0 3.9 18 260 M M 2 13 22 260
17 90 74 82 0 0 17 1.31 0.0 0 4.5 17 30 M M 4 13 24 20
18 91 75 83 1 0 18 0.01 0.0 0 3.1 13 250 M M 6 3 16 140
19 89 75 82 0 0 17 0.41 0.0 0 2.6 16 220 M M 3 13 17 220
20 89 74 82 1 0 17 0.02 0.0 0 5.1 18 80 M M 4 3 20 80
21 92 74 83 2 0 18 0.03 0.0 0 4.2 20 90 M M 3 3 22 90
22 89 73 81 0 0 16 0.26 0.0 0 5.3 18 280 M M 5 13 23 280
23 90 74 82 1 0 17 0.00 0.0 0 5.6 18 30 M M 4 21 30
24 87 74 81 0 0 16 0.00 0.0 0 7.5 15 60 M M 6 19 60
25 91 73 82 1 0 17 0.00 0.0 0 6.4 18 80 M M 2 22 80
26 87 72 80 -1 0 15 0.00 0.0 0 5.9 16 80 M M 2 19 80
27 87 70 79 -1 0 14 0.00 0.0 0 4.5 16 70 M M 1 19 60
28 88 69 79 -1 0 14 0.00 0.0 0 3.9 13 70 M M 0 16 70
29 88 68 78 -2 0 13 0.00 0.0 0 4.1 13 80 M M 2 15 80
30 88 68 78 -2 0 13 0.00 0.0 0 6.4 18 70 M M 1 20 70
================================================================================
SM 2690 2213 0 508 8.56 0.0 164.6 M 84
================================================================================
AV 89.7 73.8 5.5 FASTST M M 3 MAX(MPH)
MISC ----> # 28 300 37 130
================================================================================
NOTES:
# LAST OF SEVERAL OCCURRENCES
COLUMN 17 PEAK WIND IN M.P.H.
PRELIMINARY LOCAL CLIMATOLOGICAL DATA (WS FORM: F-6) , PAGE 2
STATION: ORLANDO EXEC
MONTH: SEPTEMBER
YEAR: 2021
LATITUDE: 28 32 N
LONGITUDE: 81 20 W
[TEMPERATURE DATA] [PRECIPITATION DATA] SYMBOLS USED IN COLUMN 16
AVERAGE MONTHLY: 81.7 TOTAL FOR MONTH: 8.56 1 = FOG OR MIST
DPTR FM NORMAL: 0.0 DPTR FM NORMAL: 2.01 2 = FOG REDUCING VISIBILITY
HIGHEST: 93 ON 6, 2 GRTST 24HR 2.55 ON 7- 8 TO 1/4 MILE OR LESS
LOWEST: 68 ON 30,29 3 = THUNDER
SNOW, ICE PELLETS, HAIL 4 = ICE PELLETS
TOTAL MONTH: 0.0 INCH 5 = HAIL
GRTST 24HR 0.0 6 = FREEZING RAIN OR DRIZZLE
GRTST DEPTH: 0 7 = DUSTSTORM OR SANDSTORM:
VSBY 1/2 MILE OR LESS
8 = SMOKE OR HAZE
[NO. OF DAYS WITH] [WEATHER - DAYS WITH] 9 = BLOWING SNOW
X = TORNADO
MAX 32 OR BELOW: 0 0.01 INCH OR MORE: 17
MAX 90 OR ABOVE: 16 0.10 INCH OR MORE: 11
MIN 32 OR BELOW: 0 0.50 INCH OR MORE: 5
MIN 0 OR BELOW: 0 1.00 INCH OR MORE: 3
[HDD (BASE 65) ]
TOTAL THIS MO. 0 CLEAR (SCALE 0-3) 17
DPTR FM NORMAL 0 PTCLDY (SCALE 4-7) 13
TOTAL FM JUL 1 0 CLOUDY (SCALE 8-10) 0
DPTR FM NORMAL 0
[CDD (BASE 65) ]
TOTAL THIS MO. 508
DPTR FM NORMAL 7 [PRESSURE DATA]
TOTAL FM JAN 1 3400 HIGHEST SLP M ON M
DPTR FM NORMAL 300 LOWEST SLP 29.85 ON 22
[REMARKS]
#FINAL-09-21#