000
CXUS54 KFWD 010831
CF6PWG
PRELIMINARY LOCAL CLIMATOLOGICAL DATA (WS FORM: F-6)
STATION: WACO MCGREGOR
MONTH: DECEMBER
YEAR: 2022
LATITUDE: 31 28 N
LONGITUDE: 97 19 W
TEMPERATURE IN F: :PCPN: SNOW: WIND :SUNSHINE: SKY :PK WND
================================================================================
1 2 3 4 5 6A 6B 7 8 9 10 11 12 13 14 15 16 17 18
12Z AVG MX 2MIN
DY MAX MIN AVG DEP HDD CDD WTR SNW DPTH SPD SPD DIR MIN PSBL S-S WX SPD DR
================================================================================
1 53 33 43 -8 22 0 T M M 7.2 12 150 M M 4 M M
2 70 49 60 10 5 0 0.01 M M 11.0 18 180 M M 8 1 26 210
3 65 51 58 8 7 0 0.00 M M 10.5 17 360 M M 9 30 360
4 57 50 54 4 11 0 T M M 4.7 9 340 M M 9 1 M M
5 79 55 67 18 0 2 0.00 M M 12.7 22 200 M M 4 1 30 190
6 77 65 71 22 0 6 0.00 M M 10.3 14 180 M M 2 18 190
7 80 68 74 25 0 9 0.00 M M 10.8 21 170 M M 1 27 170
8 82 70 76 28 0 11 0.00 M M 9.2 15 210 M M 1 M M
9 80 63 72 24 0 7 0.00 M M 5.9 15 180 M M 1 1 M M
10 77 61 69 21 0 4 0.31 M M 9.8 16 360 M M 2 23 10
11 63 55 59 11 6 0 0.10 M M 6.7 14 350 M M 4 1 M M
12 68 57 63 16 2 0 0.00 M M 11.5 21 140 M M 3 1 28 130
13 73 56 65 18 0 0 T M M 11.3 23 160 M M 2 3 32 150
14 63 39 51 4 14 0 0.01 M M 7.0 16 310 M M 2 23 290
15 58 30 44 -3 21 0 0.00 M M 3.7 7 360 M M 0 M M
16 45 35 40 -7 25 0 0.02 M M 7.0 18 10 M M 2 8 M M
17 53 31 42 -4 23 0 0.00 M M 5.6 14 350 M M 0 M M
18 56 24 40 -6 25 0 0.00 M M 5.8 13 110 M M 2 M M
19 50 42 46 0 19 0 0.03 M M 5.9 12 110 M M 9 1 M M
20 52 37 45 -1 20 0 0.00 M M 8.0 15 10 M M 6 1 M M
21 50 30 40 -6 25 0 0.00 M M 6.8 12 180 M M 1 1 M M
22 45 13 29 -17 36 0 T M M 16.4 28 330 M M 4 1 39 330
23 28 12 20 -26 45 0 0.00 M M 13.1 21 340 M M 0 31 360
24 38 18 28 -18 37 0 0.00 M M 3.7 7 50 M M 1 M M
25 53 19 36 -10 29 0 0.00 M M 4.9 13 180 M M 0 M M
26 62 26 44 -1 21 0 0.00 M M 7.1 14 340 M M 0 M M
27 56 24 40 -5 25 0 0.00 M M 7.5 14 170 M M 0 M M
28 74 36 55 10 10 0 0.00 M M 15.0 23 170 M M 0 32 190
29 78 55 67 22 0 2 0.00 M M 11.2 21 180 M M 0 32 180
30 66 42 54 9 11 0 T M M 4.9 8 320 M M 0 M M
31 78 43 61 16 4 0 0.00 M M 9.5 20 230 M M 0 35 230
================================================================================
SM 1929 1289 443 41 0.48 M 264.9 M 77
================================================================================
AV 62.2 41.6 8.5 FASTST M M 2 MAX(MPH)
MISC ----> 28 330 39 330
================================================================================
NOTES:
# LAST OF SEVERAL OCCURRENCES
COLUMN 17 PEAK WIND IN M.P.H.
PRELIMINARY LOCAL CLIMATOLOGICAL DATA (WS FORM: F-6) , PAGE 2
STATION: WACO MCGREGOR
MONTH: DECEMBER
YEAR: 2022
LATITUDE: 31 28 N
LONGITUDE: 97 19 W
[TEMPERATURE DATA] [PRECIPITATION DATA] SYMBOLS USED IN COLUMN 16
AVERAGE MONTHLY: 51.9 TOTAL FOR MONTH: 0.48 1 = FOG OR MIST
DPTR FM NORMAL: 4.8 DPTR FM NORMAL: -2.25 2 = FOG REDUCING VISIBILITY
HIGHEST: 82 ON 8 GRTST 24HR 0.41 ON 10-11 TO 1/4 MILE OR LESS
LOWEST: 12 ON 23 3 = THUNDER
SNOW, ICE PELLETS, HAIL 4 = ICE PELLETS
TOTAL MONTH: M 5 = HAIL
GRTST 24HR M ON M 6 = FREEZING RAIN OR DRIZZLE
GRTST DEPTH: M ON M 7 = DUSTSTORM OR SANDSTORM:
VSBY 1/2 MILE OR LESS
8 = SMOKE OR HAZE
[NO. OF DAYS WITH] [WEATHER - DAYS WITH] 9 = BLOWING SNOW
X = TORNADO
MAX 32 OR BELOW: 1 0.01 INCH OR MORE: 6
MAX 90 OR ABOVE: 0 0.10 INCH OR MORE: 2
MIN 32 OR BELOW: 10 0.50 INCH OR MORE: 0
MIN 0 OR BELOW: 0 1.00 INCH OR MORE: 0
[HDD (BASE 65) ]
TOTAL THIS MO. 443 CLEAR (SCALE 0-3) 22
DPTR FM NORMAL -115 PTCLDY (SCALE 4-7) 6
TOTAL FM JUL 1 810 CLOUDY (SCALE 8-10) 3
DPTR FM NORMAL -104
[CDD (BASE 65) ]
TOTAL THIS MO. 41
DPTR FM NORMAL 38 [PRESSURE DATA]
TOTAL FM JAN 1 3519 HIGHEST SLP 30.84 ON 23
DPTR FM NORMAL 1052 LOWEST SLP 29.67 ON 13
[REMARKS]
#FINAL-12-22#