000
CXUS54 KFWD 072138
CF6PWG
PRELIMINARY LOCAL CLIMATOLOGICAL DATA (WS FORM: F-6)
STATION: WACO MCGREGOR
MONTH: APRIL
YEAR: 2022
LATITUDE: 31 28 N
LONGITUDE: 97 19 W
TEMPERATURE IN F: :PCPN: SNOW: WIND :SUNSHINE: SKY :PK WND
================================================================================
1 2 3 4 5 6A 6B 7 8 9 10 11 12 13 14 15 16 17 18
12Z AVG MX 2MIN
DY MAX MIN AVG DEP HDD CDD WTR SNW DPTH SPD SPD DIR MIN PSBL S-S WX SPD DR
================================================================================
1 78 42 60 -1 5 0 0.00 M M 10.4 22 160 M M 0 30 160
2 80 52 66 5 0 1 T M M 8.0 17 340 M M 0 22 160
3 84 47 66 5 0 1 0.00 M M 10.5 21 160 M M 0 30 170
4 78 59 69 7 0 4 T M M 10.5 15 140 M M 1 M M
5 97 61 79 17 0 14 0.00 M M 9.6 20 160 M M 0 26 160
6 76 53 65 3 0 0 0.00 M M 14.6 21 350 M M 0 38 350
7 73 48 61 -1 4 0 0.00 M M 11.7 22 320 M M 0 37 350
8 73 43 58 -4 7 0 0.00 M M 10.3 18 320 M M 0 32 310
9 87 37 62 -1 3 0 0.00 M M 10.5 21 180 M M 0 32 180
10 87 61 74 11 0 9 0.00 M M 20.4 26 160 M M 0 41 160
11 86 68 77 14 0 12 0.00 M M 17.4 22 200 M M 0 32 160
12 87 63 75 11 0 10 0.83 M M 16.3 24 150 M M 0 13 35 260
13 86 54 70 6 0 5 0.00 M M 14.8 23 180 M M 0 31 180
14 78 46 62 -2 3 0 0.00 M M 8.1 15 120 M M 0 24 120
15 83 52 68 4 0 3 0.00 M M 10.8 20 170 M M 3 30 170
16 83 64 74 10 0 9 0.00 M M 9.4 15 180 M M 1 21 170
17 83 61 72 7 0 7 0.00 M M 5.6 14 360 M M 3 M M
18 75 55 65 0 0 0 0.00 M M 10.2 16 30 M M 2 24 30
19 76 52 64 -1 1 0 0.00 M M 13.9 23 140 M M 1 35 160
20 86 66 76 10 0 11 0.00 M M 18.4 24 170 M M 4 1 36 180
21 85 71 78 12 0 13 0.00 M M 14.0 21 140 M M 0 28 160
22 88 70 79 13 0 14 0.00 M M 18.0 24 160 M M 1 35 150
23 87 69 78 12 0 13 0.00 M M 18.3 22 160 M M 0 37 160
24 88 69 79 12 0 14 T M M 14.1 21 160 M M 0 26 150
25 72 58 65 -2 0 0 1.01 M M 8.4 14 320 M M 5 13 18 330
26 75 55 65 -2 0 0 0.00 M M 8.0 13 50 M M 2 17 50
27 79 54 67 0 0 2 0.00 M M 7.0 13 150 M M 3 M M
28 85 63 74 6 0 9 0.00 M M 13.6 20 160 M M 3 28 170
29 84 69 77 9 0 12 0.00 M M 14.4 22 190 M M 3 31 180
30 86 64 75 7 0 10 T M M 10.0 18 180 M M 3 30 180
================================================================================
SM 2465 1726 23 173 1.84 M 367.2 M 35
================================================================================
AV 82.2 57.5 12.2 FASTST M M 1 MAX(MPH)
MISC ----> 26 160 41 160
================================================================================
NOTES:
# LAST OF SEVERAL OCCURRENCES
COLUMN 17 PEAK WIND IN M.P.H.
PRELIMINARY LOCAL CLIMATOLOGICAL DATA (WS FORM: F-6) , PAGE 2
STATION: WACO MCGREGOR
MONTH: APRIL
YEAR: 2022
LATITUDE: 31 28 N
LONGITUDE: 97 19 W
[TEMPERATURE DATA] [PRECIPITATION DATA] SYMBOLS USED IN COLUMN 16
AVERAGE MONTHLY: 69.9 TOTAL FOR MONTH: 1.84 1 = FOG OR MIST
DPTR FM NORMAL: 5.4 DPTR FM NORMAL: -0.87 2 = FOG REDUCING VISIBILITY
HIGHEST: 97 ON 5 GRTST 24HR 1.01 ON 25-25 TO 1/4 MILE OR LESS
LOWEST: 37 ON 9 3 = THUNDER
SNOW, ICE PELLETS, HAIL 4 = ICE PELLETS
TOTAL MONTH: M 5 = HAIL
GRTST 24HR M ON M 6 = FREEZING RAIN OR DRIZZLE
GRTST DEPTH: M ON M 7 = DUSTSTORM OR SANDSTORM:
VSBY 1/2 MILE OR LESS
8 = SMOKE OR HAZE
[NO. OF DAYS WITH] [WEATHER - DAYS WITH] 9 = BLOWING SNOW
X = TORNADO
MAX 32 OR BELOW: 0 0.01 INCH OR MORE: 2
MAX 90 OR ABOVE: 1 0.10 INCH OR MORE: 2
MIN 32 OR BELOW: 0 0.50 INCH OR MORE: 2
MIN 0 OR BELOW: 0 1.00 INCH OR MORE: 1
[HDD (BASE 65) ]
TOTAL THIS MO. 23 CLEAR (SCALE 0-3) 27
DPTR FM NORMAL -75 PTCLDY (SCALE 4-7) 3
TOTAL FM JUL 1 1774 CLOUDY (SCALE 8-10) 0
DPTR FM NORMAL -558
[CDD (BASE 65) ]
TOTAL THIS MO. 173
DPTR FM NORMAL 92 [PRESSURE DATA]
TOTAL FM JAN 1 216 HIGHEST SLP 30.37 ON 26
DPTR FM NORMAL 105 LOWEST SLP 29.44 ON 5
[REMARKS]
#FINAL-04-22#