000
CXUS55 KPSR 011005
CF6SDL
PRELIMINARY LOCAL CLIMATOLOGICAL DATA (WS FORM: F-6)
STATION: SCOTTSDALE AZ
MONTH: JANUARY
YEAR: 2022
LATITUDE: 33 37 N
LONGITUDE: 111 54 W
TEMPERATURE IN F: :PCPN: SNOW: WIND :SUNSHINE: SKY :PK WND
================================================================================
1 2 3 4 5 6A 6B 7 8 9 10 11 12 13 14 15 16 17 18
12Z AVG MX 2MIN
DY MAX MIN AVG DEP HDD CDD WTR SNW DPTH SPD SPD DIR MIN PSBL S-S WX SPD DR
================================================================================
1 54 39 47 -7 18 0 0.05 M M 9.0 21 230 M M 2 1 35 240
2 59 33 46 -8 19 0 0.00 M M 1.8 7 40 M M 0 11 360
3 65 36 51 -3 14 0 0.00 M M 1.7 6 220 M M 0 10 230
4 65 38 52 -2 13 0 0.00 0.0 M 1.6 6 320 M M 0 8 160
5 66 38 52 -2 13 0 0.00 0.0 M 1.9 6 310 M M 0 10 240
6 68 39 54 0 11 0 0.00 M M 0.8 7 210 M M 0 11 270
7 69 43 56 2 9 0 0.00 M M 2.0 7 200 M M 0 11 140
8 66 46 56 2 9 0 0.00 0.0 M 1.8 9 230 M M 0 13 260
9 73 42 58 4 7 0 0.00 M M 4.3 17 40 M M 0 25 50
10 73 53 63 8 2 0 0.00 M M 7.7 20 80 M M 0 29 80
11 71 49 60 5 5 0 0.00 M M 3.8 14 30 M M 0 19 40
12 70 41 56 1 9 0 0.00 M M 1.1 7 310 M M 0 9 300
13 71 40 56 1 9 0 0.00 M M 1.5 8 270 M M 0 10 270
14 70 50 60 5 5 0 0.00 M M 1.8 10 10 M M 3 14 10
15 71 52 62 7 3 0 0.00 M M 5.6 21 60 M M 0 25 60
16 72 42 57 2 8 0 0.00 M M 1.2 6 30 M M 0 10 220
17 70 46 58 3 7 0 0.00 M M 2.4 8 150 M M 0 12 190
18 69 50 60 5 5 0 T M M 1.2 8 350 M M 6 14 220
19 68 49 59 4 6 0 0.00 M M 2.0 8 230 M M 3 11 230
20 72 45 59 4 6 0 0.00 M M 1.7 9 260 M M 0 18 70
21 69 43 56 1 9 0 0.00 M M 1.9 14 40 M M 0 18 40
22 68 50 59 3 6 0 0.08 M M 7.7 22 150 M M 5 13 35 150
23 70 50 60 4 5 0 0.00 M M 3.5 14 30 M M 0 18 40
24 67 43 55 -1 10 0 0.00 M M 1.6 7 230 M M 0 12 250
25 67 43 55 -1 10 0 0.00 M M 2.5 13 220 M M 0 18 230
26 68 40 54 -2 11 0 0.00 M M 1.9 12 70 M M 0 17 70
27 67 39 53 -3 12 0 0.00 M M 3.8 14 10 M M 0 25 10
28 70 51 61 5 4 0 0.00 M M 9.3 25 40 M M 0 36 30
29 71 45 58 2 7 0 0.00 M M 4.7 20 90 M M 1 28 100
30 71 53 62 6 3 0 0.00 M M 3.8 16 60 M M 2 19 60
31 68 44 56 0 9 0 0.00 M M 1.2 7 230 M M 0 11 240
================================================================================
SM 2118 1372 264 0 0.13 0.0 96.8 M 22
================================================================================
AV 68.3 44.3 3.1 FASTST M M 1 MAX(MPH)
MISC ----> 25 40 36 30
================================================================================
NOTES:
# LAST OF SEVERAL OCCURRENCES
COLUMN 17 PEAK WIND IN M.P.H.
PRELIMINARY LOCAL CLIMATOLOGICAL DATA (WS FORM: F-6) , PAGE 2
STATION: SCOTTSDALE AZ
MONTH: JANUARY
YEAR: 2022
LATITUDE: 33 37 N
LONGITUDE: 111 54 W
[TEMPERATURE DATA] [PRECIPITATION DATA] SYMBOLS USED IN COLUMN 16
AVERAGE MONTHLY: 56.3 TOTAL FOR MONTH: 0.13 1 = FOG OR MIST
DPTR FM NORMAL: 1.4 DPTR FM NORMAL: -0.98 2 = FOG REDUCING VISIBILITY
HIGHEST: 73 ON 10, 9 GRTST 24HR 0.10 ON 31- 1 TO 1/4 MILE OR LESS
LOWEST: 33 ON 2 3 = THUNDER
SNOW, ICE PELLETS, HAIL 4 = ICE PELLETS
TOTAL MONTH: 0.0 INCH 5 = HAIL
GRTST 24HR 0.0 6 = FREEZING RAIN OR DRIZZLE
GRTST DEPTH: M ON M 7 = DUSTSTORM OR SANDSTORM:
VSBY 1/2 MILE OR LESS
8 = SMOKE OR HAZE
[NO. OF DAYS WITH] [WEATHER - DAYS WITH] 9 = BLOWING SNOW
X = TORNADO
MAX 32 OR BELOW: 0 0.01 INCH OR MORE: 2
MAX 90 OR ABOVE: 0 0.10 INCH OR MORE: 0
MIN 32 OR BELOW: 0 0.50 INCH OR MORE: 0
MIN 0 OR BELOW: 0 1.00 INCH OR MORE: 0
[HDD (BASE 65) ]
TOTAL THIS MO. 264 CLEAR (SCALE 0-3) 28
DPTR FM NORMAL -48 PTCLDY (SCALE 4-7) 3
TOTAL FM JUL 1 515 CLOUDY (SCALE 8-10) 0
DPTR FM NORMAL -285
[CDD (BASE 65) ]
TOTAL THIS MO. 0
DPTR FM NORMAL -1 [PRESSURE DATA]
TOTAL FM JAN 1 0 HIGHEST SLP 30.38 ON 10
DPTR FM NORMAL -1 LOWEST SLP 29.66 ON 1
[REMARKS]
#FINAL-01-22#