000
CXUS55 KREV 041538 CCA
CF6TVL
PRELIMINARY LOCAL CLIMATOLOGICAL DATA (WS FORM: F-6)
STATION: SOUTH LAKE TAHOE CA
MONTH: APRIL
YEAR: 2020
LATITUDE: 38 53 N
LONGITUDE: 119 60 W
TEMPERATURE IN F: :PCPN: SNOW: WIND :SUNSHINE: SKY :PK WND
================================================================================
1 2 3 4 5 6A 6B 7 8 9 10 11 12 13 14 15 16 17 18
12Z AVG MX 2MIN
DY MAX MIN AVG DEP HDD CDD WTR SNW DPTH SPD SPD DIR MIN PSBL S-S WX SPD DR
================================================================================
1 48 26 37 -1 28 0 0.00 M M 8.8 26 190 M M 0 39 190
2 46 18 32 -6 33 0 0.00 M M 3.3 12 30 M M 0 17 30
3 48 22 35 -3 30 0 0.00 M M 5.8 18 180 M M 1 26 190
4 43 26 35 -3 30 0 0.01 M M 10.7 22 190 M M 5 18 33 180
5 36 28 32 -6 33 0 0.77 M M 8.1 28 180 M M 9 12 36 190
6 41 17 29 -9 36 0 0.17 M M 2.7 14 180 M M 7 12 16 180
7 44 30 37 -2 28 0 0.03 M M 3.4 13 20 M M 8 1 18 50
8 53 34 44 5 21 0 0.00 M M 5.8 20 30 M M 6 29 360
9 46 33 40 1 25 0 0.19 M M 4.1 14 40 M M 10 1 19 10
10 52 28 40 1 25 0 T M M 3.1 10 30 M M 3 12 15 30
11 60 28 44 5 21 0 0.00 M M 3.5 14 200 M M 0 20 190
12 53 31 42 2 23 0 0.00 M M 3.3 13 30 M M 5 3 21 30
13 51 27 39 -1 26 0 0.00 M M 3.8 12 40 M M 0 16 10
14 55 24 40 0 25 0 0.00 M M 4.3 12 40 M M 0 16 30
15 62 27 45 5 20 0 0.00 M M 4.8 17 190 M M 0 25 190
16 57 27 42 2 23 0 0.00 M M 4.6 13 110 M M 1 21 130
17 53 30 42 2 23 0 0.29 M M 3.2 14 190 M M 8 1 18 210
18 54 33 44 3 21 0 0.00 M M 2.4 14 200 M M 5 1 22 210
19 52 29 41 0 24 0 0.00 M M 4.1 18 190 M M 1 32 190
20 51 25 38 -3 27 0 0.00 M M 4.7 17 180 M M 6 20 190
21 61 27 44 3 21 0 0.00 M M 3.2 12 30 M M 0 17 30
22 63 30 47 5 18 0 0.00 M M 3.5 14 190 M M 2 23 170
23 64 32 48 6 17 0 0.00 M M 4.5 15 30 M M 0 21 30
24 69 31 50 8 15 0 0.00 M M 4.4 15 200 M M 0 24 210
25 69 32 51 9 14 0 0.00 M M 4.5 17 190 M M 0 27 200
26 67 31 49 6 16 0 0.00 M M 4.1 17 190 M M 0 25 190
27 70 30 50 7 15 0 0.00 M M 3.5 10 200 M M 0 18 40
28 75 34 55 12 10 0 0.00 M M 3.1 10 20 M M 0 14 30
29 74 38 56 12 9 0 0.00 M M 6.4 22 170 M M 0 29 190
30 64 43 54 10 11 0 0.00 M M 9.2 22 190 M M 0 36 200
================================================================================
SM 1681 871 668 0 1.46 M 140.9 M 77
================================================================================
AV 56.0 29.0 4.7 FASTST M M 3 MAX(MPH)
MISC ----> 28 180 39 190
================================================================================
NOTES:
# LAST OF SEVERAL OCCURRENCES
COLUMN 17 PEAK WIND IN M.P.H.
PRELIMINARY LOCAL CLIMATOLOGICAL DATA (WS FORM: F-6) , PAGE 2
STATION: SOUTH LAKE TAHOE CA
MONTH: APRIL
YEAR: 2020
LATITUDE: 38 53 N
LONGITUDE: 119 60 W
[TEMPERATURE DATA] [PRECIPITATION DATA] SYMBOLS USED IN COLUMN 16
AVERAGE MONTHLY: 42.5 TOTAL FOR MONTH: 1.46 1 = FOG OR MIST
DPTR FM NORMAL: 2.1 DPTR FM NORMAL: 0.42 2 = FOG REDUCING VISIBILITY
HIGHEST: 75 ON 28 GRTST 24HR 0.79 ON 5- 6 TO 1/4 MILE OR LESS
LOWEST: 17 ON 6 3 = THUNDER
SNOW, ICE PELLETS, HAIL 4 = ICE PELLETS
TOTAL MONTH: M 5 = HAIL
GRTST 24HR M ON M 6 = FREEZING RAIN OR DRIZZLE
GRTST DEPTH: M ON M 7 = DUSTSTORM OR SANDSTORM:
VSBY 1/2 MILE OR LESS
8 = SMOKE OR HAZE
[NO. OF DAYS WITH] [WEATHER - DAYS WITH] 9 = BLOWING SNOW
X = TORNADO
MAX 32 OR BELOW: 0 0.01 INCH OR MORE: 6
MAX 90 OR ABOVE: 0 0.10 INCH OR MORE: 4
MIN 32 OR BELOW: 24 0.50 INCH OR MORE: 1
MIN 0 OR BELOW: 0 1.00 INCH OR MORE: 0
[HDD (BASE 65) ]
TOTAL THIS MO. 668 CLEAR (SCALE 0-3) 19
DPTR FM NORMAL -70 PTCLDY (SCALE 4-7) 9
TOTAL FM JUL 1 6666 CLOUDY (SCALE 8-10) 2
DPTR FM NORMAL -224
[CDD (BASE 65) ]
TOTAL THIS MO. 0
DPTR FM NORMAL 0 [PRESSURE DATA]
TOTAL FM JAN 1 0 HIGHEST SLP M ON M
DPTR FM NORMAL 0 LOWEST SLP 29.53 ON 5
[REMARKS]
THE AVERAGE TEMPERATURE FOR APRIL 2020 AT THE SOUTH LAKE TAHOE
AIRPORT WAS 42.5 DEGREES WHICH IS 2.1 DEGREES ABOVE NORMAL. THE
HIGHEST TEMPERATURE FOR APRIL WAS 75 DEGREES WHICH OCCURRED ON THE
28TH. THE LOWEST TEMPERATURE FOR THE MONTH WAS 17 DEGREES WHICH
OCCURRED ON THE 6TH.
FOR APRIL 2020, 1.46 INCHES OF PRECIPITATION WAS RECORDED AT THE
SOUTH LAKE TAHOE AIRPORT. THIS IS 0.42 INCHES ABOVE NORMAL.
THE AVERAGE WIND SPEED FOR APRIL 2020 WAS 4.7 MPH. THE PEAK WIND
GUST FOR THE MONTH WAS 39 MPH FROM THE SOUTH ON THE 1ST.
#FINAL-04-20#