000
CXUS53 KUNR 071513
CF6UNR
PRELIMINARY LOCAL CLIMATOLOGICAL DATA (WS FORM: F-6)
STATION: EAST RAPID CITY SD
MONTH: JUNE
YEAR: 2022
LATITUDE: 44 4 N
LONGITUDE: 103 13 W
TEMPERATURE IN F: :PCPN: SNOW: WIND :SUNSHINE: SKY :PK WND
================================================================================
1 2 3 4 5 6A 6B 7 8 9 10 11 12 13 14 15 16 17 18
12Z AVG MX 2MIN
DY MAX MIN AVG DEP HDD CDD WTR SNW DPTH SPD SPD DIR MIN PSBL S-S WX SPD DR
================================================================================
1 66 46 56 -5 9 0 0.00 0.0 0 5.1 13 30 M M M 20 30
2 70 49 60 -1 5 0 0.00 0.0 0 6.1 15 350 M M M 21 350
3 67 50 59 -2 6 0 0.01 0.0 0 6.4 18 140 M M M 24 140
4 72 49 61 -1 4 0 0.32 0.0 0 4.1 15 130 M M M 3 17 140
5 71 56 64 2 1 0 0.33 0.0 0 3.5 18 10 M M M 25 10
6 66 52 59 -3 6 0 0.69 0.0 0 6.8 22 30 M M M 35 30 330
7 67 47 57 -6 8 0 0.20 0.0 0 4.6 23 340 M M M 35 33 330
8 67 50 59 -4 6 0 0.00 0.0 0 6.8 16 30 M M M 23 360
9 74 58 66 3 0 1 0.01 0.0 0 4.8 16 20 M M M 3 21 20
10 85 57 71 7 0 6 0.00 0.0 0 5.5 18 140 M M M 24 140
11 84 61 73 9 0 8 0.42 0.0 0 8.8 25 10 M M M 35 38 360
12 81 59 70 6 0 5 0.00 0.0 0 7.3 24 330 M M M 32 330
13 81 57 69 4 0 4 0.14 0.0 0 8.7 29 320 M M M 13 40 320
14 73 49 61 -4 4 0 0.22 0.0 0 6.8 25 320 M M M 3 35 330
15 78 47 63 -2 2 0 0.00 0.0 0 7.1 24 300 M M M 33 300
16 81 54 68 2 0 3 0.00 0.0 0 5.6 14 140 M M M 22 140
17 91 58 75 9 0 10 0.00 0.0 0 7.9 25 140 M M M 37 150
18 98 63 81 15 0 16 T 0.0 0 7.5 20 150 M M M 28 170
19 94 66 80 13 0 15 0.23 0.0 0 5.3 17 10 M M M 3 23 360
20 74 55 65 -2 0 0 0.85 0.0 0 8.5 18 310 M M M 3 29 320
21 75 54 65 -2 0 0 0.00 0.0 0 7.2 21 20 M M M 31 340
22 90 57 74 6 0 9 0.00 0.0 0 6.2 20 150 M M M 32 160
23 88 60 74 6 0 9 0.00 0.0 0 6.0 16 10 M M M 21 10
24 83 55 69 1 0 4 0.06 0.0 0 10.1 34 330 M M M 48 330
25 67 50 59 -9 6 0 0.06 0.0 0 12.5 29 330 M M M 43 330
26 75 51 63 -6 2 0 0.00 0.0 0 4.4 13 10 M M M 16 20
27 84 49 67 -2 0 2 0.00 0.0 0 6.6 18 360 M M M 25 360
28 92 61 77 7 0 12 0.00 0.0 0 7.7 21 140 M M M 29 140
29 101 70 86 16 0 21 0.06 0.0 0 6.5 26 10 M M M 3 40 10
30 79 65 72 2 0 7 0.00 0.0 0 9.2 17 20 M M M 24 10
================================================================================
SM 2374 1655 59 132 3.60 0.0 203.6 M M
================================================================================
AV 79.1 55.2 6.8 FASTST M M M MAX(MPH)
MISC ----> 34 330 48 330
================================================================================
NOTES:
# LAST OF SEVERAL OCCURRENCES
COLUMN 17 PEAK WIND IN M.P.H.
PRELIMINARY LOCAL CLIMATOLOGICAL DATA (WS FORM: F-6) , PAGE 2
STATION: EAST RAPID CITY SD
MONTH: JUNE
YEAR: 2022
LATITUDE: 44 4 N
LONGITUDE: 103 13 W
[TEMPERATURE DATA] [PRECIPITATION DATA] SYMBOLS USED IN COLUMN 16
AVERAGE MONTHLY: 67.2 TOTAL FOR MONTH: 3.60 1 = FOG OR MIST
DPTR FM NORMAL: 1.8 DPTR FM NORMAL: 0.27 2 = FOG REDUCING VISIBILITY
HIGHEST: 101 ON 29 GRTST 24HR 0.85 ON 20-20 TO 1/4 MILE OR LESS
LOWEST: 46 ON 1 3 = THUNDER
SNOW, ICE PELLETS, HAIL 4 = ICE PELLETS
TOTAL MONTH: 0.0 INCH 5 = HAIL
GRTST 24HR 0.0 6 = FREEZING RAIN OR DRIZZLE
GRTST DEPTH: 0 7 = DUSTSTORM OR SANDSTORM:
VSBY 1/2 MILE OR LESS
8 = SMOKE OR HAZE
[NO. OF DAYS WITH] [WEATHER - DAYS WITH] 9 = BLOWING SNOW
X = TORNADO
MAX 32 OR BELOW: 0 0.01 INCH OR MORE: 14
MAX 90 OR ABOVE: 6 0.10 INCH OR MORE: 9
MIN 32 OR BELOW: 0 0.50 INCH OR MORE: 2
MIN 0 OR BELOW: 0 1.00 INCH OR MORE: 0
[HDD (BASE 65) ]
TOTAL THIS MO. 59 CLEAR (SCALE 0-3) 0
DPTR FM NORMAL -25 PTCLDY (SCALE 4-7) 0
TOTAL FM JUL 1 6287 CLOUDY (SCALE 8-10) 30
DPTR FM NORMAL -559
[CDD (BASE 65) ]
TOTAL THIS MO. 132
DPTR FM NORMAL 36 [PRESSURE DATA]
TOTAL FM JAN 1 147 HIGHEST SLP M ON M
DPTR FM NORMAL 34 LOWEST SLP 29.22 ON 13
[REMARKS]
#FINAL-06-22#