000
CXUS52 KFFC 011010
CF6VPC
PRELIMINARY LOCAL CLIMATOLOGICAL DATA (WS FORM: F-6)
STATION: CARTERSVILLE
MONTH: AUGUST
YEAR: 2020
LATITUDE: 34 7 N
LONGITUDE: 84 51 W
TEMPERATURE IN F: :PCPN: SNOW: WIND :SUNSHINE: SKY :PK WND
================================================================================
1 2 3 4 5 6A 6B 7 8 9 10 11 12 13 14 15 16 17 18
12Z AVG MX 2MIN
DY MAX MIN AVG DEP HDD CDD WTR SNW DPTH SPD SPD DIR MIN PSBL S-S WX SPD DR
================================================================================
1 93 70 82 3 0 17 0.00 0.0 M 4.3 16 180 M M 2 21 170
2 93 70 82 3 0 17 0.00 M M 1.4 12 210 M M 3 16 180
3 87 71 79 0 0 14 0.27 M M 3.1 17 160 M M 4 13 23 130
4 93 69 81 2 0 16 0.02 M M 1.8 13 170 M M 4 17 180
5 93 68 81 2 0 16 0.00 M M 1.7 9 180 M M 2 13 12 340
6 95 72 84 5 0 19 0.00 M M 3.4 12 30 M M 4 3 16 150
7 95 69 82 3 0 17 0.00 M M 2.3 16 170 M M 4 3 24 160
8 96 67 82 3 0 17 0.11 M M 1.6 13 210 M M 2 13 18 200
9 94 69 82 3 0 17 0.73 M M 0.9 21 100 M M 1 13 30 50
10 93 72 83 4 0 18 0.54 M M 1.8 31 170 M M 2 138 45 180
11 94 71 83 4 0 18 0.56 M M 1.7 10 360 M M 2 13 14 20
12 94 73 84 5 0 19 0.00 M M 0.5 9 190 M M 1 13 13 170
13 95 71 83 4 0 18 0.01 M M 0.6 9 170 M M 1 13 14 170
14 89 72 81 2 0 16 0.02 M M 2.2 9 150 M M 6 13 16 190
15 88 74 81 2 0 16 0.60 M M 1.4 20 360 M M 6 13 25 360
16 92 70 81 2 0 16 0.00 M M 2.4 12 360 M M 0 1 16 350
17 91 66 79 0 0 14 0.00 M M 2.6 12 350 M M 2 1 16 350
18 91 63 77 -1 0 12 0.00 M M 1.1 9 30 M M 1 12 30
19 92 68 80 2 0 15 0.23 M M 3.2 16 10 M M 2 13 21 360
20 88 67 78 0 0 13 0.31 M M 3.5 14 170 M M 4 13 20 160
21 82 69 76 -2 0 11 0.23 M M 2.1 9 40 M M 6 13 14 250
22 87 68 78 0 0 13 0.04 M M 3.2 13 170 M M 4 13 18 160
23 89 70 80 2 0 15 0.00 M M 2.2 10 170 M M 4 1 15 70
24 88 71 80 2 0 15 0.08 M M 2.3 13 150 M M 5 1 18 160
25 77 73 75 -3 0 10 1.06 M M 1.8 7 120 M M 9 1 9 70
26 90 74 82 5 0 17 0.00 M M 1.4 10 360 M M 6 138 14 350
27 93 72 83 6 0 18 0.00 M M 3.4 10 130 M M 1 1 14 160
28 87 75 81 4 0 16 0.57 M M 4.2 13 180 M M 6 1238 18 170
29 91 76 84 7 0 19 T M M 3.2 9 340 M M 6 16 220
30 93 73 83 6 0 18 0.11 M M 1.8 13 150 M M 4 138 18 140
31 91 73 82 5 0 17 T M M 0.7 7 360 M M 6 1 12 10
================================================================================
SM 2814 2186 0 494 5.49 0.0 67.8 M 110
================================================================================
AV 90.8 70.5 2.2 FASTST M M 4 MAX(MPH)
MISC ----> 31 170 45 180
================================================================================
NOTES:
# LAST OF SEVERAL OCCURRENCES
COLUMN 17 PEAK WIND IN M.P.H.
PRELIMINARY LOCAL CLIMATOLOGICAL DATA (WS FORM: F-6) , PAGE 2
STATION: CARTERSVILLE
MONTH: AUGUST
YEAR: 2020
LATITUDE: 34 7 N
LONGITUDE: 84 51 W
[TEMPERATURE DATA] [PRECIPITATION DATA] SYMBOLS USED IN COLUMN 16
AVERAGE MONTHLY: 80.6 TOTAL FOR MONTH: 5.49 1 = FOG OR MIST
DPTR FM NORMAL: 2.3 DPTR FM NORMAL: 1.56 2 = FOG REDUCING VISIBILITY
HIGHEST: 96 ON 8 GRTST 24HR 1.23 ON 9-10 TO 1/4 MILE OR LESS
LOWEST: 63 ON 18 3 = THUNDER
SNOW, ICE PELLETS, HAIL 4 = ICE PELLETS
TOTAL MONTH: 0.0 INCH 5 = HAIL
GRTST 24HR 0.0 6 = FREEZING RAIN OR DRIZZLE
GRTST DEPTH: M ON M 7 = DUSTSTORM OR SANDSTORM:
VSBY 1/2 MILE OR LESS
8 = SMOKE OR HAZE
[NO. OF DAYS WITH] [WEATHER - DAYS WITH] 9 = BLOWING SNOW
X = TORNADO
MAX 32 OR BELOW: 0 0.01 INCH OR MORE: 17
MAX 90 OR ABOVE: 21 0.10 INCH OR MORE: 12
MIN 32 OR BELOW: 0 0.50 INCH OR MORE: 6
MIN 0 OR BELOW: 0 1.00 INCH OR MORE: 1
[HDD (BASE 65) ]
TOTAL THIS MO. 0 CLEAR (SCALE 0-3) 14
DPTR FM NORMAL 0 PTCLDY (SCALE 4-7) 16
TOTAL FM JUL 1 0 CLOUDY (SCALE 8-10) 1
DPTR FM NORMAL 0
[CDD (BASE 65) ]
TOTAL THIS MO. 494
DPTR FM NORMAL 85 [PRESSURE DATA]
TOTAL FM JAN 1 1575 HIGHEST SLP 30.16 ON 24
DPTR FM NORMAL 310 LOWEST SLP 29.74 ON 30
[REMARKS]
#FINAL-08-20#