000
CXUS54 KSJT 201210
CF6JCT
PRELIMINARY LOCAL CLIMATOLOGICAL DATA (WS FORM: F-6)

                                          STATION:   JUNCTION
                                          MONTH:     NOVEMBER
                                          YEAR:      2017
                                          LATITUDE:   30 18 N
                                          LONGITUDE:  99 28 W

  TEMPERATURE IN F:       :PCPN:    SNOW:  WIND      :SUNSHINE: SKY     :PK WND
================================================================================
1   2   3   4   5  6A  6B    7    8   9   10  11  12  13   14  15   16   17  18
                                     12Z  AVG MX 2MIN
DY MAX MIN AVG DEP HDD CDD  WTR  SNW DPTH SPD SPD DIR MIN PSBL S-S WX    SPD DR
================================================================================

 1  87  42  65   4   0   0 0.00  0.0    0  7.4 17 240   M    M   3 1      25 230
 2  92  50  71  11   0   6 0.00  0.0    0  4.6 14 250   M    M   0 18     21 260
 3  86  56  71  11   0   6 0.00  0.0    0  3.2 10 200   M    M   3 18     15 160
 4  87  60  74  14   0   9 0.00  0.0    0  4.7 16 210   M    M   4 18     22 200
 5  87  60  74  15   0   9 0.00  0.0    0  4.6 14 210   M    M   2 18     19 190
 6  90  56  73  14   0   8 0.00  0.0    0  2.9 12 170   M    M   3 12     15 170
 7  82  56  69  10   0   4 0.00  0.0    0  7.2 18  20   M    M   3 18     24  20
 8  56  41  49  -9  16   0 0.25    M    0  8.1 17  30   M    M  10 1      21  40
 9  56  43  50  -8  15   0 0.00  0.0    0  3.8  9 130   M    M   7        14 130
10  61  47  54  -4  11   0 0.00  0.0    0  6.7 14 150   M    M  10 1      17 150
11  72  56  64   7   1   0 0.00  0.0    0  6.8 20 200   M    M  10        28 210
12  75  64  70  13   0   5    T  0.0    0  4.4 12  20   M    M  10        13  20
13  72  61  67  11   0   2 0.16  0.0    0  3.0 10  10   M    M   9 1      13  20
14  73  64  69  13   0   4 0.00  0.0    0  6.5 17 200   M    M   9 1      24 220
15  81  60  71  15   0   6 0.00  0.0    0  5.8 16  10   M    M   7        21 210
16  80  58  69  14   0   4 0.00  0.0    0  3.3 15 170   M    M   5 18     20 190
17  83  54  69  14   0   4 0.00  0.0    0  7.1 17 190   M    M   2 1      25 200
18  77  47  62   7   3   0 0.00  0.0    0 11.0 30 360   M    M   1        39 360
19  61  31  46  -8  19   0 0.00  0.0    0  3.3 12 100   M    M   0        16  80
================================================================================
SM 1458 1006        65  67  0.41     0.0 104.4          M       98
================================================================================
AV 76.7 53.0                               5.5 FASTST   M    M   5    MAX(MPH)
                                 MISC ---->  # 30 360               # 39  360
================================================================================
NOTES:
# LAST OF SEVERAL OCCURRENCES

COLUMN 17 PEAK WIND IN M.P.H.

PRELIMINARY LOCAL CLIMATOLOGICAL DATA (WS FORM: F-6) , PAGE 2

                                          STATION:  JUNCTION
                                          MONTH:    NOVEMBER
                                          YEAR:     2017
                                          LATITUDE:   30 18 N
                                          LONGITUDE:  99 28 W

[TEMPERATURE DATA]      [PRECIPITATION DATA]       SYMBOLS USED IN COLUMN 16

AVERAGE MONTHLY: 64.8   TOTAL FOR MONTH:   0.41    1 = FOG OR MIST
DPTR FM NORMAL:   7.3   DPTR FM NORMAL:   -1.01    2 = FOG REDUCING VISIBILITY
HIGHEST:    92 ON  2    GRTST 24HR  0.25 ON  8- 8      TO 1/4 MILE OR LESS
LOWEST:     31 ON 19                               3 = THUNDER
                        SNOW, ICE PELLETS, HAIL    4 = ICE PELLETS
                        TOTAL MONTH:   0.0 INCH    5 = HAIL
                        GRTST 24HR     0.0         6 = FREEZING RAIN OR DRIZZLE
                        GRTST DEPTH:   0           7 = DUSTSTORM OR SANDSTORM:
                                                       VSBY 1/2 MILE OR LESS
                                                   8 = SMOKE OR HAZE
[NO. OF DAYS WITH]      [WEATHER - DAYS WITH]      9 = BLOWING SNOW
                                                   X = TORNADO
MAX 32 OR BELOW:   0    0.01 INCH OR MORE:   2
MAX 90 OR ABOVE:   2    0.10 INCH OR MORE:   2
MIN 32 OR BELOW:   1    0.50 INCH OR MORE:   0
MIN  0 OR BELOW:   0    1.00 INCH OR MORE:   0

[HDD (BASE 65) ]
TOTAL THIS MO.    65    CLEAR  (SCALE 0-3)   9
DPTR FM NORMAL   -89    PTCLDY (SCALE 4-7)   4
TOTAL FM JUL 1   168    CLOUDY (SCALE 8-10)  6
DPTR FM NORMAL   -71

[CDD (BASE 65) ]
TOTAL THIS MO.    67
DPTR FM NORMAL    57    [PRESSURE DATA]
TOTAL FM JAN 1  2822    HIGHEST SLP M ON M
DPTR FM NORMAL   424    LOWEST  SLP 29.64 ON  1

[REMARKS]
