000
CXUS54 KSJT 221222
CF6JCT
PRELIMINARY LOCAL CLIMATOLOGICAL DATA (WS FORM: F-6)

                                          STATION:   JUNCTION
                                          MONTH:     MARCH
                                          YEAR:      2017
                                          LATITUDE:   30 18 N
                                          LONGITUDE:  99 28 W

  TEMPERATURE IN F:       :PCPN:    SNOW:  WIND      :SUNSHINE: SKY     :PK WND
================================================================================
1   2   3   4   5  6A  6B    7    8   9   10  11  12  13   14  15   16   17  18
                                     12Z  AVG MX 2MIN
DY MAX MIN AVG DEP HDD CDD  WTR  SNW DPTH SPD SPD DIR MIN PSBL S-S WX    SPD DR
================================================================================

 1  67  43  55   1  10   0 0.00  0.0    0  8.8 22  10   M    M   0 18     29  30
 2  64  33  49  -5  16   0 0.00  0.0    0  3.8 16  80   M    M   0        22  80
 3  65  30  48  -7  17   0 0.00  0.0    0  7.4 21 130   M    M   4        27 170
 4  60  53  57   2   8   0 0.18  0.0    0  7.0 14 160   M    M  10 1      19 150
 5  70  54  62   7   3   0 0.01  0.0    0  4.8 15 180   M    M   9 1      20 190
 6  78  55  67  12   0   2 0.00  0.0    0 10.2 29 190   M    M   4        38 180
 7  72  55  64   8   1   0 0.00  0.0    0  7.6 24  10   M    M   5 8      31  10
 8  74  56  65   9   0   0 0.00  0.0    0  7.7 15 160   M    M  10        20 180
 9  78  64  71  15   0   6 0.00  0.0    0  7.3 16 190   M    M   7        22 180
10  80  60  70  13   0   5 0.03  0.0    0  4.9 17 160   M    M   4 3      22 170
11  77  55  66   9   0   1 0.02  0.0    0  5.7 25  10   M    M   7 1      29  20
12  56  47  52  -5  13   0    T  0.0    0  7.0 21  30   M    M   9 1      26  30
13  70  45  58   0   7   0 0.04  0.0    0  6.0 23  30   M    M   6 1      28  20
14  73  38  56  -2   9   0 0.00  0.0    0  6.6 18 210   M    M   1        25 190
15  72  44  58   0   7   0 0.00  0.0    0  6.1 16 150   M    M   6        22 140
16  76  61  69  11   0   4 0.00  0.0    0  8.8 21 170   M    M   6        26 170
17  85  63  74  15   0   9 0.00  0.0    0 10.5 18 200   M    M   4        25 190
18  81  61  71  12   0   6 0.00  0.0    0  6.4 15 150   M    M   5        21 150
19  86  61  74  15   0   9 0.00  0.0    0  8.4 16 190   M    M   3        24 220
20  85  57  71  11   0   6 0.00  0.0    0  7.7 20 190   M    M   0        25 180
21  89  52  71  11   0   6 0.00  0.0    0  5.0 18 140   M    M   0        23 140
================================================================================
SM 1558 1087        91  54  0.28     0.0 147.7          M      100
================================================================================
AV 74.2 51.8                               7.0 FASTST   M    M   5    MAX(MPH)
                                 MISC ---->  # 29 190               # 38  180
================================================================================
NOTES:
# LAST OF SEVERAL OCCURRENCES

COLUMN 17 PEAK WIND IN M.P.H.

PRELIMINARY LOCAL CLIMATOLOGICAL DATA (WS FORM: F-6) , PAGE 2

                                          STATION:  JUNCTION
                                          MONTH:    MARCH
                                          YEAR:     2017
                                          LATITUDE:   30 18 N
                                          LONGITUDE:  99 28 W

[TEMPERATURE DATA]      [PRECIPITATION DATA]       SYMBOLS USED IN COLUMN 16

AVERAGE MONTHLY: 63.0   TOTAL FOR MONTH:      M    1 = FOG OR MIST
DPTR FM NORMAL:     M   DPTR FM NORMAL:       M    2 = FOG REDUCING VISIBILITY
HIGHEST:     M ON M     GRTST 24HR    M  ON   M        TO 1/4 MILE OR LESS
LOWEST:      M ON M                                3 = THUNDER
                        SNOW, ICE PELLETS, HAIL    4 = ICE PELLETS
                        TOTAL MONTH:    M          5 = HAIL
                        GRTST 24HR    M  ON   M    6 = FREEZING RAIN OR DRIZZLE
                        GRTST DEPTH:  M  ON   M    7 = DUSTSTORM OR SANDSTORM:
                                                       VSBY 1/2 MILE OR LESS
                                                   8 = SMOKE OR HAZE
[NO. OF DAYS WITH]      [WEATHER - DAYS WITH]      9 = BLOWING SNOW
                                                   X = TORNADO
MAX 32 OR BELOW:   M    0.01 INCH OR MORE:   M
MAX 90 OR ABOVE:   M    0.10 INCH OR MORE:   M
MIN 32 OR BELOW:   M    0.50 INCH OR MORE:   M
MIN  0 OR BELOW:   M    1.00 INCH OR MORE:   M

[HDD (BASE 65) ]
TOTAL THIS MO.    91    CLEAR  (SCALE 0-3)   M
DPTR FM NORMAL   -94    PTCLDY (SCALE 4-7)   M
TOTAL FM JUL 1     M    CLOUDY (SCALE 8-10)  M
DPTR FM NORMAL     M

[CDD (BASE 65) ]
TOTAL THIS MO.    54
DPTR FM NORMAL    34    [PRESSURE DATA]
TOTAL FM JAN 1     M    HIGHEST SLP M ON M
DPTR FM NORMAL     M    LOWEST  SLP M ON M

[REMARKS]
