000
CXUS51 KLWX 240620
CF6MRB
PRELIMINARY LOCAL CLIMATOLOGICAL DATA (WS FORM: F-6)

                                          STATION:   MARTINSBURG WV
                                          MONTH:     FEBRUARY
                                          YEAR:      2018
                                          LATITUDE:   39 24 N
                                          LONGITUDE:  77 59 W

  TEMPERATURE IN F:       :PCPN:    SNOW:  WIND      :SUNSHINE: SKY     :PK WND
================================================================================
1   2   3   4   5  6A  6B    7    8   9   10  11  12  13   14  15   16   17  18
                                     12Z  AVG MX 2MIN
DY MAX MIN AVG DEP HDD CDD  WTR  SNW DPTH SPD SPD DIR MIN PSBL S-S WX    SPD DR
================================================================================

 1  52  36  44  12  21   0 0.06    M    M  8.3 20 300   M    M   5        27 310
 2  40  15  28  -4  37   0    T    M    M 15.2 29 310   M    M   6        37 310
 3  35  11  23  -9  42   0 0.00    M    M  7.2 13 200   M    M   3        17 190
 4  35  29  32   0  33   0 0.70    M    M  3.9 15 190   M    M  10 126    20 190
 5  39  23  31  -1  34   0 0.01    M    M  8.4 26 310   M    M   3 12     34 320
 6  37  23  30  -2  35   0 0.00    M    M  3.3  9 350   M    M   6        14 340
 7  38  23  31  -1  34   0 0.72    M    M  6.0 24 320   M    M   9 16     33 320
 8  35  21  28  -4  37   0 0.00    M    M  8.1 21 320   M    M   6        27 340
 9  41  20  31  -2  34   0 0.00    M    M  2.9 14 160   M    M   2 18     18 150
10  41  28  35   2  30   0 0.14    M    M  2.1  6  20   M    M   8 18      8  20
11  47  37  42   9  23   0 0.46    M    M  2.4  8  50   M    M   9 1       9  40
12  56  30  43  10  22   0    T    M    M 11.2 20 340   M    M   5 1      26 340
13  39  20  30  -3  35   0 0.00    M    M  4.4 13 160   M    M   4        19 160
14  54  28  41   7  24   0 0.06    M    M  2.3  9  20   M    M   7 1      11  20
15  75  42  59  25   6   0 0.09    M    M  3.6 17  20   M    M   8 1      22 250
16  64  32  48  14  17   0 0.27    M    M  9.7 24 320   M    M   8 1      35 320
17  38  23  31  -3  34   0    M    M    M  5.1 14 150   M    M   5 12     19 150
18  48  27  38   4  27   0 0.00    M    M  5.0 20 290   M    M   5 1      26 290
19  58  34  46  12  19   0 0.02    M    M  7.0 13 140   M    M   3        19 150
20  80  38  59  24   6   0 0.00    M    M  6.6 20 190   M    M   2 12     27 190
21  83  57  70  35   0   5 0.03    M    M  9.3 26 300   M    M   4 1      34 290
22  61  40  51  16  14   0 0.03    M    M  9.2 17  20   M    M  10 1      23  20
23  46  39  43   8  22   0 0.04    M    M  3.4 12 150   M    M  10 1      15 150
================================================================================
SM 1142  676       586   5  2.63    M    144.6          M      138
================================================================================
AV 49.7 29.4                               6.3 FASTST   M    M   6    MAX(MPH)
                                 MISC ---->  # 29 310               # 37  310
================================================================================
NOTES:
# LAST OF SEVERAL OCCURRENCES

COLUMN 17 PEAK WIND IN M.P.H.

PRELIMINARY LOCAL CLIMATOLOGICAL DATA (WS FORM: F-6) , PAGE 2

                                          STATION:  MARTINSBURG WV
                                          MONTH:    FEBRUARY
                                          YEAR:     2018
                                          LATITUDE:   39 24 N
                                          LONGITUDE:  77 59 W

[TEMPERATURE DATA]      [PRECIPITATION DATA]       SYMBOLS USED IN COLUMN 16

AVERAGE MONTHLY: 39.5   TOTAL FOR MONTH:   2.63    1 = FOG OR MIST
DPTR FM NORMAL:   6.3   DPTR FM NORMAL:    0.73    2 = FOG REDUCING VISIBILITY
HIGHEST:    83 ON 21    GRTST 24HR  0.72 ON  7- 7      TO 1/4 MILE OR LESS
LOWEST:     11 ON  3                               3 = THUNDER
                        SNOW, ICE PELLETS, HAIL    4 = ICE PELLETS
                        TOTAL MONTH:    M          5 = HAIL
                        GRTST 24HR    M  ON   M    6 = FREEZING RAIN OR DRIZZLE
                        GRTST DEPTH:  M  ON   M    7 = DUSTSTORM OR SANDSTORM:
                                                       VSBY 1/2 MILE OR LESS
                                                   8 = SMOKE OR HAZE
[NO. OF DAYS WITH]      [WEATHER - DAYS WITH]      9 = BLOWING SNOW
                                                   X = TORNADO
MAX 32 OR BELOW:   0    0.01 INCH OR MORE:  13
MAX 90 OR ABOVE:   0    0.10 INCH OR MORE:   5
MIN 32 OR BELOW:  15    0.50 INCH OR MORE:   2
MIN  0 OR BELOW:   0    1.00 INCH OR MORE:   0

[HDD (BASE 65) ]
TOTAL THIS MO.   586    CLEAR  (SCALE 0-3)   4
DPTR FM NORMAL  -144    PTCLDY (SCALE 4-7)  14
TOTAL FM JUL 1  3467    CLOUDY (SCALE 8-10)  5
DPTR FM NORMAL  -346

[CDD (BASE 65) ]
TOTAL THIS MO.     5
DPTR FM NORMAL     5    [PRESSURE DATA]
TOTAL FM JAN 1     5    HIGHEST SLP M ON M
DPTR FM NORMAL     5    LOWEST  SLP 29.63 ON 16

[REMARKS]
