000
CXUS54 KLZK 181330
CF6RUE
PRELIMINARY LOCAL CLIMATOLOGICAL DATA (WS FORM: F-6)

                                          STATION:   Russellville
                                          MONTH:     APRIL
                                          YEAR:      2014
                                          LATITUDE:   35 15 N
                                          LONGITUDE:  93  6 W

  TEMPERATURE IN F:       :PCPN:    SNOW:  WIND      :SUNSHINE: SKY     :PK WND
================================================================================
1   2   3   4   5  6A  6B    7    8   9   10  11  12  13   14  15   16   17  18
                                     12Z  AVG MX 2MIN
DY MAX MIN AVG DEP HDD CDD  WTR  SNW DPTH SPD SPD DIR MIN PSBL S-S WX    SPD DR
================================================================================

 1  78  47  63   6   2   0 0.00  0.0    0  2.3 15 200   M    M   4 18     22 200
 2  75  62  69  12   0   4    T  0.0    0  2.3 14 180   M    M  10 18     23 190
 3  79  62  71  13   0   6 0.12  0.0    0  6.6 24 290   M    M   6 138    35 290
 4  63  39  51  -7  14   0 0.06  0.0    0  9.3 21 300   M    M   1 13     28 310
 5  57  34  46 -12  19   0 0.00  0.0    0  2.2 12  70   M    M   0        23 120
 6  53  44  49  -9  16   0 0.12  0.0    0  3.0 10  40   M    M   8 18     16  50
 7  65  46  56  -3   9   0 0.30    M    0  7.2  7 290   M    M   6 1      10 300
 8  65  39  52  -7  13   0 0.01    M    0  7.6 33 300   M    M   5 138    47 300
 9  74  33  54  -5  11   0 0.00  0.0    0  1.8  8 200   M    M   0        10 170
10  86  44  65   5   0   0 0.00  0.0    0  5.0 17 210   M    M   0        29 200
11  76  56  66   6   0   1 0.00  0.0    0  3.3 10 220   M    M   1        16 170
12  82  62  72  12   0   7 0.00  0.0    0  4.5 14 200   M    M   3        21 170
13  71  57  64   3   1   0 1.52  0.0    0  4.9 33 280   M    M   8 13     54 280
14  58  40  49 -12  16   0 0.00  0.0    0  9.4 21 350   M    M   8        28 340
15  60  29  45 -16  20   0 0.00  0.0    0  1.4 12 300   M    M   0        16 320
16  63  39  51 -11  14   0 0.00  0.0    0  4.5 12 160   M    M   0        20 160
17  70  36  53  -9  12   0    T    M    0  1.8 10  50   M    M   3        18  70
================================================================================
SM 1175  769       147  18  2.13     0.0  77.1          M       63
================================================================================
AV 69.1 45.2                               4.5 FASTST   M    M   4    MAX(MPH)
                                 MISC ---->  # 33 300               # 54  280
================================================================================
NOTES:
# LAST OF SEVERAL OCCURRENCES

COLUMN 17 PEAK WIND IN M.P.H.

PRELIMINARY LOCAL CLIMATOLOGICAL DATA (WS FORM: F-6) , PAGE 2

                                          STATION:  Russellville
                                          MONTH:    APRIL
                                          YEAR:     2014
                                          LATITUDE:   35 15 N
                                          LONGITUDE:  93  6 W

[TEMPERATURE DATA]      [PRECIPITATION DATA]       SYMBOLS USED IN COLUMN 16

AVERAGE MONTHLY: 57.2   TOTAL FOR MONTH:   2.13    1 = FOG OR MIST
DPTR FM NORMAL:  -2.2   DPTR FM NORMAL:   -0.65    2 = FOG REDUCING VISIBILITY
HIGHEST:    86 ON 10    GRTST 24HR  1.52 ON 13-13      TO 1/4 MILE OR LESS
LOWEST:     29 ON 15                               3 = THUNDER
                        SNOW, ICE PELLETS, HAIL    4 = ICE PELLETS
                        TOTAL MONTH:   0.0 INCH    5 = HAIL
                        GRTST 24HR     0.0         6 = FREEZING RAIN OR DRIZZLE
                        GRTST DEPTH:   0           7 = DUSTSTORM OR SANDSTORM:
                                                       VSBY 1/2 MILE OR LESS
                                                   8 = SMOKE OR HAZE
[NO. OF DAYS WITH]      [WEATHER - DAYS WITH]      9 = BLOWING SNOW
                                                   X = TORNADO
MAX 32 OR BELOW:   0    0.01 INCH OR MORE:   6
MAX 90 OR ABOVE:   0    0.10 INCH OR MORE:   4
MIN 32 OR BELOW:   1    0.50 INCH OR MORE:   1
MIN  0 OR BELOW:   0    1.00 INCH OR MORE:   1

[HDD (BASE 65) ]
TOTAL THIS MO.   147    CLEAR  (SCALE 0-3)   8
DPTR FM NORMAL    30    PTCLDY (SCALE 4-7)   7
TOTAL FM JUL 1  3707    CLOUDY (SCALE 8-10)  2
DPTR FM NORMAL   511

[CDD (BASE 65) ]
TOTAL THIS MO.    18
DPTR FM NORMAL     1    [PRESSURE DATA]
TOTAL FM JAN 1    18    HIGHEST SLP M ON M
DPTR FM NORMAL   -12    LOWEST  SLP 29.59 ON 13

[REMARKS]
