000
CXUS54 KLZK 251430
CF6RUE
PRELIMINARY LOCAL CLIMATOLOGICAL DATA (WS FORM: F-6)

                                          STATION:   Russellville
                                          MONTH:     DECEMBER
                                          YEAR:      2014
                                          LATITUDE:   35 15 N
                                          LONGITUDE:  93  6 W

  TEMPERATURE IN F:       :PCPN:    SNOW:  WIND      :SUNSHINE: SKY     :PK WND
================================================================================
1   2   3   4   5  6A  6B    7    8   9   10  11  12  13   14  15   16   17  18
                                     12Z  AVG MX 2MIN
DY MAX MIN AVG DEP HDD CDD  WTR  SNW DPTH SPD SPD DIR MIN PSBL S-S WX    SPD DR
================================================================================

 1  63  33  48   3  17   0    T    M    0  8.1 14  10   M    M  10 1      19 360
 2  43  32  38  -7  27   0 0.00  0.0    0  2.0  8 340   M    M  10        10 200
 3  45  42  44   0  21   0    T    M    0  2.9  8  90   M    M  10 18     13  80
 4  51  43  47   3  18   0 0.10    M    0  1.4  7 100   M    M  10 1      10 100
 5  62  51  57  13   8   0 0.64  0.0    0  3.4 12 280   M    M  10 1      16 270
 6  62  43  53  10  12   0 0.00  0.0    0  7.2 14  60   M    M   5        18  10
 7  47  42  45   2  20   0 0.00  0.0    0  3.2 13  60   M    M   6 18     17  70
 8  51  33  42  -1  23   0 0.00  0.0    0  3.2 14 280   M    M   5 18     18 290
 9  58  30  44   2  21   0 0.00  0.0    0  2.9 12 300   M    M   4 12     14  90
10  49  27  38  -4  27   0 0.00  0.0    0  2.6 10 100   M    M   2 1      19 110
11  47  38  43   1  22   0 0.00  0.0    0  3.3  7  80   M    M  10        11 110
12  47  43  45   3  20   0 0.00  0.0    0  3.2  9  90   M    M  10 18     14  80
13  58  43  51  10  14   0 0.00  0.0    0  0.6  5  80   M    M   9 128    10 100
14  66  40  53  12  12   0 0.01    M    0  4.4 12 150   M    M   8 128    19 130
15  66  46  56  15   9   0 0.82  0.0    0 10.4 28 270   M    M   6 18     36 270
16  46  31  39  -2  26   0 0.00  0.0    0 11.2 20 270   M    M   5        27 280
17  39  28  34  -7  31   0 0.51  0.0    0  0.9  7 130   M    M   5 1      11  70
18  42  36  39  -1  26   0 0.04  0.0    0  1.6  9 100   M    M  10 1      13  90
19  45  41  43   3  22   0 0.00  0.0    0  2.6  8 120   M    M  10 1      12 120
20  48  40  44   4  21   0 0.00  0.0    0  0.7  6 110   M    M  10         9 120
21  50  40  45   5  20   0 0.00  0.0    0  4.6  9 100   M    M  10        15 110
22  54  42  48   8  17   0 0.05  0.0    0  3.6 10 340   M    M   9 12     14 110
23  51  41  46   6  19   0 0.06  0.0    0  3.6 13 300   M    M   8 1      17 300
24  45  32  39  -1  26   0 0.00  0.0    0  9.9 21 270   M    M   8        29 270
================================================================================
SM 1235  917       479   0  2.23     0.0  97.5          M      190
================================================================================
AV 51.5 38.2                               4.1 FASTST   M    M   8    MAX(MPH)
                                 MISC ---->  # 28 270               # 36  270
================================================================================
NOTES:
# LAST OF SEVERAL OCCURRENCES

COLUMN 17 PEAK WIND IN M.P.H.

PRELIMINARY LOCAL CLIMATOLOGICAL DATA (WS FORM: F-6) , PAGE 2

                                          STATION:  Russellville
                                          MONTH:    DECEMBER
                                          YEAR:     2014
                                          LATITUDE:   35 15 N
                                          LONGITUDE:  93  6 W

[TEMPERATURE DATA]      [PRECIPITATION DATA]       SYMBOLS USED IN COLUMN 16

AVERAGE MONTHLY: 44.8   TOTAL FOR MONTH:   2.23    1 = FOG OR MIST
DPTR FM NORMAL:   3.0   DPTR FM NORMAL:   -1.38    2 = FOG REDUCING VISIBILITY
HIGHEST:    66 ON 15,14 GRTST 24HR  0.83 ON 14-15      TO 1/4 MILE OR LESS
LOWEST:     27 ON 10                               3 = THUNDER
                        SNOW, ICE PELLETS, HAIL    4 = ICE PELLETS
                        TOTAL MONTH:   0.0 INCH    5 = HAIL
                        GRTST 24HR     0.0         6 = FREEZING RAIN OR DRIZZLE
                        GRTST DEPTH:   0           7 = DUSTSTORM OR SANDSTORM:
                                                       VSBY 1/2 MILE OR LESS
                                                   8 = SMOKE OR HAZE
[NO. OF DAYS WITH]      [WEATHER - DAYS WITH]      9 = BLOWING SNOW
                                                   X = TORNADO
MAX 32 OR BELOW:   0    0.01 INCH OR MORE:   8
MAX 90 OR ABOVE:   0    0.10 INCH OR MORE:   4
MIN 32 OR BELOW:   6    0.50 INCH OR MORE:   3
MIN  0 OR BELOW:   0    1.00 INCH OR MORE:   0

[HDD (BASE 65) ]
TOTAL THIS MO.   479    CLEAR  (SCALE 0-3)   1
DPTR FM NORMAL   -76    PTCLDY (SCALE 4-7)  10
TOTAL FM JUL 1  1156    CLOUDY (SCALE 8-10) 13
DPTR FM NORMAL    16

[CDD (BASE 65) ]
TOTAL THIS MO.     0
DPTR FM NORMAL     0    [PRESSURE DATA]
TOTAL FM JAN 1  1827    HIGHEST SLP M ON M
DPTR FM NORMAL  -136    LOWEST  SLP 29.49 ON 22

[REMARKS]
