000
CXZS50 NSTU 032232
CLMPPG

CLIMATE REPORT
NATIONAL WEATHER SERVICE PAGO PAGO AS
1135 AM SST SAT SEP 3 2016

.....................................

...THE PAGO PAGO AIRPORT CLIMATE SUMMARY FOR THE MONTH OF AUGUST 2016...

CLIMATE NORMAL PERIOD 1981 TO 2010
CLIMATE RECORD PERIOD 1956 TO 2016

WEATHER ITEM      OBSERVED    DATES       NORMAL      DEPARTURE   LAST YEAR
                  VALUE                   VALUE       FROM        VALUE DATE(S)
                                                      NORMAL
.............................................................................
TEMPERATURE (F)
RECORD
 HIGH             92          08/17/2002
 LOW              60          08/06/1964

HIGHEST           88          08/09        84         4           88 08/24

LOWEST            73          08/23        76        -3           72 08/16
                                                                     08/14

AVG. MAXIMUM      85.0                    84.3        0.7         82.5
AVG. MINIMUM      77.6                    76.3        1.3         75.5
MEAN              81.7                    80.3        1.4         79.0
DAYS MAX >= 90     0                       0.1       -0.1          0
DAYS MAX <= 32     0                       0.0        0.0          0
DAYS MIN <= 32     0                       0.0        0.0          0
DAYS MIN <= 0      0                       0.0        0.0          0

PRECIPITATION (INCHES)
RECORD
 MAXIMUM          17.22      1995
 MINIMUM           0.29      1989
TOTALS             4.49                   6.30       -1.81         6.75
DAILY AVG.         0.14                   0.20       -0.07         0.22
DAYS >= .01       19                     17.8         1.2         15
DAYS >= .10       12                      9.7         2.3          7
DAYS >= .50        3                      3.3        -0.3          4
DAYS >= 1.00       0                      1.6        -1.6          2
GREATEST
 24 HR. TOTAL      1.07      08/11 TO 12               3.09     08/09 TO 10

DEGREE DAYS
HEATING TOTAL     000                     00          00          00
SINCE 1/1         000                     00          00          00
COOLING TOTAL     517                    474          43         442
SINCE 1/1        4343                   4057         286        4037

WIND (MPH)
AVERAGE WIND SPEED 12.0
HIGHEST WIND SPEED/DIRECTION   26/130     DATE 08/27
HIGHEST GUST SPEED/DIRECTION   MM         DATE MM

SKY COVER
POSSIBLE SUNSHINE (PERCENT)    MM
AVERAGE SKY COVER               5.8
NUMBER OF DAYS FAIR            00
NUMBER OF DAYS PC              24
NUMBER OF DAYS CLOUDY          07

AVERAGE RH (PERCENT)           91.7
WEATHER CONDITIONS NUMBER OF DAYS WITH
THUNDERSTORM            01    MIXED PRECIP            00
HEAVY RAIN              08    RAIN                    00
LIGHT RAIN              22    FREEZING RAIN           00
LT FREEZING RAIN        00    HAIL                    00
HEAVY SNOW              00    SNOW                    00
LIGHT SNOW              00    SLEET                   00
FOG                     00    FOG W/VIS <= 1/4 MILE   00
HAZE                    00

- INDICATES NEGATIVE NUMBERS
R INDICATES RECORD WAS SET OR TIED
MM INDICATES DATA IS MISSING
T INDICATES TRACE AMOUNTTEMPERATURE (F)
