000
CXUS52 KTAE 010800
CF6AAF
PRELIMINARY LOCAL CLIMATOLOGICAL DATA (WS FORM: F-6)
STATION: APALACHICOLA
MONTH: JULY
YEAR: 2020
LATITUDE: 29 43 N
LONGITUDE: 85 2 W
TEMPERATURE IN F: :PCPN: SNOW: WIND :SUNSHINE: SKY :PK WND
================================================================================
1 2 3 4 5 6A 6B 7 8 9 10 11 12 13 14 15 16 17 18
12Z AVG MX 2MIN
DY MAX MIN AVG DEP HDD CDD WTR SNW DPTH SPD SPD DIR MIN PSBL S-S WX SPD DR
================================================================================
1 90 75 83 1 0 18 0.39 0.0 0 5.3 17 50 M M 2 1 23 50
2 91 72 82 0 0 17 0.04 0.0 0 7.8 23 310 M M 2 1 28 310
3 89 76 83 1 0 18 0.04 0.0 0 4.6 15 230 M M 2 8 19 220
4 85 73 79 -3 0 14 0.13 M 0 4.1 8 150 M M 4 1 M M
5 85 73 79 -3 0 14 T 0.0 M 5.1 15 160 M M 3 1 20 150
6 85 76 81 -1 0 16 0.20 0.0 0 11.5 23 220 M M 4 18 30 230
7 85 75 80 -2 0 15 0.42 0.0 0 10.1 22 270 M M 4 1 26 260
8 92 73 83 1 0 18 0.00 0.0 0 7.9 18 260 M M 1 23 250
9 92 75 84 2 0 19 0.05 0.0 0 7.5 16 280 M M 2 1 20 300
10 95 80 88 6 0 23 0.05 0.0 0 9.6 20 10 M M 3 25 10
11 98 78 88 6 0 23 0.00 0.0 0 8.0 17 310 M M 1 24 300
12 96 72 84 2 0 19 0.00 0.0 0 6.2 17 250 M M 0 21 250
13 90 74 82 0 0 17 0.11 0.0 0 7.2 18 250 M M 1 1 23 250
14 91 80 86 4 0 21 0.00 0.0 0 8.5 17 250 M M 0 21 250
15 88 76 82 0 0 17 T 0.0 0 4.3 13 20 M M 2 17 190
16 92 74 83 1 0 18 0.00 0.0 0 6.1 14 90 M M 0 1 19 140
17 90 74 82 0 0 17 0.00 0.0 0 6.1 14 140 M M 1 17 130
18 92 75 84 2 0 19 0.00 0.0 0 6.4 17 120 M M 1 22 120
19 92 77 85 3 0 20 0.05 0.0 0 6.1 16 150 M M 2 1 21 110
20 94 75 85 3 0 20 0.00 0.0 0 6.6 17 140 M M 1 23 160
21 91 75 83 1 0 18 0.10 0.0 0 8.0 15 150 M M 1 18 20 100
22 91 78 85 3 0 20 0.02 0.0 0 10.3 25 140 M M 3 1 34 130
23 89 76 83 1 0 18 1.76 0.0 0 11.6 24 180 M M 4 1 36 150
24 90 80 85 3 0 20 0.05 0.0 0 9.5 18 120 M M 2 1 23 140
25 91 77 84 2 0 19 0.00 0.0 0 7.1 15 140 M M 2 20 150
26 89 74 82 0 0 17 0.04 0.0 0 4.2 13 30 M M 2 1 16 160
27 89 75 82 0 0 17 0.07 0.0 0 5.1 17 220 M M 1 1 23 220
28 88 75 82 0 0 17 1.12 0.0 0 4.3 16 320 M M 2 1 18 320
29 87 74 81 -1 0 16 0.14 0.0 0 3.7 18 270 M M 3 1 25 280
30 91 76 84 2 0 19 0.00 0.0 0 6.9 18 250 M M 0 23 230
31 92 75 84 2 0 19 0.00 0.0 0 6.7 16 250 M M 1 20 240
================================================================================
SM 2800 2338 0 563 4.78 0.0 216.4 M 57
================================================================================
AV 90.3 75.4 7.0 FASTST M M 2 MAX(MPH)
MISC ----> # 25 140 # 36 150
================================================================================
NOTES:
# LAST OF SEVERAL OCCURRENCES
COLUMN 17 PEAK WIND IN M.P.H.
PRELIMINARY LOCAL CLIMATOLOGICAL DATA (WS FORM: F-6) , PAGE 2
STATION: APALACHICOLA
MONTH: JULY
YEAR: 2020
LATITUDE: 29 43 N
LONGITUDE: 85 2 W
[TEMPERATURE DATA] [PRECIPITATION DATA] SYMBOLS USED IN COLUMN 16
AVERAGE MONTHLY: 82.9 TOTAL FOR MONTH: 4.78 1 = FOG OR MIST
DPTR FM NORMAL: 0.8 DPTR FM NORMAL: -2.29 2 = FOG REDUCING VISIBILITY
HIGHEST: 98 ON 11 GRTST 24HR 1.76 ON 23-23 TO 1/4 MILE OR LESS
LOWEST: 72 ON 12, 2 3 = THUNDER
SNOW, ICE PELLETS, HAIL 4 = ICE PELLETS
TOTAL MONTH: 0.0 INCH 5 = HAIL
GRTST 24HR 0.0 6 = FREEZING RAIN OR DRIZZLE
GRTST DEPTH: 0 7 = DUSTSTORM OR SANDSTORM:
VSBY 1/2 MILE OR LESS
8 = SMOKE OR HAZE
[NO. OF DAYS WITH] [WEATHER - DAYS WITH] 9 = BLOWING SNOW
X = TORNADO
MAX 32 OR BELOW: 0 0.01 INCH OR MORE: 18
MAX 90 OR ABOVE: 20 0.10 INCH OR MORE: 9
MIN 32 OR BELOW: 0 0.50 INCH OR MORE: 2
MIN 0 OR BELOW: 0 1.00 INCH OR MORE: 2
[HDD (BASE 65) ]
TOTAL THIS MO. 0 CLEAR (SCALE 0-3) 26
DPTR FM NORMAL 0 PTCLDY (SCALE 4-7) 5
TOTAL FM JUL 1 0 CLOUDY (SCALE 8-10) 0
DPTR FM NORMAL 0
[CDD (BASE 65) ]
TOTAL THIS MO. 563
DPTR FM NORMAL 33 [PRESSURE DATA]
TOTAL FM JAN 1 1445 HIGHEST SLP 30.14 ON 17
DPTR FM NORMAL 37 LOWEST SLP 29.83 ON 12
[REMARKS]
#FINAL-07-20#