000
CXUS54 KEWX 231247
CF6ATT
PRELIMINARY LOCAL CLIMATOLOGICAL DATA (WS FORM: F-6)
STATION: AUSTIN CAMP MABRY
MONTH: AUGUST
YEAR: 2022
LATITUDE: 30 17 N
LONGITUDE: 97 42 W
TEMPERATURE IN F: :PCPN: SNOW: WIND :SUNSHINE: SKY :PK WND
================================================================================
1 2 3 4 5 6A 6B 7 8 9 10 11 12 13 14 15 16 17 18
12Z AVG MX 2MIN
DY MAX MIN AVG DEP HDD CDD WTR SNW DPTH SPD SPD DIR MIN PSBL S-S WX SPD DR
================================================================================
1 103 77 90 3 0 25 0.00 0.0 0 4.8 14 160 M M 2 30 150
2 105 77 91 4 0 26 0.00 0.0 0 7.5 16 150 M M 0 29 160
3 106 78 92 5 0 27 0.00 0.0 0 7.6 16 150 M M 2 8 30 150
4 106 79 93 6 0 28 0.00 0.0 0 6.1 14 150 M M 2 26 140
5 104 78 91 4 0 26 0.00 0.0 0 6.2 15 140 M M 2 26 150
6 99 79 89 2 0 24 T 0.0 0 5.2 15 110 M M 4 3 27 150
7 102 78 90 3 0 25 0.00 0.0 0 6.0 17 140 M M 3 30 130
8 102 78 90 3 0 25 0.00 0.0 0 4.4 12 150 M M 2 23 160
9 102 76 89 2 0 24 0.00 0.0 0 3.9 13 150 M M 1 24 150
10 104 78 91 4 0 26 T 0.0 0 4.3 16 10 M M 0 28 350
11 102 77 90 3 0 25 0.00 0.0 0 2.1 12 160 M M 2 25 140
12 104 76 90 3 0 25 T 0.0 0 3.0 13 100 M M 1 23 140
13 102 78 90 3 0 25 0.00 0.0 0 4.5 12 140 M M 2 22 110
14 94 78 86 -1 0 21 0.00 0.0 0 5.0 14 130 M M 3 24 120
15 102 76 89 2 0 24 T 0.0 0 5.6 14 150 M M 3 23 140
16 101 77 89 2 0 24 0.00 0.0 0 3.7 10 120 M M 2 19 120
17 103 78 91 4 0 26 0.00 0.0 0 3.2 12 150 M M 0 18 150
18 103 73 88 1 0 23 0.66 0.0 0 2.8 17 10 M M 3 123 30 350
19 95 73 84 -2 0 19 0.31 0.0 0 2.5 14 110 M M 5 13 22 140
20 101 77 89 3 0 24 T 0.0 0 6.3 16 130 M M 4 26 170
21 95 78 87 1 0 22 T 0.0 0 6.3 13 150 M M 7 24 200
22 98 73 86 0 0 21 3.73 0.0 0 3.2 15 360 M M 6 123 26 10
23 92 73 83 -3 0 18 0.10 0.0 0 1.3 6 310 M M 7 1 10 300
24 94 74 84 -2 0 19 0.03 0.0 0 2.7 9 10 M M 5 17 80
25 97 74 86 0 0 21 0.00 0.0 0 2.7 9 50 M M 2 19 360
26 98 75 87 2 0 22 0.00 0.0 0 3.1 13 110 M M 1 20 110
27 99 76 88 3 0 23 0.03 0.0 0 3.9 15 120 M M 3 3 26 160
28 98 77 88 3 0 23 0.00 0.0 0 5.0 13 130 M M 3 25 100
29 99 78 89 4 0 24 0.00 0.0 0 5.1 20 130 M M 3 36 130
30 87 75 81 -4 0 16 0.31 0.0 0 3.1 9 140 M M 8 13 17 160
31 92 71 82 -2 0 17 0.55 0.0 0 1.4 16 200 M M 6 13 37 200
================================================================================
SM 3089 2365 0 718 5.72 0.0 132.5 M 94
================================================================================
AV 99.6 76.3 4.3 FASTST M M 3 MAX(MPH)
MISC ----> 20 130 37 200
================================================================================
NOTES:
# LAST OF SEVERAL OCCURRENCES
COLUMN 17 PEAK WIND IN M.P.H.
PRELIMINARY LOCAL CLIMATOLOGICAL DATA (WS FORM: F-6) , PAGE 2
STATION: AUSTIN CAMP MABRY
MONTH: AUGUST
YEAR: 2022
LATITUDE: 30 17 N
LONGITUDE: 97 42 W
[TEMPERATURE DATA] [PRECIPITATION DATA] SYMBOLS USED IN COLUMN 16
AVERAGE MONTHLY: 88.0 TOTAL FOR MONTH: 5.72 1 = FOG OR MIST
DPTR FM NORMAL: 1.5 DPTR FM NORMAL: 2.98 2 = FOG REDUCING VISIBILITY
HIGHEST: 106 ON 4, 3 GRTST 24HR 3.81 ON 22-23 TO 1/4 MILE OR LESS
LOWEST: 71 ON 31 3 = THUNDER
SNOW, ICE PELLETS, HAIL 4 = ICE PELLETS
TOTAL MONTH: 0.0 INCH 5 = HAIL
GRTST 24HR 0.0 6 = FREEZING RAIN OR DRIZZLE
GRTST DEPTH: 0 7 = DUSTSTORM OR SANDSTORM:
VSBY 1/2 MILE OR LESS
8 = SMOKE OR HAZE
[NO. OF DAYS WITH] [WEATHER - DAYS WITH] 9 = BLOWING SNOW
X = TORNADO
MAX 32 OR BELOW: 0 0.01 INCH OR MORE: 8
MAX 90 OR ABOVE: 30 0.10 INCH OR MORE: 6
MIN 32 OR BELOW: 0 0.50 INCH OR MORE: 3
MIN 0 OR BELOW: 0 1.00 INCH OR MORE: 1
[HDD (BASE 65) ]
TOTAL THIS MO. 0 CLEAR (SCALE 0-3) 18
DPTR FM NORMAL 0 PTCLDY (SCALE 4-7) 12
TOTAL FM JUL 1 0 CLOUDY (SCALE 8-10) 1
DPTR FM NORMAL 0
[CDD (BASE 65) ]
TOTAL THIS MO. 718
DPTR FM NORMAL 53 [PRESSURE DATA]
TOTAL FM JAN 1 3114 HIGHEST SLP 30.10 ON 7
DPTR FM NORMAL 614 LOWEST SLP 29.72 ON 28
[REMARKS]
#FINAL-08-22#