000
CXUS56 KLOX 011255
CF6CQT
PRELIMINARY LOCAL CLIMATOLOGICAL DATA (WS FORM: F-6)
STATION: DOWNTOWN LOS ANGELES (USC) CA
MONTH: JANUARY
YEAR: 2022
LATITUDE: 34 1 N
LONGITUDE: 118 17 W
TEMPERATURE IN F: :PCPN: SNOW: WIND :SUNSHINE: SKY :PK WND
================================================================================
1 2 3 4 5 6A 6B 7 8 9 10 11 12 13 14 15 16 17 18
12Z AVG MX 2MIN
DY MAX MIN AVG DEP HDD CDD WTR SNW DPTH SPD SPD DIR MIN PSBL S-S WX SPD DR
================================================================================
1 62 45 54 -4 11 0 0.00 M M 1.2 6 260 M M 2 8 10 260
2 64 43 54 -4 11 0 0.00 M M 1.7 7 270 M M 0 11 270
3 62 42 52 -6 13 0 0.00 M M 1.4 7 270 M M 0 11 270
4 63 42 53 -5 12 0 0.00 M M 0.2 6 260 M M 0 8 10 270
5 69 43 56 -2 9 0 0.00 M M 0.3 6 270 M M 0 18 8 260
6 71 46 59 1 6 0 0.00 M M 0.1 6 270 M M 0 18 8 270
7 56 48 52 -6 13 0 T M M 0.8 6 110 M M 9 128 9 140
8 63 48 56 -2 9 0 0.00 M M 0.8 6 260 M M 3 18 9 270
9 75 45 60 2 5 0 0.00 M M 0.1 7 140 M M 0 18 8 130
10 73 51 62 4 3 0 0.00 M M 1.5 6 50 M M 0 9 20
11 78 50 64 6 1 0 0.00 M M 1.2 6 250 M M 0 9 270
12 76 47 62 4 3 0 0.00 M M 0.6 6 360 M M 0 8 260
13 69 56 63 5 2 0 0.00 M M 0.6 7 80 M M 3 9 70
14 74 51 63 5 2 0 0.00 M M 0.6 7 270 M M 0 10 260
15 68 53 61 2 4 0 0.01 M M 0.5 7 260 M M 6 11 260
16 75 60 68 9 0 3 0.00 M M 1.3 7 270 M M 7 11 260
17 64 57 61 2 4 0 0.18 M M 1.1 6 90 M M 10 1 9 100
18 65 54 60 1 5 0 0.00 M M 0.9 9 260 M M 8 18 14 270
19 64 52 58 -1 7 0 0.00 M M 0.5 7 260 M M 4 18 12 260
20 74 47 61 2 4 0 0.00 M M 1.2 8 260 M M 0 18 12 280
21 70 47 59 0 6 0 0.00 M M 1.9 17 20 M M 0 8 32 20
22 72 50 61 2 4 0 0.00 M M 2.1 9 10 M M 0 17 360
23 73 49 61 2 4 0 0.00 M M 1.2 8 250 M M 0 15 260
24 71 47 59 0 6 0 0.00 M M 1.1 7 260 M M 0 1 11 260
25 67 47 57 -2 8 0 0.00 M M 0.7 7 260 M M 2 18 12 270
26 71 45 58 -1 7 0 0.00 M M 0.6 6 260 M M 0 18 9 270
27 70 46 58 -1 7 0 0.00 M M 0.6 7 260 M M 0 8 12 270
28 73 46 60 1 5 0 0.00 M M 1.7 8 100 M M 0 14 110
29 68 51 60 1 5 0 0.00 M M 0.6 7 20 M M 1 9 30
30 70 43 57 -2 8 0 0.00 M M 1.3 9 260 M M 0 16 270
31 63 46 55 -4 10 0 0.00 M M 0.4 6 120 M M 0 18 8 260
================================================================================
SM 2133 1497 194 3 0.19 M 28.8 M 55
================================================================================
AV 68.8 48.3 0.9 FASTST M M 2 MAX(MPH)
MISC ----> 17 20 32 20
================================================================================
NOTES:
# LAST OF SEVERAL OCCURRENCES
COLUMN 17 PEAK WIND IN M.P.H.
PRELIMINARY LOCAL CLIMATOLOGICAL DATA (WS FORM: F-6) , PAGE 2
STATION: DOWNTOWN LOS ANGELES (USC) CA
MONTH: JANUARY
YEAR: 2022
LATITUDE: 34 1 N
LONGITUDE: 118 17 W
[TEMPERATURE DATA] [PRECIPITATION DATA] SYMBOLS USED IN COLUMN 16
AVERAGE MONTHLY: 58.5 TOTAL FOR MONTH: 0.19 1 = FOG OR MIST
DPTR FM NORMAL: 0.1 DPTR FM NORMAL: -3.10 2 = FOG REDUCING VISIBILITY
HIGHEST: 78 ON 11 GRTST 24HR 0.18 ON 17-17 TO 1/4 MILE OR LESS
LOWEST: 42 ON 4, 3 3 = THUNDER
SNOW, ICE PELLETS, HAIL 4 = ICE PELLETS
TOTAL MONTH: M 5 = HAIL
GRTST 24HR M ON M 6 = FREEZING RAIN OR DRIZZLE
GRTST DEPTH: M ON M 7 = DUSTSTORM OR SANDSTORM:
VSBY 1/2 MILE OR LESS
8 = SMOKE OR HAZE
[NO. OF DAYS WITH] [WEATHER - DAYS WITH] 9 = BLOWING SNOW
X = TORNADO
MAX 32 OR BELOW: 0 0.01 INCH OR MORE: 2
MAX 90 OR ABOVE: 0 0.10 INCH OR MORE: 1
MIN 32 OR BELOW: 0 0.50 INCH OR MORE: 0
MIN 0 OR BELOW: 0 1.00 INCH OR MORE: 0
[HDD (BASE 65) ]
TOTAL THIS MO. 194 CLEAR (SCALE 0-3) 25
DPTR FM NORMAL -17 PTCLDY (SCALE 4-7) 4
TOTAL FM JUL 1 614 CLOUDY (SCALE 8-10) 2
DPTR FM NORMAL 54
[CDD (BASE 65) ]
TOTAL THIS MO. 3
DPTR FM NORMAL -5 [PRESSURE DATA]
TOTAL FM JAN 1 3 HIGHEST SLP 30.33 ON 10
DPTR FM NORMAL -5 LOWEST SLP 29.87 ON 6
[REMARKS]
#FINAL-01-22#