000
CXUS55 KDVN 011000
CF6DBQ
PRELIMINARY LOCAL CLIMATOLOGICAL DATA (WS FORM: F-6)
STATION: DUBUQUE IA
MONTH: JUNE
YEAR: 2021
LATITUDE: 42 24 N
LONGITUDE: 90 42 W
TEMPERATURE IN F: :PCPN: SNOW: WIND :SUNSHINE: SKY :PK WND
================================================================================
1 2 3 4 5 6A 6B 7 8 9 10 11 12 13 14 15 16 17 18
12Z AVG MX 2MIN
DY MAX MIN AVG DEP HDD CDD WTR SNW DPTH SPD SPD DIR MIN PSBL S-S WX SPD DR
================================================================================
1 76 51 64 -1 1 0 0.00 0.0 0 6.9 15 170 M M 3 12 19 160
2 79 53 66 1 0 1 0.00 0.0 0 2.5 10 70 M M 1 14 70
3 87 55 71 6 0 6 0.00 0.0 0 8.3 20 260 M M 0 27 270
4 88 63 76 10 0 11 0.00 0.0 0 13.7 23 230 M M 0 30 230
5 89 63 76 10 0 11 0.00 0.0 0 12.2 21 220 M M 0 27 220
6 87 64 76 10 0 11 0.00 0.0 0 12.1 24 180 M M 2 32 180
7 86 68 77 11 0 12 T 0.0 0 9.0 21 170 M M 1 27 160
8 89 67 78 11 0 13 0.00 0.0 0 4.2 13 120 M M 2 1 18 140
9 91 67 79 12 0 14 0.00 0.0 0 4.9 13 130 M M 2 1 19 140
10 93 69 81 14 0 16 0.00 0.0 0 3.5 10 160 M M 1 14 150
11 94 68 81 13 0 16 0.00 0.0 0 4.1 20 270 M M 1 138 27 250
12 86 62 74 6 0 9 0.00 0.0 0 9.8 18 360 M M 0 25 330
13 90 58 74 6 0 9 0.00 0.0 0 6.2 16 350 M M 0 16 350
14 84 60 72 4 0 7 0.00 0.0 0 9.1 18 350 M M 0 33 330
15 84 55 70 1 0 5 0.00 0.0 0 6.6 16 20 M M 1 22 360
16 83 57 70 1 0 5 0.00 0.0 0 6.3 13 130 M M 0 18 130
17 92 64 78 9 0 13 0.00 0.0 0 14.8 24 200 M M 1 33 220
18 92 66 79 10 0 14 0.11 0.0 0 6.4 24 30 M M 1 138 31 40
19 86 64 75 5 0 10 0.00 0.0 0 8.4 16 350 M M 0 22 330
20 74 60 67 -3 0 2 1.36 0.0 0 7.0 22 300 M M 5 13 28 310
21 69 49 59 -11 6 0 0.00 0.0 0 13.7 28 320 M M 4 36 320
22 76 44 60 -10 5 0 0.00 0.0 0 8.1 22 220 M M 2 28 190
23 78 61 70 0 0 5 0.01 0.0 0 16.1 25 200 M M 8 1 33 190
24 77 67 72 1 0 7 T 0.0 0 11.8 22 190 M M 7 13 30 190
25 81 71 76 5 0 11 2.14 0.0 0 6.3 16 180 M M 9 1238 20 170
26 78 70 74 3 0 9 0.20 0.0 0 13.3 23 200 M M 9 1 29 200
27 78 65 72 1 0 7 0.00 0.0 0 6.3 16 240 M M 6 1 22 240
28 81 68 75 4 0 10 0.00 0.0 0 4.5 13 170 M M 6 1 16 170
29 76 68 72 1 0 7 0.44 0.0 0 8.5 17 230 M M 7 1 21 230
30 84 67 76 5 0 11 0.00 0.0 0 4.2 10 280 M M 3 12 14 270
================================================================================
SM 2508 1864 12 252 4.26 0.0 248.8 M 82
================================================================================
AV 83.6 62.1 8.3 FASTST M M 3 MAX(MPH)
MISC ----> 28 320 36 320
================================================================================
NOTES:
# LAST OF SEVERAL OCCURRENCES
COLUMN 17 PEAK WIND IN M.P.H.
PRELIMINARY LOCAL CLIMATOLOGICAL DATA (WS FORM: F-6) , PAGE 2
STATION: DUBUQUE IA
MONTH: JUNE
YEAR: 2021
LATITUDE: 42 24 N
LONGITUDE: 90 42 W
[TEMPERATURE DATA] [PRECIPITATION DATA] SYMBOLS USED IN COLUMN 16
AVERAGE MONTHLY: 72.9 TOTAL FOR MONTH: 4.26 1 = FOG OR MIST
DPTR FM NORMAL: 4.4 DPTR FM NORMAL: -0.93 2 = FOG REDUCING VISIBILITY
HIGHEST: 94 ON 11 GRTST 24HR 2.31 ON 25-26 TO 1/4 MILE OR LESS
LOWEST: 44 ON 22 3 = THUNDER
SNOW, ICE PELLETS, HAIL 4 = ICE PELLETS
TOTAL MONTH: 0.0 INCH 5 = HAIL
GRTST 24HR 0.0 6 = FREEZING RAIN OR DRIZZLE
GRTST DEPTH: 0 7 = DUSTSTORM OR SANDSTORM:
VSBY 1/2 MILE OR LESS
8 = SMOKE OR HAZE
[NO. OF DAYS WITH] [WEATHER - DAYS WITH] 9 = BLOWING SNOW
X = TORNADO
MAX 32 OR BELOW: 0 0.01 INCH OR MORE: 6
MAX 90 OR ABOVE: 6 0.10 INCH OR MORE: 5
MIN 32 OR BELOW: 0 0.50 INCH OR MORE: 2
MIN 0 OR BELOW: 0 1.00 INCH OR MORE: 2
[HDD (BASE 65) ]
TOTAL THIS MO. 12 CLEAR (SCALE 0-3) 21
DPTR FM NORMAL -25 PTCLDY (SCALE 4-7) 7
TOTAL FM JUL 1 6976 CLOUDY (SCALE 8-10) 2
DPTR FM NORMAL -107
[CDD (BASE 65) ]
TOTAL THIS MO. 252
DPTR FM NORMAL 109 [PRESSURE DATA]
TOTAL FM JAN 1 312 HIGHEST SLP 30.22 ON 1
DPTR FM NORMAL 128 LOWEST SLP 29.49 ON 20
[REMARKS]
#FINAL-06-21#