000
CXUS53 KBIS 010830
CF6DIK
PRELIMINARY LOCAL CLIMATOLOGICAL DATA (WS FORM: F-6)
STATION: DICKINSON ND
MONTH: MARCH
YEAR: 2020
LATITUDE: 46 47 N
LONGITUDE: 102 48 W
TEMPERATURE IN F: :PCPN: SNOW: WIND :SUNSHINE: SKY :PK WND
================================================================================
1 2 3 4 5 6A 6B 7 8 9 10 11 12 13 14 15 16 17 18
12Z AVG MX 2MIN
DY MAX MIN AVG DEP HDD CDD WTR SNW DPTH SPD SPD DIR MIN PSBL S-S WX SPD DR
================================================================================
1 35 20 28 4 37 0 0.00 M M 21.6 40 290 M M 7 8 53 290
2 44 18 31 6 34 0 T M M 18.5 35 290 M M 3 46 300
3 38 26 32 7 33 0 0.01 M M 12.3 23 280 M M 4 1 29 270
4 55 26 41 16 24 0 0.02 M M 18.7 58 270 M M 2 18 76 270
5 43 24 34 8 31 0 0.00 M M 15.8 36 290 M M 2 46 290
6 64 28 46 20 19 0 0.00 M M 16.5 24 180 M M 0 33 180
7 69 33 51 25 14 0 0.00 M M 6.0 14 170 M M 0 8 14 170
8 41 19 30 3 35 0 0.00 M M 14.5 25 320 M M 7 12 34 320
9 42 15 29 2 36 0 0.00 M M 5.1 14 170 M M 6 1 19 160
10 47 25 36 8 29 0 T M M 7.4 22 240 M M 5 29 260
11 54 31 43 15 22 0 0.04 M M 12.7 22 290 M M 6 1 28 270
12 38 19 29 1 36 0 0.00 M M 16.8 32 300 M M 5 44 330
13 31 17 24 -5 41 0 0.00 M M 11.3 21 100 M M 4 27 110
14 25 19 22 -7 43 0 T M M 20.5 28 100 M M 10 1 36 110
15 32 24 28 -1 37 0 M M M 12.7 25 120 M M 10 1 34 130
16 28 12 20 -10 45 0 T M M 14.9 26 280 M M 8 18 33 280
17 42 9 26 -4 39 0 0.00 M M 10.6 23 170 M M 4 31 190
18 32 20 26 -5 39 0 0.06 M M 9.8 15 50 M M 10 128 19 40
19 21 3 12 -19 53 0 M M M 12.9 22 20 M M 7 168 28 20
20 28 -2 13 -18 52 0 0.00 M M 10.2 22 160 M M 2 32 170
21 43 16 30 -2 35 0 0.00 M M 9.6 22 180 M M 4 26 180
22 44 18 31 -1 34 0 0.00 M M 7.8 14 300 M M 3 1 20 290
23 60 22 41 8 24 0 0.00 M M 9.3 18 230 M M 0 26 230
24 55 27 41 8 24 0 0.00 M M 14.7 35 290 M M 2 42 290
25 37 22 30 -4 35 0 0.00 M M 6.7 13 340 M M 7 18 17 340
26 48 22 35 1 30 0 0.00 M M 8.0 16 190 M M 6 12 20 200
27 55 27 41 7 24 0 0.00 M M 7.9 15 290 M M 2 20 300
28 58 22 40 5 25 0 0.00 M M 7.1 16 340 M M 1 23 330
29 61 28 45 10 20 0 0.00 M M 7.8 16 160 M M 1 23 150
30 65 32 49 13 16 0 0.00 M M 11.7 20 160 M M 1 24 200
31 60 32 46 10 19 0 0.00 M M 13.7 32 320 M M 5 18 42 320
================================================================================
SM 1395 654 985 0 0.13 M 373.1 M 134
================================================================================
AV 45.0 21.1 12.0 FASTST M M 4 MAX(MPH)
MISC ----> # 58 270 # 76 270
================================================================================
NOTES:
# LAST OF SEVERAL OCCURRENCES
COLUMN 17 PEAK WIND IN M.P.H.
PRELIMINARY LOCAL CLIMATOLOGICAL DATA (WS FORM: F-6) , PAGE 2
STATION: DICKINSON ND
MONTH: MARCH
YEAR: 2020
LATITUDE: 46 47 N
LONGITUDE: 102 48 W
[TEMPERATURE DATA] [PRECIPITATION DATA] SYMBOLS USED IN COLUMN 16
AVERAGE MONTHLY: 33.1 TOTAL FOR MONTH: 0.13 1 = FOG OR MIST
DPTR FM NORMAL: 3.0 DPTR FM NORMAL: -0.56 2 = FOG REDUCING VISIBILITY
HIGHEST: 69 ON 7 GRTST 24HR 0.06 ON 18-18 TO 1/4 MILE OR LESS
LOWEST: -2 ON 20 3 = THUNDER
SNOW, ICE PELLETS, HAIL 4 = ICE PELLETS
TOTAL MONTH: M 5 = HAIL
GRTST 24HR M ON M 6 = FREEZING RAIN OR DRIZZLE
GRTST DEPTH: M ON M 7 = DUSTSTORM OR SANDSTORM:
VSBY 1/2 MILE OR LESS
8 = SMOKE OR HAZE
[NO. OF DAYS WITH] [WEATHER - DAYS WITH] 9 = BLOWING SNOW
X = TORNADO
MAX 32 OR BELOW: 7 0.01 INCH OR MORE: 4
MAX 90 OR ABOVE: 0 0.10 INCH OR MORE: 0
MIN 32 OR BELOW: 30 0.50 INCH OR MORE: 0
MIN 0 OR BELOW: 1 1.00 INCH OR MORE: 0
[HDD (BASE 65) ]
TOTAL THIS MO. 985 CLEAR (SCALE 0-3) 12
DPTR FM NORMAL -101 PTCLDY (SCALE 4-7) 16
TOTAL FM JUL 1 7172 CLOUDY (SCALE 8-10) 3
DPTR FM NORMAL -208
[CDD (BASE 65) ]
TOTAL THIS MO. 0
DPTR FM NORMAL 0 [PRESSURE DATA]
TOTAL FM JAN 1 0 HIGHEST SLP 30.76 ON 20
DPTR FM NORMAL 0 LOWEST SLP 29.45 ON 2
[REMARKS]
#FINAL-03-20#