000
CXUS51 KCTP 010800
CF6IPT
PRELIMINARY LOCAL CLIMATOLOGICAL DATA (WS FORM: F-6)
STATION: WILLIAMSPORT PA
MONTH: APRIL
YEAR: 2022
LATITUDE: 41 15 N
LONGITUDE: 76 55 W
TEMPERATURE IN F: :PCPN: SNOW: WIND :SUNSHINE: SKY :PK WND
================================================================================
1 2 3 4 5 6A 6B 7 8 9 10 11 12 13 14 15 16 17 18
12Z AVG MX 2MIN
DY MAX MIN AVG DEP HDD CDD WTR SNW DPTH SPD SPD DIR MIN PSBL S-S WX SPD DR
================================================================================
1 55 38 47 2 18 0 0.02 T 0 15.3 28 280 M M 9 37 290
2 52 33 43 -2 22 0 0.00 0.0 0 6.9 18 290 M M 3 23 300
3 49 37 43 -2 22 0 0.05 0.0 0 9.5 22 290 M M 10 1 31 270
4 53 37 45 -1 20 0 0.00 0.0 0 5.1 14 260 M M 8 17 260
5 63 37 50 4 15 0 0.02 0.0 0 6.2 16 190 M M 6 26 140
6 64 47 56 9 9 0 0.31 0.0 0 6.9 23 120 M M 10 1 32 120
7 53 43 48 1 17 0 0.92 0.0 0 7.8 21 120 M M 10 18 34 120
8 58 41 50 3 15 0 T 0.0 0 7.7 22 240 M M 6 1 27 190
9 56 39 48 0 17 0 0.01 0.0 0 8.1 23 250 M M 8 29 270
10 47 36 42 -6 23 0 0.02 T 0 11.9 22 310 M M 9 28 310
11 60 30 45 -4 20 0 0.01 0.0 0 4.3 16 180 M M 3 26 160
12 72 47 60 11 5 0 0.09 0.0 0 3.5 15 300 M M 4 1 18 320
13 76 45 61 12 4 0 T 0.0 0 5.1 16 140 M M 4 20 140
14 78 41 60 10 5 0 T 0.0 0 7.0 31 280 M M 4 42 280
15 71 33 52 2 13 0 0.00 0.0 0 8.7 31 250 M M 1 39 240
16 64 39 52 1 13 0 0.15 0.0 0 6.0 24 250 M M 7 1 32 260
17 49 29 39 -12 26 0 T T 0 6.5 22 310 M M 6 8 28 310
18 46 26 36 -15 29 0 0.79 1.3 0 6.5 22 180 M M 5 1 36 180
19 47 32 40 -12 25 0 0.37 2.0 3 13.3 24 260 M M 9 1 41 250
20 59 36 48 -4 17 0 0.00 0.0 0 6.7 20 280 M M 2 25 290
21 55 43 49 -4 16 0 0.05 0.0 0 8.0 21 200 M M 6 12 35 150
22 68 39 54 1 11 0 0.00 0.0 0 4.4 17 290 M M 3 12 24 300
23 63 47 55 2 10 0 0.00 0.0 0 4.7 14 90 M M 6 18 130
24 79 47 63 9 2 0 0.00 0.0 0 7.8 23 170 M M 1 32 170
25 70 52 61 7 4 0 0.00 0.0 0 9.9 24 90 M M 4 33 110
26 59 47 53 -1 12 0 0.12 0.0 0 4.8 16 300 M M 9 1 22 100
27 48 36 42 -13 23 0 0.00 0.0 0 13.5 22 320 M M 9 30 300
28 56 36 46 -9 19 0 0.00 0.0 0 11.7 24 340 M M 3 33 330
29 63 31 47 -9 18 0 0.00 0.0 0 7.7 20 320 M M 0 27 10
30 69 30 50 -6 15 0 0.00 0.0 0 3.6 13 360 M M 0 18 320
================================================================================
SM 1802 1154 465 0 2.93 3.3 229.1 M 165
================================================================================
AV 60.1 38.5 7.6 FASTST M M 6 MAX(MPH)
MISC ----> # 31 280 42 280
================================================================================
NOTES:
# LAST OF SEVERAL OCCURRENCES
COLUMN 17 PEAK WIND IN M.P.H.
PRELIMINARY LOCAL CLIMATOLOGICAL DATA (WS FORM: F-6) , PAGE 2
STATION: WILLIAMSPORT PA
MONTH: APRIL
YEAR: 2022
LATITUDE: 41 15 N
LONGITUDE: 76 55 W
[TEMPERATURE DATA] [PRECIPITATION DATA] SYMBOLS USED IN COLUMN 16
AVERAGE MONTHLY: 49.3 TOTAL FOR MONTH: 2.93 1 = FOG OR MIST
DPTR FM NORMAL: -1.0 DPTR FM NORMAL: -0.69 2 = FOG REDUCING VISIBILITY
HIGHEST: 79 ON 24 GRTST 24HR 1.15 ON 18-19 TO 1/4 MILE OR LESS
LOWEST: 26 ON 18 3 = THUNDER
SNOW, ICE PELLETS, HAIL 4 = ICE PELLETS
TOTAL MONTH: 3.3 INCHES 5 = HAIL
GRTST 24HR 2.0 ON 19-19 6 = FREEZING RAIN OR DRIZZLE
GRTST DEPTH: 3 ON 19 7 = DUSTSTORM OR SANDSTORM:
VSBY 1/2 MILE OR LESS
8 = SMOKE OR HAZE
[NO. OF DAYS WITH] [WEATHER - DAYS WITH] 9 = BLOWING SNOW
X = TORNADO
MAX 32 OR BELOW: 0 0.01 INCH OR MORE: 14
MAX 90 OR ABOVE: 0 0.10 INCH OR MORE: 6
MIN 32 OR BELOW: 6 0.50 INCH OR MORE: 2
MIN 0 OR BELOW: 0 1.00 INCH OR MORE: 0
[HDD (BASE 65) ]
TOTAL THIS MO. 465 CLEAR (SCALE 0-3) 6
DPTR FM NORMAL 20 PTCLDY (SCALE 4-7) 16
TOTAL FM JUL 1 5190 CLOUDY (SCALE 8-10) 8
DPTR FM NORMAL -374
[CDD (BASE 65) ]
TOTAL THIS MO. 0
DPTR FM NORMAL -6 [PRESSURE DATA]
TOTAL FM JAN 1 0 HIGHEST SLP 30.47 ON 22
DPTR FM NORMAL -6 LOWEST SLP 29.49 ON 1
[REMARKS]
#FINAL-04-22#