000
CXUS53 KGID 010830
CF6ODX
PRELIMINARY LOCAL CLIMATOLOGICAL DATA (WS FORM: F-6)
STATION: ORD NE
MONTH: MAY
YEAR: 2023
LATITUDE: 41 37 N
LONGITUDE: 98 57 W
TEMPERATURE IN F: :PCPN: SNOW: WIND :SUNSHINE: SKY :PK WND
================================================================================
1 2 3 4 5 6A 6B 7 8 9 10 11 12 13 14 15 16 17 18
12Z AVG MX 2MIN
DY MAX MIN AVG DEP HDD CDD WTR SNW DPTH SPD SPD DIR MIN PSBL S-S WX SPD DR
================================================================================
1 65 28 47 -6 18 0 0.00 M M 11.5 24 340 M M 0 35 350
2 68 27 48 -5 17 0 0.00 M M 7.7 18 360 M M 0 8 27 10
3 80 25 53 0 12 0 0.00 M M 6.8 17 170 M M 0 25 170
4 86 47 67 13 0 2 0.29 M M 10.3 23 340 M M 2 13 32 330
5 75 57 66 12 0 1 0.89 M M 6.0 31 280 M M 4 13 40 290
6 80 53 67 12 0 2 0.39 M M 6.7 21 80 M M 3 13 27 70
7 80 53 67 12 0 2 T M M 10.5 25 110 M M 4 3 35 120
8 81 48 65 10 0 0 0.00 M M 6.7 20 270 M M 0 1 28 220
9 73 52 63 7 2 0 0.11 M M 8.3 24 130 M M 3 33 110
10 76 50 63 7 2 0 0.18 M M 7.8 21 110 M M 4 138 30 140
11 80 56 68 11 0 3 0.65 M M 10.3 28 120 M M 8 13 39 130
12 75 56 66 9 0 1 1.05 M M 10.7 30 80 M M 8 13 42 170
13 73 58 66 8 0 1 0.13 M M 12.4 22 340 M M 9 1 28 340
14 62 53 58 0 7 0 0.03 M M 13.5 20 350 M M 10 1 26 330
15 56 50 53 -5 12 0 0.01 M M 8.2 18 20 M M 10 1 23 20
16 76 47 62 3 3 0 0.00 M M 3.9 13 320 M M 2 1 15 310
17 79 43 61 2 4 0 0.00 M M 4.6 20 270 M M 0 25 260
18 75 53 64 4 1 0 0.00 M M 8.1 17 10 M M 6 18 23 360
19 66 42 54 -6 11 0 0.00 M M 13.6 26 360 M M 1 8 35 360
20 74 36 55 -5 10 0 0.00 M M 3.5 14 190 M M 0 16 190
21 80 45 63 2 2 0 0.00 M M 5.2 16 190 M M 2 21 200
22 80 56 68 7 0 3 0.00 M M 6.9 18 160 M M 4 24 160
23 81 52 67 5 0 2 0.00 M M 6.4 16 200 M M 2 18 22 190
24 81 50 66 4 0 1 0.00 M M 4.9 16 170 M M 3 18 23 140
25 83 49 66 4 0 1 0.13 M M 8.5 25 180 M M 2 13 33 140
26 80 57 69 6 0 4 0.00 M M 11.3 22 170 M M 2 30 150
27 84 55 70 7 0 5 0.00 M M 11.9 26 170 M M 2 37 180
28 78 61 70 6 0 5 0.24 M M 9.4 20 180 M M 4 1 28 180
29 87 55 71 7 0 6 0.58 M M 12.4 30 310 M M 3 13 46 320
30 86 60 73 9 0 8 T M M 4.7 21 190 M M 0 8 29 140
31 85 57 71 6 0 6 0.08 M M 4.0 30 280 M M 1 3 44 290
================================================================================
SM 2385 1531 101 53 4.76 M 256.7 M 99
================================================================================
AV 76.9 49.4 8.3 FASTST M M 3 MAX(MPH)
MISC ----> 31 280 46 320
================================================================================
NOTES:
# LAST OF SEVERAL OCCURRENCES
COLUMN 17 PEAK WIND IN M.P.H.
PRELIMINARY LOCAL CLIMATOLOGICAL DATA (WS FORM: F-6) , PAGE 2
STATION: ORD NE
MONTH: MAY
YEAR: 2023
LATITUDE: 41 37 N
LONGITUDE: 98 57 W
[TEMPERATURE DATA] [PRECIPITATION DATA] SYMBOLS USED IN COLUMN 16
AVERAGE MONTHLY: 63.2 TOTAL FOR MONTH: 4.76 1 = FOG OR MIST
DPTR FM NORMAL: 4.5 DPTR FM NORMAL: 1.06 2 = FOG REDUCING VISIBILITY
HIGHEST: 87 ON 29 GRTST 24HR 1.51 ON 11-12 TO 1/4 MILE OR LESS
LOWEST: 25 ON 3 3 = THUNDER
SNOW, ICE PELLETS, HAIL 4 = ICE PELLETS
TOTAL MONTH: M 5 = HAIL
GRTST 24HR M ON M 6 = FREEZING RAIN OR DRIZZLE
GRTST DEPTH: M ON M 7 = DUSTSTORM OR SANDSTORM:
VSBY 1/2 MILE OR LESS
8 = SMOKE OR HAZE
[NO. OF DAYS WITH] [WEATHER - DAYS WITH] 9 = BLOWING SNOW
X = TORNADO
MAX 32 OR BELOW: 0 0.01 INCH OR MORE: 14
MAX 90 OR ABOVE: 0 0.10 INCH OR MORE: 11
MIN 32 OR BELOW: 3 0.50 INCH OR MORE: 4
MIN 0 OR BELOW: 0 1.00 INCH OR MORE: 1
[HDD (BASE 65) ]
TOTAL THIS MO. 101 CLEAR (SCALE 0-3) 19
DPTR FM NORMAL -133 PTCLDY (SCALE 4-7) 9
TOTAL FM JUL 1 6496 CLOUDY (SCALE 8-10) 3
DPTR FM NORMAL -108
[CDD (BASE 65) ]
TOTAL THIS MO. 53
DPTR FM NORMAL 13 [PRESSURE DATA]
TOTAL FM JAN 1 72 HIGHEST SLP 30.41 ON 15
DPTR FM NORMAL 30 LOWEST SLP 29.63 ON 6
[REMARKS]
#FINAL-05-23#