000
CXUS56 KLKN 151816
CF6P68
PRELIMINARY LOCAL CLIMATOLOGICAL DATA (WS FORM: F-6)
STATION: EUREKA AIRPORT NV
MONTH: MAY
YEAR: 2022
LATITUDE: 39 30 N
LONGITUDE: 115 58 W
TEMPERATURE IN F: :PCPN: SNOW: WIND :SUNSHINE: SKY :PK WND
================================================================================
1 2 3 4 5 6A 6B 7 8 9 10 11 12 13 14 15 16 17 18
12Z AVG MX 2MIN
DY MAX MIN AVG DEP HDD CDD WTR SNW DPTH SPD SPD DIR MIN PSBL S-S WX SPD DR
================================================================================
1 51 29 40 -7 25 0 0.02 M M 9.8 22 330 M M M 32 330
2 73 27 50 2 15 0 0.00 M M 14.5 39 230 M M M 54 330
3 48 28 38 -10 27 0 0.00 M M 9.0 22 350 M M M 29 330
4 67 26 47 -1 18 0 0.00 M M 5.3 15 10 M M M 21 350
5 77 33 55 7 10 0 0.00 M M 8.7 23 260 M M M 31 240
6 78 33 56 7 9 0 0.00 M M 11.1 31 270 M M M 42 280
7 67 35 51 2 14 0 0.00 M M 14.3 31 260 M M M 51 280
8 55 26 41 -8 24 0 0.00 M M 17.4 36 300 M M M 57 300
9 46 24 35 -15 30 0 0.00 M M 9.6 22 350 M M M 31 360
10 46 28 37 -13 28 0 0.04 M M 6.5 18 350 M M M 24 10
11 47 30 39 -11 26 0 0.11 M M 9.5 20 330 M M M 27 330
12 60 25 43 -8 22 0 0.00 M M 6.8 20 250 M M M 26 270
13 71 28 50 -1 15 0 0.00 M M 7.1 18 300 M M M 27 280
14 78 34 56 5 9 0 0.00 M M 7.3 20 310 M M M 28 330
15 85 37 61 9 4 0 0.00 M M 7.0 24 150 M M M 32 150
16 81 40 61 9 4 0 0.00 M M 6.5 18 310 M M M 25 240
17 76 43 60 8 5 0 0.00 M M 5.5 17 10 M M M 22 10
18 81 37 59 6 6 0 0.00 M M 6.3 17 320 M M M 23 280
19 76 35 56 3 9 0 0.00 M M 15.5 33 260 M M M 48 280
20 55 26 41 -12 24 0 0.00 M M 8.9 21 40 M M M 38 330
21 63 23 43 -11 22 0 0.00 M M 5.7 15 290 M M M 24 40
22 70 26 48 -6 17 0 0.00 M M 8.5 26 300 M M M 36 300
23 68 30 49 -5 16 0 0.00 M M 7.7 20 360 M M M 29 350
24 76 32 54 -1 11 0 0.00 M M 7.1 17 330 M M M 28 290
25 84 36 60 5 5 0 0.00 M M 5.5 16 270 M M M 24 280
26 89 46 68 13 0 3 0.00 M M 12.7 28 200 M M M 38 200
27 78 43 61 5 4 0 0.00 M M 5.4 30 210 M M M 48 200
28 71 47 59 3 6 0 0.06 M M 9.8 23 270 M M M 33 280
29 54 36 45 -11 20 0 0.10 M M 11.4 24 20 M M M 35 310
30 53 27 40 -16 25 0 0.01 M M 4.4 18 50 M M M 27 40
31 63 27 45 -12 20 0 0.00 M M 4.9 15 20 M M M 22 30
================================================================================
SM 2087 997 470 3 0.34 M 269.7 M M
================================================================================
AV 67.3 32.2 8.7 FASTST M M M MAX(MPH)
MISC ----> 39 230 57 300
================================================================================
NOTES:
# LAST OF SEVERAL OCCURRENCES
COLUMN 17 PEAK WIND IN M.P.H.
PRELIMINARY LOCAL CLIMATOLOGICAL DATA (WS FORM: F-6) , PAGE 2
STATION: EUREKA AIRPORT NV
MONTH: MAY
YEAR: 2022
LATITUDE: 39 30 N
LONGITUDE: 115 58 W
[TEMPERATURE DATA] [PRECIPITATION DATA] SYMBOLS USED IN COLUMN 16
AVERAGE MONTHLY: 49.7 TOTAL FOR MONTH: 0.34 1 = FOG OR MIST
DPTR FM NORMAL: -2.3 DPTR FM NORMAL: -0.82 2 = FOG REDUCING VISIBILITY
HIGHEST: 89 ON 26 GRTST 24HR 0.11 ON 11-11 TO 1/4 MILE OR LESS
LOWEST: 23 ON 21 3 = THUNDER
SNOW, ICE PELLETS, HAIL 4 = ICE PELLETS
TOTAL MONTH: M 5 = HAIL
GRTST 24HR M ON M 6 = FREEZING RAIN OR DRIZZLE
GRTST DEPTH: M ON M 7 = DUSTSTORM OR SANDSTORM:
VSBY 1/2 MILE OR LESS
8 = SMOKE OR HAZE
[NO. OF DAYS WITH] [WEATHER - DAYS WITH] 9 = BLOWING SNOW
X = TORNADO
MAX 32 OR BELOW: 0 0.01 INCH OR MORE: 6
MAX 90 OR ABOVE: 0 0.10 INCH OR MORE: 2
MIN 32 OR BELOW: 17 0.50 INCH OR MORE: 0
MIN 0 OR BELOW: 0 1.00 INCH OR MORE: 0
[HDD (BASE 65) ]
TOTAL THIS MO. 470 CLEAR (SCALE 0-3) 0
DPTR FM NORMAL 63 PTCLDY (SCALE 4-7) 0
TOTAL FM JUL 1 6854 CLOUDY (SCALE 8-10) 31
DPTR FM NORMAL -161
[CDD (BASE 65) ]
TOTAL THIS MO. 3
DPTR FM NORMAL -1 [PRESSURE DATA]
TOTAL FM JAN 1 3 HIGHEST SLP 30.26 ON 12
DPTR FM NORMAL -1 LOWEST SLP 29.45 ON 8
[REMARKS]
#FINAL-05-22#