000
CXUS51 KPHI 010815
CF6PHL
PRELIMINARY LOCAL CLIMATOLOGICAL DATA (WS FORM: F-6)
STATION: PHILADELPHIA PA
MONTH: OCTOBER
YEAR: 2022
LATITUDE: 39 52 N
LONGITUDE: 75 15 W
TEMPERATURE IN F: :PCPN: SNOW: WIND :SUNSHINE: SKY :PK WND
================================================================================
1 2 3 4 5 6A 6B 7 8 9 10 11 12 13 14 15 16 17 18
12Z AVG MX 2MIN
DY MAX MIN AVG DEP HDD CDD WTR SNW DPTH SPD SPD DIR MIN PSBL S-S WX SPD DR
================================================================================
1 63 56 60 -4 5 0 0.84 0.0 0 16.1 29 40 M M 10 1 36 50
2 60 48 54 -10 11 0 1.99 0.0 0 15.2 28 30 M M 10 18 39 30
3 53 48 51 -12 14 0 0.33 0.0 0 15.2 24 20 M M 10 1 29 20
4 54 48 51 -12 14 0 0.65 0.0 0 15.0 21 10 M M 10 1 33 360
5 64 54 59 -3 6 0 0.01 0.0 0 10.1 21 20 M M 10 1 28 10
6 77 52 65 3 0 0 0.00 0.0 0 5.3 12 230 M M 4 17 220
7 80 56 68 6 0 3 0.02 0.0 0 8.2 21 320 M M 3 25 320
8 62 48 55 -6 10 0 0.02 0.0 0 10.0 20 340 M M 4 31 320
9 65 44 55 -6 10 0 0.00 0.0 0 8.7 21 260 M M 0 27 230
10 70 43 57 -3 8 0 0.00 0.0 0 5.8 14 230 M M 1 19 230
11 74 46 60 0 5 0 0.00 0.0 0 5.0 12 230 M M 1 14 210
12 71 49 60 0 5 0 0.00 0.0 0 4.9 13 180 M M 7 22 180
13 72 56 64 5 1 0 0.61 0.0 0 7.8 23 330 M M 10 18 28 330
14 71 50 61 2 4 0 T 0.0 0 4.6 10 290 M M 4 1 14 330
15 73 48 61 3 4 0 0.00 0.0 0 5.4 21 210 M M 2 28 190
16 69 50 60 2 5 0 0.00 0.0 0 2.3 10 340 M M 7 16 340
17 70 51 61 3 4 0 0.42 T 0 8.9 22 290 M M 9 135 29 300
18 57 45 51 -6 14 0 0.00 0.0 0 8.9 16 290 M M 4 23 320
19 56 41 49 -8 16 0 0.00 0.0 0 13.6 24 250 M M 3 30 240
20 61 42 52 -5 13 0 0.00 0.0 0 11.6 24 240 M M 1 29 230
21 65 41 53 -3 12 0 0.00 0.0 0 3.8 10 230 M M 1 1 14 250
22 70 43 57 1 8 0 0.00 0.0 0 2.3 8 120 M M 3 1 10 120
23 64 51 58 2 7 0 0.09 0.0 0 11.0 20 50 M M 10 1 27 40
24 62 54 58 3 7 0 0.72 0.0 0 8.8 18 40 M M 10 1 22 40
25 70 61 66 11 0 1 0.01 0.0 0 1.7 9 260 M M 10 12 11 260
26 68 59 64 10 1 0 T 0.0 0 7.2 16 250 M M 9 12 19 240
27 65 51 58 4 7 0 0.00 0.0 0 11.6 23 340 M M 1 31 340
28 59 44 52 -2 13 0 0.00 0.0 0 9.4 17 40 M M 5 23 10
29 62 42 52 -1 13 0 0.00 0.0 0 5.9 14 30 M M 3 23 20
30 66 40 53 0 12 0 0.00 0.0 0 2.3 7 120 M M 6 14 360
31 65 46 56 3 9 0 0.09 0.0 0 3.0 12 230 M M 8 1 19 200
================================================================================
SM 2038 1507 238 4 5.80 T 249.6 M 176
================================================================================
AV 65.7 48.6 8.1 FASTST M M 6 MAX(MPH)
MISC ----> 29 40 39 30
================================================================================
NOTES:
# LAST OF SEVERAL OCCURRENCES
COLUMN 17 PEAK WIND IN M.P.H.
PRELIMINARY LOCAL CLIMATOLOGICAL DATA (WS FORM: F-6) , PAGE 2
STATION: PHILADELPHIA PA
MONTH: OCTOBER
YEAR: 2022
LATITUDE: 39 52 N
LONGITUDE: 75 15 W
[TEMPERATURE DATA] [PRECIPITATION DATA] SYMBOLS USED IN COLUMN 16
AVERAGE MONTHLY: 57.2 TOTAL FOR MONTH: 5.80 1 = FOG OR MIST
DPTR FM NORMAL: -1.0 DPTR FM NORMAL: 2.33 2 = FOG REDUCING VISIBILITY
HIGHEST: 80 ON 7 GRTST 24HR 2.02 ON 2- 3 TO 1/4 MILE OR LESS
LOWEST: 40 ON 30 3 = THUNDER
SNOW, ICE PELLETS, HAIL 4 = ICE PELLETS
TOTAL MONTH: T 5 = HAIL
GRTST 24HR T ON 17-17 6 = FREEZING RAIN OR DRIZZLE
GRTST DEPTH: 0 7 = DUSTSTORM OR SANDSTORM:
VSBY 1/2 MILE OR LESS
8 = SMOKE OR HAZE
[NO. OF DAYS WITH] [WEATHER - DAYS WITH] 9 = BLOWING SNOW
X = TORNADO
MAX 32 OR BELOW: 0 0.01 INCH OR MORE: 13
MAX 90 OR ABOVE: 0 0.10 INCH OR MORE: 7
MIN 32 OR BELOW: 0 0.50 INCH OR MORE: 5
MIN 0 OR BELOW: 0 1.00 INCH OR MORE: 1
[HDD (BASE 65) ]
TOTAL THIS MO. 238 CLEAR (SCALE 0-3) 10
DPTR FM NORMAL 2 PTCLDY (SCALE 4-7) 10
TOTAL FM JUL 1 257 CLOUDY (SCALE 8-10) 11
DPTR FM NORMAL -7
[CDD (BASE 65) ]
TOTAL THIS MO. 4
DPTR FM NORMAL -22 [PRESSURE DATA]
TOTAL FM JAN 1 1729 HIGHEST SLP 30.51 ON 28
DPTR FM NORMAL 371 LOWEST SLP 29.57 ON 17
[REMARKS]
#FINAL-10-22#