285
CXUS53 KILX 011743
CLSPIA
CLIMATE REPORT
NATIONAL WEATHER SERVICE LINCOLN IL
1143 AM CST TUE DEC 01 2020
...................................
...THE PEORIA IL CLIMATE SUMMARY FOR THE SEASON, FROM
9/1/2020 TO 11/30/2020...
CLIMATE NORMAL PERIOD 1981 TO 2010
CLIMATE RECORD PERIOD 1883 TO 2020
WEATHER OBSERVED NORMAL DEPART LAST YEAR`S
VALUE DATE(S) VALUE FROM VALUE
NORMAL
..............................................................
TEMPERATURE (F)
RECORD
HIGH 104 09/05/1899
LOW -2 11/26/1977
HIGHEST 86 09/03 MM MM 91
LOWEST 20 11/02 MM MM 5
AVG. MAXIMUM 64.8 64.0 0.8 62.8
AVG. MINIMUM 44.1 43.9 0.2 44.5
MEAN 54.5 53.9 0.6 53.6
DAYS MAX >= 90 0 1.7 -1.7 MM
DAYS MAX <= 32 0 1.6 -1.6 MM
DAYS MIN <= 32 17 17.5 -0.5 MM
DAYS MIN <= 0 0 0.0 0.0 MM
PRECIPITATION (INCHES)
RECORD
MAXIMUM 19.58 1926
MINIMUM 2.92 2002
TOTALS 9.89 9.12 0.77 14.85
DAILY AVG. 0.11 0.16
DAYS >= .01 28 26.9 1.1 MM
DAYS >= .10 16 17.0 -1.0 MM
DAYS >= .50 9 6.5 2.5 MM
DAYS >= 1.00 1 2.0 -1.0 MM
GREATEST
24 HR. TOTAL 2.03 09/12 TO 09/12 3.14
SNOWFALL (INCHES)
RECORDS
TOTAL 10.7 1926
24 HR TOTAL 6.8 11/26/1975 TO 11/26/1975
TOTALS 0.2 1.1 -0.9 6.0
SINCE 7/1 0.2 1.1 -0.9 MM
DAYS >= TRACE 3 1.4 1.6 MM
DAYS >= 1.0 0 0.3 -0.3 MM
GREATEST
SNOW DEPTH 0 2
24 HR TOTAL 0.0 3.9
DEGREE DAYS
HEATING TOTAL 1032 1142 -110 1263
SINCE 7/1 1032 1148 -116 MM
COOLING TOTAL 95 132 -37 250
SINCE 1/1 1142 1039 103 1232
FREEZE DATES
RECORD
EARLIEST 09/20/1991
LATEST 05/25/1925
EARLIEST 10/16
LATEST 04/20
..............................................................
WIND (MPH)
AVERAGE WIND SPEED 7.7
HIGHEST WIND SPEED/DIRECTION 35/220 DATE 11/10
HIGHEST GUST SPEED/DIRECTION 58/210 DATE 11/10
SKY COVER
POSSIBLE SUNSHINE (PERCENT) MM
AVERAGE SKY COVER 0.35
NUMBER OF DAYS FAIR 53
NUMBER OF DAYS PC 20
NUMBER OF DAYS CLOUDY 18
AVERAGE RH (PERCENT) 67
WEATHER CONDITIONS. NUMBER OF DAYS WITH
THUNDERSTORM 10 MIXED PRECIP 0
HEAVY RAIN 9 RAIN 11
LIGHT RAIN 32 FREEZING RAIN 0
LT FREEZING RAIN 0 HAIL 0
HEAVY SNOW 0 SNOW 0
LIGHT SNOW 4 SLEET 0
FOG 34 FOG W/VIS <= 1/4 MILE 4
HAZE 5
- INDICATES NEGATIVE NUMBERS.
R INDICATES RECORD WAS SET OR TIED.
MM INDICATES DATA IS MISSING.
T INDICATES TRACE AMOUNT.
$$