000
CXUS53 KGRB 012331
CF6RHI
PRELIMINARY LOCAL CLIMATOLOGICAL DATA (WS FORM: F-6)
STATION: RHINELANDER WI
MONTH: OCTOBER
YEAR: 2023
LATITUDE: 45 37 N
LONGITUDE: 89 27 W
TEMPERATURE IN F: :PCPN: SNOW: WIND :SUNSHINE: SKY :PK WND
================================================================================
1 2 3 4 5 6A 6B 7 8 9 10 11 12 13 14 15 16 17 18
12Z AVG MX 2MIN
DY MAX MIN AVG DEP HDD CDD WTR SNW DPTH SPD SPD DIR MIN PSBL S-S WX SPD DR
================================================================================
1 85 56 71 20 0 6 0.00 0.0 0 5.7 17 220 M M 3 12 26 200
2 83 59 71 21 0 6 0.00 0.0 0 7.5 15 190 M M 0 25 180
3 81 62 72 22 0 7 0.00 0.0 0 9.2 22 180 M M 1 32 210
4 74 49 62 13 3 0 0.05 0.0 0 10.7 21 220 M M 6 1 32 200
5 65 46 56 7 9 0 0.02 0.0 0 9.6 24 260 M M 4 1 36 270
6 48 40 44 -4 21 0 0.16 0.0 0 10.1 23 270 M M 8 1 32 270
7 51 30 41 -7 24 0 T 0.0 0 5.6 16 290 M M 2 28 330
8 50 28 39 -9 26 0 0.03 0.0 0 3.1 10 330 M M 7 18 360
9 47 30 39 -8 26 0 0.00 0.0 0 7.9 17 290 M M 6 1 29 300
10 47 33 40 -7 25 0 0.04 0.0 0 4.3 13 270 M M 9 18 17 270
11 51 30 41 -5 24 0 0.00 0.0 0 2.0 10 60 M M 6 12 13 80
12 54 29 42 -4 23 0 0.00 0.0 0 8.2 17 100 M M 3 1 28 90
13 46 42 44 -2 21 0 0.48 0.0 0 10.9 20 100 M M 10 1 27 110
14 50 41 46 1 19 0 0.01 0.0 0 7.7 15 70 M M 9 1 23 30
15 52 36 44 -1 21 0 0.00 0.0 0 6.8 15 320 M M 8 23 340
16 52 40 46 2 19 0 0.00 0.0 0 4.8 9 20 M M 8 18 99
17 56 36 46 2 19 0 0.00 0.0 0 2.8 10 280 M M 3 15 230
18 62 40 51 8 14 0 0.03 0.0 0 4.2 15 200 M M 6 23 190
19 51 41 46 3 19 0 0.30 0.0 0 4.0 10 330 M M 9 12 19 350
20 54 31 43 0 22 0 0.00 0.0 0 5.4 14 300 M M 4 21 350
21 40 29 35 -7 30 0 0.49 0.0 0 4.4 13 350 M M 8 1 23 350
22 49 25 37 -5 28 0 0.00 0.0 0 2.9 9 290 M M 5 1 16 260
23 52 30 41 0 24 0 0.02 0.0 0 5.2 15 170 M M 8 24 160
24 59 43 51 10 14 0 0.92 0.0 0 3.5 9 200 M M 8 13 18 200
25 54 48 51 11 14 0 0.20 0.0 0 5.2 9 110 M M 10 18 13 120
26 50 46 48 8 17 0 0.11 0.0 0 5.4 13 110 M M 10 1 16 110
27 57 33 45 5 20 0 0.09 T 0 10.7 23 270 M M 10 1 32 280
28 36 29 33 -6 32 0 T T 0 5.9 13 270 M M 9 1 19 280
29 36 25 31 -8 34 0 0.00 0.0 0 5.6 15 290 M M 4 26 280
30 31 17 24 -14 41 0 T T 0 9.3 18 270 M M 5 1 27 260
31 34 13 24 -14 41 0 0.26 2.3 2 6.4 13 50 M M 7 18 21 10
================================================================================
SM 1657 1137 630 19 3.21 2.3 195.0 M 196
================================================================================
AV 53.5 36.7 6.3 FASTST M M 6 MAX(MPH)
MISC ----> 24 260 36 270
================================================================================
NOTES:
# LAST OF SEVERAL OCCURRENCES
COLUMN 17 PEAK WIND IN M.P.H.
PRELIMINARY LOCAL CLIMATOLOGICAL DATA (WS FORM: F-6) , PAGE 2
STATION: RHINELANDER WI
MONTH: OCTOBER
YEAR: 2023
LATITUDE: 45 37 N
LONGITUDE: 89 27 W
[TEMPERATURE DATA] [PRECIPITATION DATA] SYMBOLS USED IN COLUMN 16
AVERAGE MONTHLY: 45.1 TOTAL FOR MONTH: 3.21 1 = FOG OR MIST
DPTR FM NORMAL: 0.8 DPTR FM NORMAL: -0.01 2 = FOG REDUCING VISIBILITY
HIGHEST: 85 ON 1 GRTST 24HR 0.92 ON 24-24 TO 1/4 MILE OR LESS
LOWEST: 13 ON 31 3 = THUNDER
SNOW, ICE PELLETS, HAIL 4 = ICE PELLETS
TOTAL MONTH: 2.3 INCHES 5 = HAIL
GRTST 24HR 2.3 ON 31-31 6 = FREEZING RAIN OR DRIZZLE
GRTST DEPTH: 2 ON 31 7 = DUSTSTORM OR SANDSTORM:
VSBY 1/2 MILE OR LESS
8 = SMOKE OR HAZE
[NO. OF DAYS WITH] [WEATHER - DAYS WITH] 9 = BLOWING SNOW
X = TORNADO
MAX 32 OR BELOW: 1 0.01 INCH OR MORE: 16
MAX 90 OR ABOVE: 0 0.10 INCH OR MORE: 8
MIN 32 OR BELOW: 13 0.50 INCH OR MORE: 1
MIN 0 OR BELOW: 0 1.00 INCH OR MORE: 0
[HDD (BASE 65) ]
TOTAL THIS MO. 630 CLEAR (SCALE 0-3) 5
DPTR FM NORMAL -13 PTCLDY (SCALE 4-7) 15
TOTAL FM JUL 1 935 CLOUDY (SCALE 8-10) 11
DPTR FM NORMAL -104
[CDD (BASE 65) ]
TOTAL THIS MO. 19
DPTR FM NORMAL 17 [PRESSURE DATA]
TOTAL FM JAN 1 311 HIGHEST SLP 30.36 ON 28
DPTR FM NORMAL 29 LOWEST SLP 29.62 ON 19
[REMARKS]
#FINAL-10-23#