000
CXUS54 KFWD 010835
CF6RPH
PRELIMINARY LOCAL CLIMATOLOGICAL DATA (WS FORM: F-6)
STATION: GRAHAM
MONTH: FEBRUARY
YEAR: 2024
LATITUDE: 33 6 N
LONGITUDE: 98 30 W
TEMPERATURE IN F: :PCPN: SNOW: WIND :SUNSHINE: SKY :PK WND
================================================================================
1 2 3 4 5 6A 6B 7 8 9 10 11 12 13 14 15 16 17 18
12Z AVG MX 2MIN
DY MAX MIN AVG DEP HDD CDD WTR SNW DPTH SPD SPD DIR MIN PSBL S-S WX SPD DR
================================================================================
1 76 49 63 19 2 0 0.00 M M 8.2 14 210 M M 1 21 210
2 67 51 59 15 6 0 0.18 M M 8.7 14 150 M M 6 1 32 M
3 65 47 56 12 9 0 0.01 M M 7.0 14 230 M M 2 25 220
4 61 43 52 8 13 0 0.01 M M 11.2 18 340 M M 7 1 30 M
5 58 40 49 5 16 0 0.00 M M 10.2 17 340 M M 5 25 330
6 65 33 49 5 16 0 0.00 M M 3.5 12 130 M M 1 16 130
7 64 47 56 12 9 0 0.00 M M 8.8 15 130 M M 2 24 160
8 67 49 58 13 7 0 0.00 M M 6.9 14 250 M M 1 23 260
9 66 50 58 13 7 0 0.00 M M 4.8 13 280 M M 2 M M
10 61 48 55 10 10 0 0.02 M M 4.8 9 60 M M 7 18 M M
11 50 35 43 -2 22 0 0.17 M M 13.1 17 330 M M 10 1 24 350
12 53 31 42 -3 23 0 T M M 9.6 15 290 M M 3 23 310
13 67 27 47 1 18 0 0.00 M M 4.6 10 170 M M 0 21 220
14 69 44 57 11 8 0 0.00 M M 8.3 17 200 M M 0 23 190
15 68 48 58 12 7 0 0.00 M M 4.6 10 330 M M 0 M M
16 60 35 48 2 17 0 0.00 M M 13.6 24 350 M M 1 18 32 M
17 41 29 35 -11 30 0 0.00 M M 14.0 21 360 M M 6 29 20
18 53 22 38 -9 27 0 0.00 M M 3.9 10 200 M M 0 M M
19 73 36 55 8 10 0 0.00 M M 5.5 12 190 M M 0 18 190
20 83 38 61 14 4 0 0.00 M M 4.6 14 220 M M 0 8 M M
21 87 50 69 21 0 4 0.00 M M 8.6 14 170 M M 0 22 140
22 72 52 62 14 3 0 0.00 M M 9.4 18 310 M M 0 25 310
23 69 42 56 8 9 0 0.00 M M 4.4 13 310 M M 1 20 310
24 78 36 57 9 8 0 0.00 M M 4.9 16 220 M M 0 25 220
25 84 55 70 21 0 5 0.00 M M 8.2 16 240 M M 0 8 23 250
26 95 50 73 24 0 8 0.00 M M 7.7 23 240 M M 0 8 33 250
27 87 56 72 23 0 7 0.00 M M 7.6 17 230 M M 4 39 240
28 53 35 44 -6 21 0 0.00 M M 11.9 24 340 M M 1 33 350
29 41 36 39 -11 26 0 0.03 M M 2.8 7 30 M M 8 1 M M
================================================================================
SM 1933 1214 328 24 0.42 M 221.5 M 68
================================================================================
AV 66.7 41.9 7.6 FASTST M M 2 MAX(MPH)
MISC ----> # 24 350 39 240
================================================================================
NOTES:
# LAST OF SEVERAL OCCURRENCES
COLUMN 17 PEAK WIND IN M.P.H.
PRELIMINARY LOCAL CLIMATOLOGICAL DATA (WS FORM: F-6) , PAGE 2
STATION: GRAHAM
MONTH: FEBRUARY
YEAR: 2024
LATITUDE: 33 6 N
LONGITUDE: 98 30 W
[TEMPERATURE DATA] [PRECIPITATION DATA] SYMBOLS USED IN COLUMN 16
AVERAGE MONTHLY: 54.3 TOTAL FOR MONTH: 0.42 1 = FOG OR MIST
DPTR FM NORMAL: 8.2 DPTR FM NORMAL: -1.45 2 = FOG REDUCING VISIBILITY
HIGHEST: 95 ON 26 GRTST 24HR 0.18 ON 2- 2 TO 1/4 MILE OR LESS
LOWEST: 22 ON 18 3 = THUNDER
SNOW, ICE PELLETS, HAIL 4 = ICE PELLETS
TOTAL MONTH: M 5 = HAIL
GRTST 24HR M ON M 6 = FREEZING RAIN OR DRIZZLE
GRTST DEPTH: M ON M 7 = DUSTSTORM OR SANDSTORM:
VSBY 1/2 MILE OR LESS
8 = SMOKE OR HAZE
[NO. OF DAYS WITH] [WEATHER - DAYS WITH] 9 = BLOWING SNOW
X = TORNADO
MAX 32 OR BELOW: 0 0.01 INCH OR MORE: 6
MAX 90 OR ABOVE: 1 0.10 INCH OR MORE: 2
MIN 32 OR BELOW: 4 0.50 INCH OR MORE: 0
MIN 0 OR BELOW: 0 1.00 INCH OR MORE: 0
[HDD (BASE 65) ]
TOTAL THIS MO. 328 CLEAR (SCALE 0-3) 21
DPTR FM NORMAL -201 PTCLDY (SCALE 4-7) 7
TOTAL FM JUL 1 1986 CLOUDY (SCALE 8-10) 1
DPTR FM NORMAL -440
[CDD (BASE 65) ]
TOTAL THIS MO. 24
DPTR FM NORMAL 23 [PRESSURE DATA]
TOTAL FM JAN 1 24 HIGHEST SLP M ON M
DPTR FM NORMAL 23 LOWEST SLP M ON M
[REMARKS]
#FINAL-02-24#