000
CXUS56 KMTR 011100
CF6WVI
PRELIMINARY LOCAL CLIMATOLOGICAL DATA (WS FORM: F-6)
STATION: WATSONVILLE AIRPORT
MONTH: FEBRUARY
YEAR: 2022
LATITUDE: 36 55 N
LONGITUDE: 121 47 W
TEMPERATURE IN F: :PCPN: SNOW: WIND :SUNSHINE: SKY :PK WND
================================================================================
1 2 3 4 5 6A 6B 7 8 9 10 11 12 13 14 15 16 17 18
12Z AVG MX 2MIN
DY MAX MIN AVG DEP HDD CDD WTR SNW DPTH SPD SPD DIR MIN PSBL S-S WX SPD DR
================================================================================
1 61 34 48 -3 17 0 0.00 M M 4.1 15 30 M M 0 1 26 20
2 64 36 50 -1 15 0 0.00 M M 6.1 17 40 M M 0 30 20
3 62 32 47 -5 18 0 0.00 M M 1.9 10 250 M M 0 14 260
4 68 32 50 -2 15 0 0.00 M M 2.8 12 270 M M 0 17 290
5 67 36 52 0 13 0 0.00 M M 2.9 8 270 M M 0 11 290
6 71 34 53 1 12 0 0.00 M M 3.5 12 120 M M 0 14 120
7 68 36 52 0 13 0 0.00 M M 2.8 8 260 M M 0 10 250
8 77 33 55 3 10 0 0.00 M M 2.6 9 210 M M 0 12 150
9 79 41 60 8 5 0 0.00 M M 3.8 12 80 M M 0 19 90
10 84 40 62 10 3 0 0.00 M M 3.5 10 80 M M 0 18 80
11 80 42 61 9 4 0 0.00 M M 2.7 9 110 M M 0 14 120
12 85 47 66 14 0 1 0.00 M M 2.9 9 260 M M 0 12 120
13 79 42 61 9 4 0 0.00 M M 2.5 13 220 M M 2 12 15 230
14 56 44 50 -2 15 0 0.00 M M 2.3 9 140 M M 7 12 12 130
15 62 35 49 -3 16 0 0.00 M M 4.3 13 20 M M 0 24 70
16 63 35 49 -3 16 0 0.00 M M 3.6 10 190 M M 0 15 220
17 67 35 51 -1 14 0 0.00 M M 4.0 13 250 M M 0 18 220
18 69 35 52 0 13 0 0.00 M M 2.1 12 270 M M 0 14 250
19 70 38 54 2 11 0 0.00 M M 3.6 13 260 M M 0 16 260
20 57 38 48 -4 17 0 0.00 M M 3.0 14 270 M M 4 12 19 280
21 58 35 47 -5 18 0 T M M 4.6 15 300 M M 2 24 280
22 55 35 45 -7 20 0 0.01 M M 5.6 23 260 M M 3 33 260
23 M M M M M M M M M M M M M M M M M
24 57 29 43 -9 22 0 0.00 M M 4.1 13 260 M M 0 17 260
25 61 31 46 -6 19 0 0.00 M M 4.4 14 270 M M 0 18 270
26 M 31 M M M M 0.00 M M 1.7 5 330 M M 0 M M
27 M M M M M M 0.00 M M M M M M M M M M
28 75 39 57 5 8 0 0.00 M M 3.1 13 260 M M 0 17 270
================================================================================
SM 1695 945 318 1 0.01 M 88.5 M 18
================================================================================
AV 67.8 36.3 3.4 FASTST M M 1 MAX(MPH)
MISC ----> 23 260 33 260
================================================================================
NOTES:
# LAST OF SEVERAL OCCURRENCES
COLUMN 17 PEAK WIND IN M.P.H.
PRELIMINARY LOCAL CLIMATOLOGICAL DATA (WS FORM: F-6) , PAGE 2
STATION: WATSONVILLE AIRPORT
MONTH: FEBRUARY
YEAR: 2022
LATITUDE: 36 55 N
LONGITUDE: 121 47 W
[TEMPERATURE DATA] [PRECIPITATION DATA] SYMBOLS USED IN COLUMN 16
AVERAGE MONTHLY: 52.1 TOTAL FOR MONTH: 0.01 1 = FOG OR MIST
DPTR FM NORMAL: 0.2 DPTR FM NORMAL: -4.01 2 = FOG REDUCING VISIBILITY
HIGHEST: 85 ON 12 GRTST 24HR 0.01 ON 21-22 TO 1/4 MILE OR LESS
LOWEST: 29 ON 24 3 = THUNDER
SNOW, ICE PELLETS, HAIL 4 = ICE PELLETS
TOTAL MONTH: M 5 = HAIL
GRTST 24HR M ON M 6 = FREEZING RAIN OR DRIZZLE
GRTST DEPTH: M ON M 7 = DUSTSTORM OR SANDSTORM:
VSBY 1/2 MILE OR LESS
8 = SMOKE OR HAZE
[NO. OF DAYS WITH] [WEATHER - DAYS WITH] 9 = BLOWING SNOW
X = TORNADO
MAX 32 OR BELOW: 0 0.01 INCH OR MORE: 1
MAX 90 OR ABOVE: 0 0.10 INCH OR MORE: 0
MIN 32 OR BELOW: 5 0.50 INCH OR MORE: 0
MIN 0 OR BELOW: 0 1.00 INCH OR MORE: 0
[HDD (BASE 65) ]
TOTAL THIS MO. 318 CLEAR (SCALE 0-3) 23
DPTR FM NORMAL -49 PTCLDY (SCALE 4-7) 3
TOTAL FM JUL 1 1712 CLOUDY (SCALE 8-10) 2
DPTR FM NORMAL -267
[CDD (BASE 65) ]
TOTAL THIS MO. 1
DPTR FM NORMAL 1 [PRESSURE DATA]
TOTAL FM JAN 1 1 HIGHEST SLP 30.44 ON 4
DPTR FM NORMAL 1 LOWEST SLP 29.88 ON 15
[REMARKS]
#FINAL-02-22#