000
CXAK56 PAFC 271320
CF6ANC
PRELIMINARY LOCAL CLIMATOLOGICAL DATA (WS FORM: F-6)

                                          STATION:   ANCHORAGE AK
                                          MONTH:     SEPTEMBER
                                          YEAR:      2016
                                          LATITUDE:   61 10 N
                                          LONGITUDE: 150  2 W

  TEMPERATURE IN F:       :PCPN:    SNOW:  WIND      :SUNSHINE: SKY     :PK WND
================================================================================
1   2   3   4   5  6A  6B    7    8   9   10  11  12  13   14  15   16   17  18
                                     12Z  AVG MX 2MIN
DY MAX MIN AVG DEP HDD CDD  WTR  SNW DPTH SPD SPD DIR MIN PSBL S-S WX    SPD DR
================================================================================

 1  70  46  58   5   7   0 0.00  0.0    0  4.3 10 160   M    M   2         M  M
 2  71  46  59   6   6   0 0.00  0.0    0  3.7  8 160   M    M   2 1       M  M
 3  66  48  57   4   8   0 0.00  0.0    0  5.9 15 160   M    M   6        30 170
 4  62  54  58   6   7   0 0.12  0.0    0  4.1 15 150   M    M  10        24 150
 5  57  53  55   3  10   0 0.28  0.0    0  9.8 14 150   M    M  10 1      24 150
 6  58  52  55   3  10   0 0.15  0.0    0  8.3 13 180   M    M   8 1      21 160
 7  64  51  58   6   7   0 0.02  0.0    0  4.8 10 300   M    M   8         M  M
 8  58  47  53   2  12   0 0.05  0.0    0  4.3  9 190   M    M   8         M  M
 9  65  44  55   4  10   0 0.00  0.0    0  7.2 15 350   M    M   7 12     24 350
10  63  39  51   0  14   0 0.00  0.0    0  5.4 14 360   M    M   3        21 360
11  61  52  57   7   8   0 0.36  0.0    0 14.4 29 140   M    M  10        47 140
12  65  56  61  11   4   0 0.25  0.0    0 18.0 25 150   M    M   9 1      47 140
13  61  46  54   4  11   0 0.00  0.0    0 10.8 22 190   M    M   4        34 170
14  53  44  49   0  16   0 0.08  0.0    0  5.3 17 200   M    M   7 1      28 210
15  57  46  52   3  13   0 0.12  0.0    0  5.5 13  40   M    M   8 1      19  30
16  57  44  51   2  14   0 0.12  0.0    0  1.7  6  30   M    M   9 1       M  M
17  57  44  51   3  14   0 0.03  0.0    0  3.7 13 230   M    M   8        17 210
18  58  44  51   3  14   0 0.00  0.0    0  3.2  8 230   M    M   8        14 190
19  59  37  48   0  17   0 0.00  0.0    0  4.6 20 170   M    M   6        29 170
20  58  48  53   6  12   0    T  0.0    0 15.5 23 130   M    M  10        46 170
21  58  48  53   6  12   0 0.06  0.0    0 15.1 29 140   M    M   9        44 150
22  52  44  48   2  17   0 0.66  0.0    0 12.2 23 160   M    M  10 1      35 170
23  56  47  52   6  13   0 0.03  0.0    0 12.7 20 150   M    M   9        33 150
24  55  46  51   5  14   0 0.01  0.0    0 12.1 18 150   M    M   7        32 150
25  50  44  47   2  18   0 0.01  0.0    0  5.8 15 170   M    M   9        25 160
26  51  37  44  -1  21   0 0.00  0.0    0  4.0 12 340   M    M   7        16  10
================================================================================
SM 1542 1207       309   0  2.35     0.0 202.4          M      194
================================================================================
AV 59.3 46.4                               7.8 FASTST   M    M   7    MAX(MPH)
                                 MISC ---->  # 29 140                 47    M
================================================================================
NOTES:
# LAST OF SEVERAL OCCURRENCES

COLUMN 17 PEAK WIND IN M.P.H.

PRELIMINARY LOCAL CLIMATOLOGICAL DATA (WS FORM: F-6) , PAGE 2

                                          STATION:  ANCHORAGE AK
                                          MONTH:    SEPTEMBER
                                          YEAR:     2016
                                          LATITUDE:   61 10 N
                                          LONGITUDE: 150  2 W

[TEMPERATURE DATA]      [PRECIPITATION DATA]       SYMBOLS USED IN COLUMN 16

AVERAGE MONTHLY: 52.9   TOTAL FOR MONTH:   2.35    1 = FOG OR MIST
DPTR FM NORMAL:   3.5   DPTR FM NORMAL:   -0.25    2 = FOG REDUCING VISIBILITY
HIGHEST:    71 ON  2    GRTST 24HR  0.72 ON 21-22      TO 1/4 MILE OR LESS
LOWEST:     37 ON 26,19                            3 = THUNDER
                        SNOW, ICE PELLETS, HAIL    4 = ICE PELLETS
                        TOTAL MONTH:   0.0 INCH    5 = HAIL
                        GRTST 24HR     0.0         6 = FREEZING RAIN OR DRIZZLE
                        GRTST DEPTH:   0           7 = DUSTSTORM OR SANDSTORM:
                                                       VSBY 1/2 MILE OR LESS
                                                   8 = SMOKE OR HAZE
[NO. OF DAYS WITH]      [WEATHER - DAYS WITH]      9 = BLOWING SNOW
                                                   X = TORNADO
MAX 32 OR BELOW:   0    0.01 INCH OR MORE:  16
MAX 90 OR ABOVE:   0    0.10 INCH OR MORE:   8
MIN 32 OR BELOW:   0    0.50 INCH OR MORE:   1
MIN  0 OR BELOW:   0    1.00 INCH OR MORE:   0

[HDD (BASE 65) ]
TOTAL THIS MO.   309    CLEAR  (SCALE 0-3)   3
DPTR FM NORMAL   -98    PTCLDY (SCALE 4-7)  11
TOTAL FM JUL 1   513    CLOUDY (SCALE 8-10) 12
DPTR FM NORMAL  -344

[CDD (BASE 65) ]
TOTAL THIS MO.     0
DPTR FM NORMAL     0    [PRESSURE DATA]
TOTAL FM JAN 1    13    HIGHEST SLP M ON M
DPTR FM NORMAL    11    LOWEST  SLP 28.84 ON 22

[REMARKS]
