000
CXUS53 KGLD 300800
CF6GLD
PRELIMINARY LOCAL CLIMATOLOGICAL DATA (WS FORM: F-6)

                                          STATION:   GOODLAND KS
                                          MONTH:     APRIL
                                          YEAR:      2016
                                          LATITUDE:   39 22 N
                                          LONGITUDE: 101 42 W

  TEMPERATURE IN F:       :PCPN:    SNOW:  WIND      :SUNSHINE: SKY     :PK WND
================================================================================
1   2   3   4   5  6A  6B    7    8   9   10  11  12  13   14  15   16   17  18
                                     12Z  AVG MX 2MIN
DY MAX MIN AVG DEP HDD CDD  WTR  SNW DPTH SPD SPD DIR MIN PSBL S-S WX    SPD DR
================================================================================

 1  52  25  39  -6  26   0 0.00  0.0    0 17.7 36 330   M    M   2        46 340
 2  68  29  49   4  16   0 0.00  0.0    0 12.8 25 340   M    M   1        31 350
 3  76  33  55  10  10   0 0.00  0.0    0 13.5 29 340   M    M   0        40  10
 4  75  35  55   9  10   0 0.00  0.0    0 14.0 25 180   M    M   2        32 180
 5  77  36  57  11   8   0 0.07  0.0    0 16.5 43 330   M    M   3 13     49 330
 6  73  34  54   8  11   0 0.00  0.0    0 16.0 32 330   M    M   0        43 340
 7  64  34  49   3  16   0 0.00  0.0    0 13.1 32 360   M    M   2 8      42 340
 8  73  34  54   7  11   0 0.00  0.0    0  6.4 17 110   M    M   4        22 150
 9  74  28  51   4  14   0 0.00  0.0    0 12.5 24 210   M    M   1        30 200
10  66  41  54   7  11   0    T  0.0    0 12.2 25  30   M    M   1        32  40
11  56  41  49   1  16   0 0.11  0.0    0  8.2 16 220   M    M   9 1      21 220
12  65  37  51   3  14   0 0.00  0.0    0 17.0 29 180   M    M   0        35 170
13  74  33  54   6  11   0 0.00  0.0    0  8.1 16 160   M    M   0        22 160
14  77  40  59  11   6   0 0.00  0.0    0 22.4 35 170   M    M   2 12     44 160
15  68  48  58   9   7   0 0.94  0.0    0 20.8 37  50   M    M   7 13     46 160
16  50  39  45  -4  20   0 1.52  0.0    0 18.1 36  20   M    M  10 13     44  20
17  46  36  41  -9  24   0 0.01  0.0    0 15.7 23 350   M    M  10 1      28 360
18  53  32  43  -7  22   0 0.00  0.0    0 11.5 22 340   M    M   7        27 340
19  46  33  40 -10  25   0 0.09  0.0    0  6.4 13 200   M    M   8 12     15 200
20  61  36  49  -1  16   0 0.01  0.0    0  6.7 29 340   M    M   7 123    35 360
21  70  37  54   3  11   0 0.00  0.0    0 10.4 23 360   M    M   1        31 360
22  77  36  57   6   8   0 0.00  0.0    0 15.3 29 170   M    M   0        37 180
23  81  48  65  13   0   0    T  0.0    0 20.5 47 190   M    M   0 3      64 190
24  76  42  59   7   6   0 0.00  0.0    0  9.8 26 260   M    M   1        32 250
25  71  37  54   2  11   0 0.00  0.0    0 10.8 22 120   M    M   0        28 120
26  74  42  58   5   7   0 0.02  0.0    0 13.4 29 320   M    M   4 13     38 350
27  57  35  46  -7  19   0 0.09  0.0    0 20.3 31 340   M    M   5 1      38 330
28  51  32  42 -11  23   0 0.00  0.0    0 10.3 20  80   M    M   8        25  80
29  41  32  37 -17  28   0 1.12    M    0 12.9 24  40   M    M  10 12     33  70
================================================================================
SM 1892 1045       407   0  3.98     0.0 393.3          M      105
================================================================================
AV 65.2 36.0                              13.6 FASTST   M    M   4    MAX(MPH)
                                 MISC ---->  # 47 190               # 64  190
================================================================================
NOTES:
# LAST OF SEVERAL OCCURRENCES

COLUMN 17 PEAK WIND IN M.P.H.

PRELIMINARY LOCAL CLIMATOLOGICAL DATA (WS FORM: F-6) , PAGE 2

                                          STATION:  GOODLAND KS
                                          MONTH:    APRIL
                                          YEAR:     2016
                                          LATITUDE:   39 22 N
                                          LONGITUDE: 101 42 W

[TEMPERATURE DATA]      [PRECIPITATION DATA]       SYMBOLS USED IN COLUMN 16

AVERAGE MONTHLY: 50.6   TOTAL FOR MONTH:   3.98    1 = FOG OR MIST
DPTR FM NORMAL:   1.6   DPTR FM NORMAL:    2.45    2 = FOG REDUCING VISIBILITY
HIGHEST:    81 ON 23    GRTST 24HR  2.40 ON 15-16      TO 1/4 MILE OR LESS
LOWEST:     25 ON  1                               3 = THUNDER
                        SNOW, ICE PELLETS, HAIL    4 = ICE PELLETS
                        TOTAL MONTH:   0.0 INCH    5 = HAIL
                        GRTST 24HR     0.0         6 = FREEZING RAIN OR DRIZZLE
                        GRTST DEPTH:   0           7 = DUSTSTORM OR SANDSTORM:
                                                       VSBY 1/2 MILE OR LESS
                                                   8 = SMOKE OR HAZE
[NO. OF DAYS WITH]      [WEATHER - DAYS WITH]      9 = BLOWING SNOW
                                                   X = TORNADO
MAX 32 OR BELOW:   0    0.01 INCH OR MORE:  10
MAX 90 OR ABOVE:   0    0.10 INCH OR MORE:   4
MIN 32 OR BELOW:   6    0.50 INCH OR MORE:   3
MIN  0 OR BELOW:   0    1.00 INCH OR MORE:   2

[HDD (BASE 65) ]
TOTAL THIS MO.   407    CLEAR  (SCALE 0-3)  17
DPTR FM NORMAL   -61    PTCLDY (SCALE 4-7)   7
TOTAL FM JUL 1  4858    CLOUDY (SCALE 8-10)  5
DPTR FM NORMAL  -785

[CDD (BASE 65) ]
TOTAL THIS MO.     0
DPTR FM NORMAL     0    [PRESSURE DATA]
TOTAL FM JAN 1     0    HIGHEST SLP M ON M
DPTR FM NORMAL     0    LOWEST  SLP 29.44 ON 26

[REMARKS]
