000
CXUS53 KMKX 220658
CF6LNR
PRELIMINARY LOCAL CLIMATOLOGICAL DATA (WS FORM: F-6)

                                          STATION:   LONE ROCK WI
                                          MONTH:     SEPTEMBER
                                          YEAR:      2014
                                          LATITUDE:   43 12 N
                                          LONGITUDE:  90 11 W

  TEMPERATURE IN F:       :PCPN:    SNOW:  WIND      :SUNSHINE: SKY     :PK WND
================================================================================
1   2   3   4   5  6A  6B    7    8   9   10  11  12  13   14  15   16   17  18
                                     12Z  AVG MX 2MIN
DY MAX MIN AVG DEP HDD CDD  WTR  SNW DPTH SPD SPD DIR MIN PSBL S-S WX    SPD DR
================================================================================

 1  83  62  73   6   0   8 0.08  0.0    0  6.9 20 180   M    M   5 18     27 190
 2  82  60  71   5   0   6 0.01  0.0    0  4.6 14 280   M    M   4 128    18 290
 3  86  56  71   5   0   6 0.00  0.0    0  6.9 16 170   M    M   1 128    23 180
 4  89  73  81  15   0  16 1.08  0.0    0  9.7 31 190   M    M   7 3      39 190
 5  83  59  71   5   0   6 0.03  0.0    0  9.3 20 290   M    M   5        24 290
 6  78  54  66   1   0   1 0.00  0.0    0  5.6 16 290   M    M   0        20 280
 7  82  52  67   2   0   2 0.00  0.0    0  2.2 10 210   M    M   2 128    13 210
 8  77  53  65   1   0   0 0.04    M    M  6.4 20 160   M    M   1 18     24 210
 9  83  61  72   8   0   7 0.16    M    M  5.3 14 160   M    M   3        17 120
10  77  52  65   1   0   0 0.27    M    M 11.0 24 300   M    M  10 18     35 310
11  59  47  53 -10  12   0 0.00  0.0    0  6.6 16 350   M    M   8        21 330
12  52  43  48 -15  17   0 0.24  0.0    0  4.3 13  10   M    M   7        16  20
13  61  39  50 -12  15   0 0.00  0.0    0  3.2  9 200   M    M   3 128    13 240
14  71  41  56  -6   9   0 0.00  0.0    0  5.6 18 200   M    M   5 128    26 220
15  63  44  54  -8  11   0 0.28    M    0  3.2 14 360   M    M   7 128    18 360
16  68  41  55  -6  10   0 0.00  0.0    0  3.3 13 280   M    M   4 128    16 290
17  74  43  59  -2   6   0 0.00  0.0    0  1.5 10 210   M    M   5 128    14 210
18  70  50  60   0   5   0 0.00    M    M  5.2 12 100   M    M   5 128    15 110
19  78  51  65   5   0   0 0.00    M    M  9.9 24 190   M    M   1 18     31 190
20  81  63  72  13   0   7 0.16    M    M  7.8 22 300   M    M   2 38     29 280
21  69  45  57  -2   8   0 0.01    M    M  9.8 20 310   M    M   4        27 300
================================================================================
SM 1566 1089        93  59  2.36     0.0 128.3          M       89
================================================================================
AV 74.6 51.9                               6.1 FASTST   M    M   4    MAX(MPH)
                                 MISC ---->  # 31 190               # 39  190
================================================================================
NOTES:
# LAST OF SEVERAL OCCURRENCES

COLUMN 17 PEAK WIND IN M.P.H.

PRELIMINARY LOCAL CLIMATOLOGICAL DATA (WS FORM: F-6) , PAGE 2

                                          STATION:  LONE ROCK WI
                                          MONTH:    SEPTEMBER
                                          YEAR:     2014
                                          LATITUDE:   43 12 N
                                          LONGITUDE:  90 11 W

[TEMPERATURE DATA]      [PRECIPITATION DATA]       SYMBOLS USED IN COLUMN 16

AVERAGE MONTHLY: 63.2   TOTAL FOR MONTH:   2.36    1 = FOG OR MIST
DPTR FM NORMAL:   0.1   DPTR FM NORMAL:   -0.14    2 = FOG REDUCING VISIBILITY
HIGHEST:    89 ON  4    GRTST 24HR  1.08 ON  4- 4      TO 1/4 MILE OR LESS
LOWEST:     39 ON 13                               3 = THUNDER
                        SNOW, ICE PELLETS, HAIL    4 = ICE PELLETS
                        TOTAL MONTH:   0.0 INCH    5 = HAIL
                        GRTST 24HR     0.0         6 = FREEZING RAIN OR DRIZZLE
                        GRTST DEPTH:   0           7 = DUSTSTORM OR SANDSTORM:
                                                       VSBY 1/2 MILE OR LESS
                                                   8 = SMOKE OR HAZE
[NO. OF DAYS WITH]      [WEATHER - DAYS WITH]      9 = BLOWING SNOW
                                                   X = TORNADO
MAX 32 OR BELOW:   0    0.01 INCH OR MORE:  11
MAX 90 OR ABOVE:   0    0.10 INCH OR MORE:   6
MIN 32 OR BELOW:   0    0.50 INCH OR MORE:   1
MIN  0 OR BELOW:   0    1.00 INCH OR MORE:   1

[HDD (BASE 65) ]
TOTAL THIS MO.    93    CLEAR  (SCALE 0-3)   8
DPTR FM NORMAL    14    PTCLDY (SCALE 4-7)  11
TOTAL FM JUL 1    94    CLOUDY (SCALE 8-10)  2
DPTR FM NORMAL   -15

[CDD (BASE 65) ]
TOTAL THIS MO.    59
DPTR FM NORMAL    19    [PRESSURE DATA]
TOTAL FM JAN 1   841    HIGHEST SLP M ON M
DPTR FM NORMAL   281    LOWEST  SLP 29.46 ON 10

[REMARKS]
