000
CXUS53 KMKX 300659
CF6LNR
PRELIMINARY LOCAL CLIMATOLOGICAL DATA (WS FORM: F-6)

                                          STATION:   LONE ROCK WI
                                          MONTH:     APRIL
                                          YEAR:      2016
                                          LATITUDE:   43 12 N
                                          LONGITUDE:  90 11 W

  TEMPERATURE IN F:       :PCPN:    SNOW:  WIND      :SUNSHINE: SKY     :PK WND
================================================================================
1   2   3   4   5  6A  6B    7    8   9   10  11  12  13   14  15   16   17  18
                                     12Z  AVG MX 2MIN
DY MAX MIN AVG DEP HDD CDD  WTR  SNW DPTH SPD SPD DIR MIN PSBL S-S WX    SPD DR
================================================================================

 1  47  29  38  -3  27   0 0.12    M    M  9.5 25 290   M    M   5 12     35 290
 2  38  26  32 -10  33   0 0.02    M    M 13.6 39 300   M    M   6 18     56 310
 3  76  29  53  11  12   0 0.00    M    M 12.5 30 300   M    M   4        40 250
 4  37  22  30 -13  35   0    T    M    M  6.1 15  30   M    M   7        20  60
 5  42  20  31 -12  34   0 0.02    M    0  8.8 20 130   M    M   5        27 130
 6  51  37  44   0  21   0 0.32    M    0  8.1 20 290   M    M  10 1      25 320
 7  45  35  40  -4  25   0    T    M    0  9.2 18 320   M    M  10        23 320
 8  42  27  35  -9  30   0 0.03    M    0 14.5 31 330   M    M   9 1      45 330
 9  41  21  31 -14  34   0 0.00  0.0    0  8.4 17 150   M    M   1        24 140
10  56  35  46   1  19   0 0.05    M    0  8.8 16 150   M    M   6 38     24 150
11  48  32  40  -6  25   0 0.00  0.0    0 15.0 26 290   M    M   0        35 290
12  53  20  37  -9  28   0 0.00    M    M  4.6 14 210   M    M   3        17 210
13  59  39  49   3  16   0 0.00    M    M  9.4 18 140   M    M   7        23 150
14  68  36  52   5  13   0 0.00    M    M  9.5 17 150   M    M   0        22 150
15  73  39  56   9   9   0 0.00  0.0    0  9.9 20 130   M    M   0        23 120
16  80  43  62  14   3   0 0.00  0.0    0  9.1 20 150   M    M   2        26 130
17  81  47  64  16   1   0 0.00  0.0    0  4.8 14 140   M    M   2        20 180
18  80  44  62  13   3   0 0.00  0.0    0  3.7 16  80   M    M   1        20 210
19  57  48  53   4  12   0 0.26    M    0  9.3 16  70   M    M   6 1      21  70
20  72  43  58   9   7   0 0.09    M    0  7.6 22 170   M    M   7 1      26 160
21  70  49  60  10   5   0 0.00  0.0    0  3.4 15 200   M    M   6 12     18 190
22  62  45  54   4  11   0 0.00  0.0    0  6.6 17  20   M    M   6        22  10
23  67  37  52   1  13   0 0.00  0.0    0  6.5 15 180   M    M   2        23 170
24  73  47  60   9   5   0 0.02    M    0  9.8 16 100   M    M   4        19  90
25  79  51  65  14   0   0 0.00  0.0    0  8.7 23 210   M    M   4        31 210
26  51  42  47  -5  18   0 0.00  0.0    0 11.3 20  90   M    M   8        26  70
27  54  37  46  -6  19   0 0.22  0.0    0 16.3 30  80   M    M   6        36  80
28  44  40  42 -10  23   0 0.13  0.0    0  9.9 22  80   M    M  10 1      30  70
29  53  38  46  -7  19   0 0.01    M    M  5.4 16  20   M    M   7 1      23  50
================================================================================
SM 1699 1058       500   0  1.29     0.0 260.3          M      144
================================================================================
AV 58.6 36.5                               9.0 FASTST   M    M   5    MAX(MPH)
                                 MISC ---->  # 39 300               # 56  310
================================================================================
NOTES:
# LAST OF SEVERAL OCCURRENCES

COLUMN 17 PEAK WIND IN M.P.H.

PRELIMINARY LOCAL CLIMATOLOGICAL DATA (WS FORM: F-6) , PAGE 2

                                          STATION:  LONE ROCK WI
                                          MONTH:    APRIL
                                          YEAR:     2016
                                          LATITUDE:   43 12 N
                                          LONGITUDE:  90 11 W

[TEMPERATURE DATA]      [PRECIPITATION DATA]       SYMBOLS USED IN COLUMN 16

AVERAGE MONTHLY: 47.5   TOTAL FOR MONTH:   1.29    1 = FOG OR MIST
DPTR FM NORMAL:   0.3   DPTR FM NORMAL:   -2.09    2 = FOG REDUCING VISIBILITY
HIGHEST:    81 ON 17    GRTST 24HR  0.34 ON  5- 6      TO 1/4 MILE OR LESS
LOWEST:     20 ON 12, 5                            3 = THUNDER
                        SNOW, ICE PELLETS, HAIL    4 = ICE PELLETS
                        TOTAL MONTH:   0.0 INCH    5 = HAIL
                        GRTST 24HR     0.0         6 = FREEZING RAIN OR DRIZZLE
                        GRTST DEPTH:   0           7 = DUSTSTORM OR SANDSTORM:
                                                       VSBY 1/2 MILE OR LESS
                                                   8 = SMOKE OR HAZE
[NO. OF DAYS WITH]      [WEATHER - DAYS WITH]      9 = BLOWING SNOW
                                                   X = TORNADO
MAX 32 OR BELOW:   0    0.01 INCH OR MORE:  12
MAX 90 OR ABOVE:   0    0.10 INCH OR MORE:   5
MIN 32 OR BELOW:   9    0.50 INCH OR MORE:   0
MIN  0 OR BELOW:   0    1.00 INCH OR MORE:   0

[HDD (BASE 65) ]
TOTAL THIS MO.   500    CLEAR  (SCALE 0-3)   9
DPTR FM NORMAL   -16    PTCLDY (SCALE 4-7)  16
TOTAL FM JUL 1  5952    CLOUDY (SCALE 8-10)  4
DPTR FM NORMAL -1055

[CDD (BASE 65) ]
TOTAL THIS MO.     0
DPTR FM NORMAL     0    [PRESSURE DATA]
TOTAL FM JAN 1     0    HIGHEST SLP M ON M
DPTR FM NORMAL     0    LOWEST  SLP 29.45 ON  3

[REMARKS]
