000
CXUS53 KMKX 290648
CF6LNR
PRELIMINARY LOCAL CLIMATOLOGICAL DATA (WS FORM: F-6)

                                          STATION:   LONE ROCK WI
                                          MONTH:     JANUARY
                                          YEAR:      2016
                                          LATITUDE:   43 12 N
                                          LONGITUDE:  90 11 W

  TEMPERATURE IN F:       :PCPN:    SNOW:  WIND      :SUNSHINE: SKY     :PK WND
================================================================================
1   2   3   4   5  6A  6B    7    8   9   10  11  12  13   14  15   16   17  18
                                     12Z  AVG MX 2MIN
DY MAX MIN AVG DEP HDD CDD  WTR  SNW DPTH SPD SPD DIR MIN PSBL S-S WX    SPD DR
================================================================================

 1  30  18  24   6  41   0 0.00  0.0    M 10.9 20 280   M    M   7        26 280
 2  33  11  22   4  43   0 0.00  0.0    0  7.0 17 280   M    M   0        22 270
 3  30  15  23   5  42   0 0.00  0.0    M  8.7 15 310   M    M   9        20 320
 4  28   7  18   0  47   0    T    M    0  5.5 10 100   M    M   3        14  50
 5  30   1  16  -2  49   0 0.00  0.0    0  5.9 18 210   M    M   0        22 210
 6  33  18  26   8  39   0    T    M    0  2.9 10 200   M    M   4 1      12 200
 7  35  31  33  15  32   0 0.11    M    0  7.0  9  70   M    M   9 1      11 100
 8  37  34  36  18  29   0 0.04    M    M  5.0  9 280   M    M  10 12     12  90
 9  35  12  24   6  41   0 0.02    M    M 10.6 21 310   M    M  10 1      32 330
10  12  -4   4 -14  61   0    T    M    M 12.8 22 320   M    M   4        29 320
11  12  -8   2 -16  63   0    T    M    0  3.8 15 280   M    M   5 18     19 270
12  12  -3   5 -12  60   0    T    M    0 12.8 23 300   M    M   2 8      33 310
13  22  -8   7 -10  58   0    T    M    0  3.4 10 210   M    M   5        15 220
14  37  12  25   8  40   0 0.00  0.0    0  4.9 10  80   M    M   1 1      14  80
15  31  20  26   9  39   0 0.00  0.0    0  9.0 16 310   M    M   8 1      24 320
16  27   0  14  -3  51   0 0.00  0.0    0 12.6 22 290   M    M   4        24 290
17   1  -8  -3 -20  68   0 0.00  0.0    0 12.7 21 280   M    M   1        26 280
18   4  -9  -2 -19  67   0 0.00  0.0    M  8.3 16 290   M    M   0        21 280
19  13  -8   3 -14  62   0 0.00  0.0    M  1.0  8 270   M    M   2        10 280
20  23  12  18   1  47   0    T    M    0  1.1  6 280   M    M   8         7 200
21  26   8  17   0  48   0 0.00  0.0    0  2.1  9 360   M    M   7 18     27 330
22  27  22  25   8  40   0 0.00  0.0    0  6.5 13 360   M    M  10        15 360
23  32   5  19   1  46   0 0.00  0.0    0  4.5 15 220   M    M   0        19 220
24  29  23  26   8  39   0 0.00  0.0    0  6.0 15 250   M    M  10 1      20 260
25  32  27  30  12  35   0 0.31    M    0  7.0 13  90   M    M  10 18     16 300
26  31  24  28  10  37   0 0.03    M    M 11.1 21 280   M    M  10 18     26 290
27  36  14  25   7  40   0 0.00    M    M  8.0 21 210   M    M   7        25 200
28  39  21  30  12  35   0 0.01    M    M 11.3 22 320   M    M   9        28 320
================================================================================
SM  737  287      1299   0  0.52     0.0 202.4          M      155
================================================================================
AV 26.3 10.2                               7.2 FASTST   M    M   6    MAX(MPH)
                                 MISC ---->  # 23 300               # 33  310
================================================================================
NOTES:
# LAST OF SEVERAL OCCURRENCES

COLUMN 17 PEAK WIND IN M.P.H.

PRELIMINARY LOCAL CLIMATOLOGICAL DATA (WS FORM: F-6) , PAGE 2

                                          STATION:  LONE ROCK WI
                                          MONTH:    JANUARY
                                          YEAR:     2016
                                          LATITUDE:   43 12 N
                                          LONGITUDE:  90 11 W

[TEMPERATURE DATA]      [PRECIPITATION DATA]       SYMBOLS USED IN COLUMN 16

AVERAGE MONTHLY: 18.3   TOTAL FOR MONTH:   0.52    1 = FOG OR MIST
DPTR FM NORMAL:   0.7   DPTR FM NORMAL:   -0.47    2 = FOG REDUCING VISIBILITY
HIGHEST:    39 ON 28    GRTST 24HR  0.34 ON 25-26      TO 1/4 MILE OR LESS
LOWEST:     -9 ON 18                               3 = THUNDER
                        SNOW, ICE PELLETS, HAIL    4 = ICE PELLETS
                        TOTAL MONTH:   0.0 INCH    5 = HAIL
                        GRTST 24HR     0.0         6 = FREEZING RAIN OR DRIZZLE
                        GRTST DEPTH:   0           7 = DUSTSTORM OR SANDSTORM:
                                                       VSBY 1/2 MILE OR LESS
                                                   8 = SMOKE OR HAZE
[NO. OF DAYS WITH]      [WEATHER - DAYS WITH]      9 = BLOWING SNOW
                                                   X = TORNADO
MAX 32 OR BELOW:  20    0.01 INCH OR MORE:   6
MAX 90 OR ABOVE:   0    0.10 INCH OR MORE:   2
MIN 32 OR BELOW:  27    0.50 INCH OR MORE:   0
MIN  0 OR BELOW:   8    1.00 INCH OR MORE:   0

[HDD (BASE 65) ]
TOTAL THIS MO.  1299    CLEAR  (SCALE 0-3)   9
DPTR FM NORMAL   -30    PTCLDY (SCALE 4-7)   9
TOTAL FM JUL 1  3477    CLOUDY (SCALE 8-10) 10
DPTR FM NORMAL  -737

[CDD (BASE 65) ]
TOTAL THIS MO.     0
DPTR FM NORMAL     0    [PRESSURE DATA]
TOTAL FM JAN 1     0    HIGHEST SLP M ON M
DPTR FM NORMAL     0    LOWEST  SLP 29.36 ON 15

[REMARKS]
