000
CXUS54 KMAF 271100
CF6MDD
PRELIMINARY LOCAL CLIMATOLOGICAL DATA (WS FORM: F-6)

                                          STATION:   Midland Airpark
                                          MONTH:     NOVEMBER
                                          YEAR:      2014
                                          LATITUDE:   32  2 N
                                          LONGITUDE: 102  6 W

  TEMPERATURE IN F:       :PCPN:    SNOW:  WIND      :SUNSHINE: SKY     :PK WND
================================================================================
1   2   3   4   5  6A  6B    7    8   9   10  11  12  13   14  15   16   17  18
                                     12Z  AVG MX 2MIN
DY MAX MIN AVG DEP HDD CDD  WTR  SNW DPTH SPD SPD DIR MIN PSBL S-S WX    SPD DR
================================================================================

 1  71  46  59   M   6   0 0.00  0.0    0 12.4 17 170   M    M   0        24 160
 2  70  56  63   M   2   0 0.00  0.0    0 17.3 22 160   M    M   0        28 170
 3  73  62  68   M   0   3 0.00  0.0    0 15.9 21 170   M    M   6        27 170
 4  66  47  57   M   8   0 0.24    M    0 11.1 21  20   M    M  10 1      30  70
 5  57  46  52   M  13   0 0.04    M    0  4.2 12  70   M    M   9 1      16  70
 6  65  50  58   M   7   0 0.00  0.0    0  4.4 13  70   M    M   3         M  M
 7  66  46  56   M   9   0 0.00  0.0    0  8.1 17 210   M    M   1        23 200
 8  67  47  57   M   8   0 0.00  0.0    0  7.0 20  40   M    M   0 1      30  30
 9  74  48  61   M   4   0 0.00  0.0    0 10.0 17 230   M    M   0        22 250
10  82  53  68   M   0   3 0.00  0.0    0 13.2 22 250   M    M   0        28 250
11  63  34  49   M  16   0 0.00  0.0    0 10.5 21  10   M    M   0        33  10
12  38  28  33   M  32   0 0.03    M    0 13.8 16  50   M    M   7        21  50
13  32  25  29   M  36   0 0.00  0.0    0  8.3 16  30   M    M   9        20  30
14  49  28  39   M  26   0 0.00  0.0    0  9.6 15 160   M    M   2        18 160
15  69  36  53   M  12   0 0.00  0.0    0  9.4 15 160   M    M   0        18 160
16  51  25  38   M  27   0 0.00  0.0    0 12.2 17 350   M    M   6        24 360
17  45  23  34   M  31   0 0.00  0.0    0  6.7 13  60   M    M   0        17 350
18  55  27  41   M  24   0 0.00  0.0    0  8.3 20 190   M    M   0        18 210
19  68  32  50   M  15   0 0.00  0.0    0  6.2 10 160   M    M   0         M  M
20  72  43  58   M   7   0 0.00  0.0    0  8.2 12 190   M    M   0         9 240
21  72  46  59   M   6   0 0.00  0.0    0  6.2 13 140   M    M   4 12      M  M
22  69  55  62   M   3   0 0.06  0.0    0  2.7  9 290   M    M   5 13      M  M
23  72  43  58   M   7   0 0.00  0.0    0 14.5 27 300   M    M   2        36 350
24  56  34  45   M  20   0 0.00  0.0    0  4.9  9 320   M    M   0         M  M
25  56  34  45   M  20   0 0.00  0.0    0  8.3 18 240   M    M   0        23 240
26  61  43  52   M  13   0 0.00  0.0    0  7.6 14 330   M    M   0 8      17 330
================================================================================
SM 1619 1057       352   6  0.37     0.0 241.0          M       64
================================================================================
AV 62.3 40.7                               9.3 FASTST   M    M   2    MAX(MPH)
                                 MISC ---->  # 27 300                 36    M
================================================================================
NOTES:
# LAST OF SEVERAL OCCURRENCES

COLUMN 17 PEAK WIND IN M.P.H.

PRELIMINARY LOCAL CLIMATOLOGICAL DATA (WS FORM: F-6) , PAGE 2

                                          STATION:  Midland Airpark
                                          MONTH:    NOVEMBER
                                          YEAR:     2014
                                          LATITUDE:   32  2 N
                                          LONGITUDE: 102  6 W

[TEMPERATURE DATA]      [PRECIPITATION DATA]       SYMBOLS USED IN COLUMN 16

AVERAGE MONTHLY: 51.5   TOTAL FOR MONTH:   0.37    1 = FOG OR MIST
DPTR FM NORMAL:     M   DPTR FM NORMAL:       M    2 = FOG REDUCING VISIBILITY
HIGHEST:    82 ON 10    GRTST 24HR  0.24 ON  4- 4      TO 1/4 MILE OR LESS
LOWEST:     23 ON 17                               3 = THUNDER
                        SNOW, ICE PELLETS, HAIL    4 = ICE PELLETS
                        TOTAL MONTH:   0.0 INCH    5 = HAIL
                        GRTST 24HR     0.0         6 = FREEZING RAIN OR DRIZZLE
                        GRTST DEPTH:   0           7 = DUSTSTORM OR SANDSTORM:
                                                       VSBY 1/2 MILE OR LESS
                                                   8 = SMOKE OR HAZE
[NO. OF DAYS WITH]      [WEATHER - DAYS WITH]      9 = BLOWING SNOW
                                                   X = TORNADO
MAX 32 OR BELOW:   1    0.01 INCH OR MORE:   4
MAX 90 OR ABOVE:   0    0.10 INCH OR MORE:   1
MIN 32 OR BELOW:   7    0.50 INCH OR MORE:   0
MIN  0 OR BELOW:   0    1.00 INCH OR MORE:   0

[HDD (BASE 65) ]
TOTAL THIS MO.   352    CLEAR  (SCALE 0-3)  18
DPTR FM NORMAL     M    PTCLDY (SCALE 4-7)   5
TOTAL FM JUL 1   386    CLOUDY (SCALE 8-10)  3
DPTR FM NORMAL     M

[CDD (BASE 65) ]
TOTAL THIS MO.     6
DPTR FM NORMAL     M    [PRESSURE DATA]
TOTAL FM JAN 1  2799    HIGHEST SLP M ON M
DPTR FM NORMAL     M    LOWEST  SLP M ON M

[REMARKS]
