000
CXUS56 KPDT 261832
CF6PSC
PRELIMINARY LOCAL CLIMATOLOGICAL DATA (WS FORM: F-6)

                                          STATION:   PASCO WA
                                          MONTH:     FEBRUARY
                                          YEAR:      2015
                                          LATITUDE:   46 16 N
                                          LONGITUDE: 119  7 W

  TEMPERATURE IN F:       :PCPN:    SNOW:  WIND      :SUNSHINE: SKY     :PK WND
================================================================================
1   2   3   4   5  6A  6B    7    8   9   10  11  12  13   14  15   16   17  18
                                     12Z  AVG MX 2MIN
DY MAX MIN AVG DEP HDD CDD  WTR  SNW DPTH SPD SPD DIR MIN PSBL S-S WX    SPD DR
================================================================================

 1  40  33  37   0  28   0 0.10  0.0    0  4.6 10 150   M    M   7 1      13 300
 2  40  28  34  -3  31   0 0.03  0.0    0  3.8 10 330   M    M   6 12     12 320
 3  44  32  38   1  27   0 0.09  0.0    0  3.2  8 300   M    M   6 12     11 170
 4  43  35  39   2  26   0 0.04  0.0    0  4.6 10 300   M    M  10 1      12 300
 5  49  40  45   8  20   0 0.03  0.0    0  4.5 14 140   M    M  10 1      16 130
 6  61  43  52  14  13   0 0.01  0.0    0  6.1 36 210   M    M   7 1      43 210
 7  67  45  56  18   9   0 0.10  0.0    0  9.0 30 230   M    M   6        44 240
 8  60  43  52  14  13   0    T  0.0    0  7.8 20 210   M    M   2        22 210
 9  55  37  46   8  19   0 0.12  0.0    0  8.4 26 240   M    M   8 1      33 230
10  61  38  50  12  15   0 0.01  0.0    0 10.6 24 230   M    M   5        30 230
11  55  34  45   7  20   0 0.00  0.0    0  3.2  9 350   M    M   0 1      11 340
12  59  35  47   9  18   0 0.00  0.0    0  1.6  8 150   M    M   2 12      9 150
13  54  32  43   5  22   0 0.00  0.0    0  4.1 13 140   M    M   5 12     14 130
14  62  33  48  10  17   0 0.00  0.0    0  3.7 12 330   M    M   3 12     14 350
15  58  28  43   4  22   0 0.00  0.0    0  2.3  8 330   M    M   3 12      9 330
16  54  25  40   1  25   0 0.00  0.0    0  3.6  9  20   M    M   0        12  30
17  57  25  41   2  24   0 0.00  0.0    0  3.7 10 350   M    M   0        13  40
18  54  26  40   1  25   0 0.00  0.0    0  1.9  7 360   M    M   0         7 120
19  59  29  44   5  21   0 0.01  0.0    0  3.3 10 290   M    M   3 1      13 220
20  61  28  45   5  20   0 0.00  0.0    0  4.4 12 290   M    M   2 1      15 270
21  56  26  41   1  24   0 0.00  0.0    0  9.1 25  70   M    M   5        32  60
22  52  20  36  -4  29   0 0.00  0.0    0  7.8 18  10   M    M   0        26  10
23  50  17  34  -6  31   0 0.00  0.0    0  2.1  7 150   M    M   0        10 100
24  57  21  39  -1  26   0 0.00  0.0    0  3.3 10 320   M    M   1        12 290
25  57  22  40  -1  25   0    T  0.0    0  3.9 13 220   M    M   2        17 210
================================================================================
SM 1365  775       550   0  0.54     0.0 120.6          M       93
================================================================================
AV 54.6 31.0                               4.8 FASTST   M    M   4    MAX(MPH)
                                 MISC ---->  # 36 210               # 44  240
================================================================================
NOTES:
# LAST OF SEVERAL OCCURRENCES

COLUMN 17 PEAK WIND IN M.P.H.

PRELIMINARY LOCAL CLIMATOLOGICAL DATA (WS FORM: F-6) , PAGE 2

                                          STATION:  PASCO WA
                                          MONTH:    FEBRUARY
                                          YEAR:     2015
                                          LATITUDE:   46 16 N
                                          LONGITUDE: 119  7 W

[TEMPERATURE DATA]      [PRECIPITATION DATA]       SYMBOLS USED IN COLUMN 16

AVERAGE MONTHLY: 42.8   TOTAL FOR MONTH:   0.54    1 = FOG OR MIST
DPTR FM NORMAL:   4.3   DPTR FM NORMAL:   -0.23    2 = FOG REDUCING VISIBILITY
HIGHEST:    67 ON  7    GRTST 24HR  0.13 ON  9-10      TO 1/4 MILE OR LESS
LOWEST:     17 ON 23                               3 = THUNDER
                        SNOW, ICE PELLETS, HAIL    4 = ICE PELLETS
                        TOTAL MONTH:   0.0 INCH    5 = HAIL
                        GRTST 24HR     0.0         6 = FREEZING RAIN OR DRIZZLE
                        GRTST DEPTH:   0           7 = DUSTSTORM OR SANDSTORM:
                                                       VSBY 1/2 MILE OR LESS
                                                   8 = SMOKE OR HAZE
[NO. OF DAYS WITH]      [WEATHER - DAYS WITH]      9 = BLOWING SNOW
                                                   X = TORNADO
MAX 32 OR BELOW:   0    0.01 INCH OR MORE:  10
MAX 90 OR ABOVE:   0    0.10 INCH OR MORE:   3
MIN 32 OR BELOW:  14    0.50 INCH OR MORE:   0
MIN  0 OR BELOW:   0    1.00 INCH OR MORE:   0

[HDD (BASE 65) ]
TOTAL THIS MO.   550    CLEAR  (SCALE 0-3)  13
DPTR FM NORMAL  -111    PTCLDY (SCALE 4-7)  10
TOTAL FM JUL 1  3397    CLOUDY (SCALE 8-10)  2
DPTR FM NORMAL  -415

[CDD (BASE 65) ]
TOTAL THIS MO.     0
DPTR FM NORMAL     0    [PRESSURE DATA]
TOTAL FM JAN 1     0    HIGHEST SLP M ON M
DPTR FM NORMAL     0    LOWEST  SLP 29.42 ON  7

[REMARKS]
