000
CXUS54 KHUN 032230
CLMHSV
CLIMATE REPORT
NATIONAL WEATHER SERVICE HUNTSVILLE AL
530 PM CDT THU AUG 03 2023
...................................
...THE HUNTSVILLE CLIMATE SUMMARY FOR THE MONTH OF JULY 2023...
CLIMATE NORMAL PERIOD 1991 TO 2020
CLIMATE RECORD PERIOD 1894 TO 2023
WEATHER OBSERVED NORMAL DEPART LAST YEAR`S
VALUE DATE(S) VALUE FROM VALUE
NORMAL
..............................................................
TEMPERATURE (F)
RECORD
HIGH 111 07/29/1930
LOW 49 07/22/1944
HIGHEST 98 07/28 MM MM 100
LOWEST 64 07/11 MM MM 68
AVG. MAXIMUM 90.6 91.5 -0.9 94.7
AVG. MINIMUM 70.9 71.1 -0.2 73.8
MEAN 80.8 81.3 -0.5 84.2
DAYS MAX >= 90 19 18.1 0.9 28
DAYS MAX <= 32 0 0.0 0.0 0
DAYS MIN <= 32 0 0.0 0.0 0
DAYS MIN <= 0 0 0.0 0.0 0
PRECIPITATION (INCHES)
RECORD
MAXIMUM 14.81 1967
MINIMUM 0.60 1902
TOTALS 4.77 4.49 0.28 1.62
DAILY AVG. 0.15 0.14 0.01 0.05
DAYS >= .01 13 10.8 2.2 8
DAYS >= .10 8 7.2 0.8 4
DAYS >= .50 5 3.0 2.0 1
DAYS >= 1.00 1 1.2 -0.2 0
GREATEST
24 HR. TOTAL 1.09 07/09 TO 07/09 0.71
SNOWFALL (INCHES)
RECORDS
TOTAL T 2002
24 HR TOTAL 0.0 MM
TOTALS 0.0 0.0 0.0 0.0
SINCE 7/1 MM 0.0 MM MM
DAYS >= TRACE 0 0.0 0.0 0
DAYS >= 1.0 0 0.0 0.0 MM
GREATEST
SNOW DEPTH 0 MM
24 HR TOTAL 0.0
DEGREE DAYS
HEATING TOTAL 0 0 0 0
SINCE 7/1 0 0 0 MM
COOLING TOTAL 494 505 -11 602
SINCE 1/1 1141 1220 -79 MM
FREEZE DATES
RECORD
EARLIEST 10/09/2000
LATEST 05/07/1944
EARLIEST 10/19 11/08
LATEST 03/21 03/24
..............................................................
WIND (MPH)
AVERAGE WIND SPEED 4.4
HIGHEST WIND SPEED/DIRECTION 38/330 DATE 07/18
HIGHEST GUST SPEED/DIRECTION 60/330 DATE 07/18
60/300 07/21
SKY COVER
POSSIBLE SUNSHINE (PERCENT) MM
WEATHER CONDITIONS. NUMBER OF DAYS WITH
THUNDERSTORM 17 MIXED PRECIP 0
HEAVY RAIN 7 RAIN 8
LIGHT RAIN 14 FREEZING RAIN 0
LT FREEZING RAIN 0 HAIL 0
HEAVY SNOW 0 SNOW 0
LIGHT SNOW 0 SLEET 0
FOG 23 FOG W/VIS <= 1/4 MILE 1
- INDICATES NEGATIVE NUMBERS.
R INDICATES RECORD WAS SET OR TIED.
MM INDICATES DATA IS MISSING.
T INDICATES TRACE AMOUNT.
$$