000
CXUS54 KEWX 011110
CF6AQO
PRELIMINARY LOCAL CLIMATOLOGICAL DATA (WS FORM: F-6)
STATION: LLANO MUNICIPAL AIRPORT
MONTH: JANUARY
YEAR: 2024
LATITUDE: 30 47 N
LONGITUDE: 98 40 W
TEMPERATURE IN F: :PCPN: SNOW: WIND :SUNSHINE: SKY :PK WND
================================================================================
1 2 3 4 5 6A 6B 7 8 9 10 11 12 13 14 15 16 17 18
12Z AVG MX 2MIN
DY MAX MIN AVG DEP HDD CDD WTR SNW DPTH SPD SPD DIR MIN PSBL S-S WX SPD DR
================================================================================
1 54 34 44 M 21 0 0.00 M M 5.0 9 340 M M 4 15 10
2 46 30 38 M 27 0 0.00 M M 3.2 10 360 M M 10 138 15 110
3 50 37 44 M 21 0 0.00 M M 4.3 8 60 M M 10 1 M M
4 52 43 48 M 17 0 0.00 M M 5.9 14 110 M M 10 18 22 130
5 63 39 51 M 14 0 0.00 M M 5.6 15 310 M M 5 128 23 300
6 61 30 46 M 19 0 0.00 M M 2.7 12 340 M M 5 17 340
7 64 27 46 M 19 0 0.00 M M 6.9 16 140 M M 4 1 26 140
8 68 43 56 M 9 0 0.00 M M 16.6 41 300 M M 9 18 53 300
9 54 28 41 M 24 0 0.00 M M 13.3 22 300 M M 4 33 300
10 70 23 47 M 18 0 0.00 M M 5.4 16 220 M M 4 22 240
11 77 27 52 M 13 0 0.00 M M 5.4 21 190 M M 3 29 190
12 61 28 45 M 20 0 0.00 M M 13.7 32 300 M M 5 8 50 300
13 63 23 43 M 22 0 0.00 M M 4.9 15 10 M M 4 23 340
14 28 16 22 M 43 0 0.00 M M 8.9 12 360 M M 10 18 360
15 23 16 20 M 45 0 0.00 M M 9.4 14 360 M M 10 18 24 20
16 30 16 23 M 42 0 0.00 M M 8.6 17 340 M M 5 22 360
17 52 12 32 M 33 0 0.00 M M 5.0 13 170 M M 4 21 170
18 73 23 48 M 17 0 0.00 M M 2.6 12 270 M M 3 16 340
19 50 28 39 M 26 0 0.00 M M 10.5 17 10 M M 5 24 10
20 43 21 32 M 33 0 0.00 M M 4.9 10 100 M M 6 15 110
21 43 36 40 M 25 0 0.00 M M 8.3 15 140 M M 10 18 23 110
22 54 36 45 M 20 0 0.00 M M 2.7 7 90 M M 10 12 M M
23 59 52 56 M 9 0 0.00 M M 3.5 17 100 M M 10 123 23 100
24 55 52 54 M 11 0 0.00 M M 3.2 10 110 M M 10 12 13 0
25 68 48 58 M 7 0 0.00 M M 4.4 10 110 M M 6 12 15 100
26 63 48 56 M 9 0 0.00 M M 6.3 10 40 M M 10 12 18 360
27 63 41 52 M 13 0 0.00 M M 10.4 18 350 M M 5 26 320
28 66 30 48 M 17 0 0.00 M M 2.9 8 340 M M 2 12 0
29 72 32 52 M 13 0 0.00 M M 3.6 10 260 M M 4 14 230
30 72 37 55 M 10 0 0.00 M M 2.5 7 280 M M 2 12 270
31 73 34 54 M 11 0 0.00 M M 3.0 12 110 M M 2 16 130
================================================================================
SM 1770 990 628 0 0.00 M 193.6 M 191
================================================================================
AV 57.1 31.9 6.2 FASTST M M 6 MAX(MPH)
MISC ----> 41 300 53 300
================================================================================
NOTES:
# LAST OF SEVERAL OCCURRENCES
COLUMN 17 PEAK WIND IN M.P.H.
PRELIMINARY LOCAL CLIMATOLOGICAL DATA (WS FORM: F-6) , PAGE 2
STATION: LLANO MUNICIPAL AIRPORT
MONTH: JANUARY
YEAR: 2024
LATITUDE: 30 47 N
LONGITUDE: 98 40 W
[TEMPERATURE DATA] [PRECIPITATION DATA] SYMBOLS USED IN COLUMN 16
AVERAGE MONTHLY: 44.5 TOTAL FOR MONTH: 0.00 1 = FOG OR MIST
DPTR FM NORMAL: 0.0 DPTR FM NORMAL: M 2 = FOG REDUCING VISIBILITY
HIGHEST: 77 ON 11 GRTST 24HR 3.57 ON 21-22 TO 1/4 MILE OR LESS
LOWEST: 12 ON 17 3 = THUNDER
SNOW, ICE PELLETS, HAIL 4 = ICE PELLETS
TOTAL MONTH: M 5 = HAIL
GRTST 24HR M ON M 6 = FREEZING RAIN OR DRIZZLE
GRTST DEPTH: M ON M 7 = DUSTSTORM OR SANDSTORM:
VSBY 1/2 MILE OR LESS
8 = SMOKE OR HAZE
[NO. OF DAYS WITH] [WEATHER - DAYS WITH] 9 = BLOWING SNOW
X = TORNADO
MAX 32 OR BELOW: 3 0.01 INCH OR MORE: 0
MAX 90 OR ABOVE: 0 0.10 INCH OR MORE: 0
MIN 32 OR BELOW: 17 0.50 INCH OR MORE: 0
MIN 0 OR BELOW: 0 1.00 INCH OR MORE: 0
[HDD (BASE 65) ]
TOTAL THIS MO. 628 CLEAR (SCALE 0-3) 4
DPTR FM NORMAL M PTCLDY (SCALE 4-7) 16
TOTAL FM JUL 1 1346 CLOUDY (SCALE 8-10) 11
DPTR FM NORMAL M
[CDD (BASE 65) ]
TOTAL THIS MO. 0
DPTR FM NORMAL M [PRESSURE DATA]
TOTAL FM JAN 1 0 HIGHEST SLP M ON M
DPTR FM NORMAL M LOWEST SLP M ON M
[REMARKS]
#FINAL-01-24#