000
CXUS54 KMAF 011110
CF6E38
PRELIMINARY LOCAL CLIMATOLOGICAL DATA (WS FORM: F-6)
STATION: ALPINE-CASPARIS MUNICIPAL
MONTH: MARCH
YEAR: 2023
LATITUDE: 30 23 N
LONGITUDE: 103 41 W
TEMPERATURE IN F: :PCPN: SNOW: WIND :SUNSHINE: SKY :PK WND
================================================================================
1 2 3 4 5 6A 6B 7 8 9 10 11 12 13 14 15 16 17 18
12Z AVG MX 2MIN
DY MAX MIN AVG DEP HDD CDD WTR SNW DPTH SPD SPD DIR MIN PSBL S-S WX SPD DR
================================================================================
1 74 46 60 M 5 0 M M M 11.6 23 250 M M 1 36 250
2 70 37 54 M 11 0 M M M 21.8 35 260 M M 0 47 290
3 65 35 50 M 15 0 M M M 14.2 24 230 M M 0 31 250
4 73 40 57 M 8 0 M M M 7.6 15 240 M M 0 20 240
5 81 42 62 M 3 0 M M M 8.2 14 240 M M 0 23 260
6 82 40 61 M 4 0 M M M 5.5 9 230 M M 0 16 0
7 83 41 62 M 3 0 M M M 5.0 13 250 M M 0 16 90
8 74 43 59 M 6 0 M M M 6.7 13 50 M M 0 16 30
9 78 51 65 M 0 0 M M M 5.5 12 40 M M 1 17 40
10 80 44 62 M 3 0 M M M 5.9 15 210 M M 2 21 160
11 81 54 68 M 0 3 M M M 13.9 25 280 M M 0 33 280
12 75 51 63 M 2 0 M M M 9.9 23 280 M M 0 31 280
13 68 46 57 M 8 0 M M M 7.1 13 60 M M 0 21 40
14 73 42 58 M 7 0 M M M 5.6 14 70 M M 0 18 70
15 80 47 64 M 1 0 M M M 10.6 18 200 M M 0 25 220
16 74 45 60 M 5 0 0.02 M M 14.3 28 280 M M 3 35 240
17 44 32 38 M 27 0 0.02 M M 10.6 23 10 M M 10 26 10
18 37 30 34 M 31 0 0.28 M M 7.3 13 50 M M 9 20 60
19 47 25 36 M 29 0 M M M 6.2 15 160 M M 6 21 170
20 66 40 53 M 12 0 M M M 12.7 20 230 M M 6 24 230
21 74 49 62 M 3 0 M M M 10.8 21 220 M M 0 28 220
22 82 54 68 M 0 3 M M M 9.0 23 230 M M 0 29 230
23 81 49 65 M 0 0 M M M 11.4 25 250 M M 0 37 250
24 66 38 52 M 13 0 M M M 15.6 31 260 M M 0 39 260
25 70 36 53 M 12 0 M M M 9.5 21 220 M M 0 35 270
26 74 34 54 M 11 0 M M M 8.1 20 230 M M 0 25 270
27 75 40 58 M 7 0 M M M 6.5 12 60 M M 0 17 60
28 57 37 47 M 18 0 M M M 11.0 20 60 M M 7 24 50
29 79 42 61 M 4 0 M M M 9.4 16 170 M M 2 24 170
30 80 54 67 M 0 2 M M M 14.6 25 240 M M 1 32 220
31 72 45 59 M 6 0 M M M 13.7 22 230 M M 0 30 230
================================================================================
SM 2215 1309 254 8 0.32 M 310.0 M 48
================================================================================
AV 71.5 42.2 10.0 FASTST M M 2 MAX(MPH)
MISC ----> 35 260 47 290
================================================================================
NOTES:
# LAST OF SEVERAL OCCURRENCES
COLUMN 17 PEAK WIND IN M.P.H.
PRELIMINARY LOCAL CLIMATOLOGICAL DATA (WS FORM: F-6) , PAGE 2
STATION: ALPINE-CASPARIS MUNICIPAL
MONTH: MARCH
YEAR: 2023
LATITUDE: 30 23 N
LONGITUDE: 103 41 W
[TEMPERATURE DATA] [PRECIPITATION DATA] SYMBOLS USED IN COLUMN 16
AVERAGE MONTHLY: 56.8 TOTAL FOR MONTH: 0.32 1 = FOG OR MIST
DPTR FM NORMAL: 0.0 DPTR FM NORMAL: M 2 = FOG REDUCING VISIBILITY
HIGHEST: 83 ON 7 GRTST 24HR 0.28 ON 18-18 TO 1/4 MILE OR LESS
LOWEST: 25 ON 19 3 = THUNDER
SNOW, ICE PELLETS, HAIL 4 = ICE PELLETS
TOTAL MONTH: M 5 = HAIL
GRTST 24HR M ON M 6 = FREEZING RAIN OR DRIZZLE
GRTST DEPTH: M ON M 7 = DUSTSTORM OR SANDSTORM:
VSBY 1/2 MILE OR LESS
8 = SMOKE OR HAZE
[NO. OF DAYS WITH] [WEATHER - DAYS WITH] 9 = BLOWING SNOW
X = TORNADO
MAX 32 OR BELOW: 0 0.01 INCH OR MORE: 3
MAX 90 OR ABOVE: 0 0.10 INCH OR MORE: 1
MIN 32 OR BELOW: 3 0.50 INCH OR MORE: 0
MIN 0 OR BELOW: 0 1.00 INCH OR MORE: 0
[HDD (BASE 65) ]
TOTAL THIS MO. 254 CLEAR (SCALE 0-3) 26
DPTR FM NORMAL M PTCLDY (SCALE 4-7) 3
TOTAL FM JUL 1 2256 CLOUDY (SCALE 8-10) 2
DPTR FM NORMAL M
[CDD (BASE 65) ]
TOTAL THIS MO. 8
DPTR FM NORMAL M [PRESSURE DATA]
TOTAL FM JAN 1 8 HIGHEST SLP M ON M
DPTR FM NORMAL M LOWEST SLP M ON M
[REMARKS]
#FINAL-03-23#