000
CXUS54 KMAF 011210
CF6E38
PRELIMINARY LOCAL CLIMATOLOGICAL DATA (WS FORM: F-6)
STATION: ALPINE-CASPARIS MUNICIPAL
MONTH: NOVEMBER
YEAR: 2020
LATITUDE: 30 23 N
LONGITUDE: 103 41 W
TEMPERATURE IN F: :PCPN: SNOW: WIND :SUNSHINE: SKY :PK WND
================================================================================
1 2 3 4 5 6A 6B 7 8 9 10 11 12 13 14 15 16 17 18
12Z AVG MX 2MIN
DY MAX MIN AVG DEP HDD CDD WTR SNW DPTH SPD SPD DIR MIN PSBL S-S WX SPD DR
================================================================================
1 69 45 57 M 8 0 M M M 5.6 14 50 M M 0 18 70
2 73 40 57 M 8 0 M M M 3.9 12 160 M M 0 M M
3 77 47 62 M 3 0 M M M 8.9 15 180 M M 0 20 230
4 85 53 69 M 0 4 M M M 7.7 15 250 M M 0 18 220
5 80 47 64 M 1 0 M M M 6.5 12 40 M M 0 17 70
6 80 41 61 M 4 0 M M M 5.4 12 170 M M 0 17 170
7 78 53 66 M 0 1 M M M 10.4 17 170 M M 0 25 170
8 80 56 68 M 0 3 M M M 12.2 23 220 M M 0 29 220
9 80 59 70 M 0 5 M M M 14.6 28 220 M M 0 33 230
10 71 39 55 M 10 0 M M M 4.0 14 280 M M 0 22 280
11 75 35 55 M 10 0 M M M 3.7 9 260 M M 0 M M
12 79 42 61 M 4 0 M M M 4.5 10 50 M M 0 17 210
13 65 42 54 M 11 0 M M M 4.6 9 80 M M 0 16 70
14 76 44 60 M 5 0 M M M 10.4 22 240 M M 0 33 250
15 69 38 54 M 11 0 M M M 2.8 8 170 M M 0 M M
16 80 42 61 M 4 0 M M M 5.2 15 50 M M 0 18 50
17 76 40 58 M 7 0 M M M 6.3 10 180 M M 0 17 170
18 76 48 62 M 3 0 M M M 8.8 13 230 M M 1 22 220
19 82 53 68 M 0 3 M M M 8.0 15 230 M M 0 18 220
20 82 51 67 M 0 2 M M M 5.9 14 60 M M 0 20 70
21 79 46 63 M 2 0 M M M 5.1 13 160 M M 0 24 220
22 72 46 59 M 6 0 M M M 7.5 20 40 M M 3 24 40
23 74 52 63 M 2 0 M M M 11.1 22 170 M M 3 31 170
24 77 44 61 M 4 0 M M M 12.8 28 280 M M 1 36 280
25 73 32 53 M 12 0 M M M 7.9 20 260 M M 0 25 260
26 76 47 62 M 3 0 M M M 8.0 16 280 M M 0 21 280
27 60 39 50 M 15 0 M M M 7.1 14 70 M M 0 17 70
28 56 36 46 M 19 0 M M M 4.1 13 70 M M 3 17 70
29 60 36 48 M 17 0 M M M 9.5 21 10 M M 0 26 10
30 53 28 41 M 24 0 M M M 5.7 13 40 M M 2 16 40
================================================================================
SM 2213 1321 193 18 M M 217.9 M 13
================================================================================
AV 73.8 44.0 7.3 FASTST M M 0 MAX(MPH)
MISC ----> # 28 220 36 280
================================================================================
NOTES:
# LAST OF SEVERAL OCCURRENCES
COLUMN 17 PEAK WIND IN M.P.H.
PRELIMINARY LOCAL CLIMATOLOGICAL DATA (WS FORM: F-6) , PAGE 2
STATION: ALPINE-CASPARIS MUNICIPAL
MONTH: NOVEMBER
YEAR: 2020
LATITUDE: 30 23 N
LONGITUDE: 103 41 W
[TEMPERATURE DATA] [PRECIPITATION DATA] SYMBOLS USED IN COLUMN 16
AVERAGE MONTHLY: 58.9 TOTAL FOR MONTH: M 1 = FOG OR MIST
DPTR FM NORMAL: 0.0 DPTR FM NORMAL: M 2 = FOG REDUCING VISIBILITY
HIGHEST: 85 ON 4 GRTST 24HR M ON M TO 1/4 MILE OR LESS
LOWEST: 28 ON 30 3 = THUNDER
SNOW, ICE PELLETS, HAIL 4 = ICE PELLETS
TOTAL MONTH: M 5 = HAIL
GRTST 24HR M ON M 6 = FREEZING RAIN OR DRIZZLE
GRTST DEPTH: M ON M 7 = DUSTSTORM OR SANDSTORM:
VSBY 1/2 MILE OR LESS
8 = SMOKE OR HAZE
[NO. OF DAYS WITH] [WEATHER - DAYS WITH] 9 = BLOWING SNOW
X = TORNADO
MAX 32 OR BELOW: 0 0.01 INCH OR MORE: 0
MAX 90 OR ABOVE: 0 0.10 INCH OR MORE: 0
MIN 32 OR BELOW: 2 0.50 INCH OR MORE: 0
MIN 0 OR BELOW: 0 1.00 INCH OR MORE: 0
[HDD (BASE 65) ]
TOTAL THIS MO. 193 CLEAR (SCALE 0-3) 28
DPTR FM NORMAL M PTCLDY (SCALE 4-7) 2
TOTAL FM JUL 1 374 CLOUDY (SCALE 8-10) 0
DPTR FM NORMAL M
[CDD (BASE 65) ]
TOTAL THIS MO. 18
DPTR FM NORMAL M [PRESSURE DATA]
TOTAL FM JAN 1 2265 HIGHEST SLP M ON M
DPTR FM NORMAL M LOWEST SLP M ON M
[REMARKS]
#FINAL-11-20#