000
CXUS53 KGID 012246 AAA
CF6EAR
PRELIMINARY LOCAL CLIMATOLOGICAL DATA (WS FORM: F-6)
STATION: KEARNEY NE
MONTH: DECEMBER
YEAR: 2023
LATITUDE: 40 43 N
LONGITUDE: 99 0 W
TEMPERATURE IN F: :PCPN: SNOW: WIND :SUNSHINE: SKY :PK WND
================================================================================
1 2 3 4 5 6A 6B 7 8 9 10 11 12 13 14 15 16 17 18
12Z AVG MX 2MIN
DY MAX MIN AVG DEP HDD CDD WTR SNW DPTH SPD SPD DIR MIN PSBL S-S WX SPD DR
================================================================================
1 33 18 26 -6 39 0 0.00 M M 6.3 12 350 M M 0 M M
2 40 16 28 -3 37 0 M M M 10.0 15 200 M M 4 1 M M
3 44 20 32 1 33 0 0.00 M M 11.2 29 340 M M 2 38 340
4 51 19 35 5 30 0 T M M 11.4 28 350 M M 2 36 350
5 43 25 34 4 31 0 0.00 M M 8.1 16 290 M M 3 M M
6 67 29 48 18 17 0 0.00 M M 11.1 18 200 M M 0 M M
7 58 24 41 12 24 0 0.00 M M 6.8 13 280 M M 0 M M
8 52 33 43 14 22 0 0.00 M M 8.9 14 290 M M 0 23 320
9 41 23 32 3 33 0 0.00 M M 17.6 29 330 M M 1 43 330
10 46 19 33 4 32 0 0.00 M M 8.1 17 230 M M 0 M M
11 55 20 38 10 27 0 0.00 M M 7.3 14 10 M M 0 M M
12 37 24 31 3 34 0 0.00 M M 9.7 14 50 M M 4 M M
13 43 19 31 3 34 0 0.00 M M 3.4 8 100 M M 2 M M
14 41 28 35 8 30 0 0.14 M M 8.6 17 200 M M 8 1 22 200
15 40 33 37 10 28 0 0.04 M M 4.1 14 180 M M 9 1 M M
16 41 25 33 6 32 0 M M M 10.2 20 340 M M 3 25 340
17 56 28 42 15 23 0 0.00 M M 10.6 16 350 M M 0 22 340
18 42 21 32 5 33 0 0.00 M M 9.7 22 10 M M 0 29 10
19 49 26 38 12 27 0 0.00 M M 11.1 21 200 M M 0 28 200
20 46 23 35 9 30 0 0.00 M M 5.8 9 110 M M 1 12 M M
21 49 24 37 11 28 0 0.00 M M 6.8 13 200 M M 9 12 M M
22 62 28 45 19 20 0 0.00 M M 6.9 9 300 M M 1 1 M M
23 53 30 42 16 23 0 0.06 M M 13.6 21 170 M M 6 1 30 180
24 54 28 41 15 24 0 0.21 M M 21.6 32 350 M M 10 1 38 350
25 28 23 26 1 39 0 M M M 19.4 28 340 M M 10 1 37 340
26 27 24 26 1 39 0 M M M 12.3 18 30 M M 10 1 M M
27 29 24 27 2 38 0 M M M 8.4 13 330 M M 10 1 M M
28 34 19 27 2 38 0 M M M 8.1 14 310 M M 8 12 21 320
29 41 17 29 4 36 0 0.00 M M 10.7 15 310 M M 0 M M
30 44 27 36 11 29 0 0.00 M M 7.6 10 300 M M 2 M M
31 27 14 21 -4 44 0 0.00 M M 9.6 16 360 M M 6 M M
================================================================================
SM 1373 731 954 0 M M 305.0 M 111
================================================================================
AV 44.3 23.6 9.8 FASTST M M 4 MAX(MPH)
MISC ----> 32 350 M M
================================================================================
NOTES:
# LAST OF SEVERAL OCCURRENCES
COLUMN 17 PEAK WIND IN M.P.H.
PRELIMINARY LOCAL CLIMATOLOGICAL DATA (WS FORM: F-6) , PAGE 2
STATION: KEARNEY NE
MONTH: DECEMBER
YEAR: 2023
LATITUDE: 40 43 N
LONGITUDE: 99 0 W
[TEMPERATURE DATA] [PRECIPITATION DATA] SYMBOLS USED IN COLUMN 16
AVERAGE MONTHLY: 33.9 TOTAL FOR MONTH: M 1 = FOG OR MIST
DPTR FM NORMAL: 6.5 DPTR FM NORMAL: M 2 = FOG REDUCING VISIBILITY
HIGHEST: 67 ON 6 GRTST 24HR M ON M TO 1/4 MILE OR LESS
LOWEST: 14 ON 31 3 = THUNDER
SNOW, ICE PELLETS, HAIL 4 = ICE PELLETS
TOTAL MONTH: M 5 = HAIL
GRTST 24HR M ON M 6 = FREEZING RAIN OR DRIZZLE
GRTST DEPTH: M ON M 7 = DUSTSTORM OR SANDSTORM:
VSBY 1/2 MILE OR LESS
8 = SMOKE OR HAZE
[NO. OF DAYS WITH] [WEATHER - DAYS WITH] 9 = BLOWING SNOW
X = TORNADO
MAX 32 OR BELOW: 4 0.01 INCH OR MORE: M
MAX 90 OR ABOVE: 0 0.10 INCH OR MORE: M
MIN 32 OR BELOW: 29 0.50 INCH OR MORE: M
MIN 0 OR BELOW: 0 1.00 INCH OR MORE: M
[HDD (BASE 65) ]
TOTAL THIS MO. 954 CLEAR (SCALE 0-3) 18
DPTR FM NORMAL -256 PTCLDY (SCALE 4-7) 7
TOTAL FM JUL 1 2042 CLOUDY (SCALE 8-10) 6
DPTR FM NORMAL -592
[CDD (BASE 65) ]
TOTAL THIS MO. 0
DPTR FM NORMAL 0 [PRESSURE DATA]
TOTAL FM JAN 1 1024 HIGHEST SLP M ON M
DPTR FM NORMAL 156 LOWEST SLP M ON M
[REMARKS]
#FINAL-12-23#