000
CXUS53 KIWX 010810
CF6FWA
PRELIMINARY LOCAL CLIMATOLOGICAL DATA (WS FORM: F-6)
STATION: FORT WAYNE
MONTH: JUNE
YEAR: 2022
LATITUDE: 41 0 N
LONGITUDE: 85 12 W
TEMPERATURE IN F: :PCPN: SNOW: WIND :SUNSHINE: SKY :PK WND
================================================================================
1 2 3 4 5 6A 6B 7 8 9 10 11 12 13 14 15 16 17 18
12Z AVG MX 2MIN
DY MAX MIN AVG DEP HDD CDD WTR SNW DPTH SPD SPD DIR MIN PSBL S-S WX SPD DR
================================================================================
1 84 62 73 6 0 8 0.03 0.0 0 8.6 22 300 M M 8 3 32 300
2 77 57 67 0 0 2 T 0.0 0 6.9 16 340 M M 6 22 310
3 83 52 68 1 0 3 0.00 0.0 0 9.2 24 280 M M 1 32 260
4 81 48 65 -3 0 0 0.00 0.0 0 5.5 16 10 M M 5 8 20 20
5 88 60 74 6 0 9 0.00 0.0 0 8.6 17 220 M M 8 23 240
6 86 62 74 6 0 9 0.28 0.0 0 9.4 24 210 M M 8 13 34 210
7 76 58 67 -1 0 2 0.05 0.0 0 8.2 16 350 M M 6 1 23 310
8 74 50 62 -7 3 0 0.59 0.0 0 6.0 21 30 M M 6 13 30 310
9 74 57 66 -3 0 1 0.00 0.0 0 7.8 18 270 M M 6 1 27 250
10 80 52 66 -3 0 1 0.00 0.0 0 5.0 21 250 M M 7 26 270
11 78 57 68 -2 0 3 0.00 0.0 0 6.9 17 190 M M 8 1 23 180
12 83 61 72 2 0 7 0.05 0.0 0 3.9 15 340 M M 8 13 20 340
13 90 67 79 9 0 14 2.03 0.0 0 7.5 74 360 M M 8 138 98 360
14 96 72 84 13 0 19 0.00 0.0 0 10.4 22 80 M M 4 31 80
15 95 75 85 14 0 20 0.00 0.0 0 11.3 21 220 M M 2 27 200
16 95 77 86 15 0 21 0.00 0.0 0 15.8 25 260 M M 3 35 250
17 84 67 76 5 0 11 0.00 0.0 0 10.1 20 300 M M 3 28 300
18 78 57 68 -4 0 3 0.00 0.0 0 9.2 21 20 M M 1 30 40
19 81 52 67 -5 0 2 0.00 0.0 0 2.7 10 120 M M 4 15 120
20 89 61 75 3 0 10 0.00 0.0 0 8.3 17 230 M M 6 22 240
21 96 68 82 10 0 17 0.00 0.0 0 12.6 21 250 M M 1 30 260
22 90 68 79 7 0 14 0.00 0.0 0 9.2 18 310 M M 3 29 290
23 85 61 73 0 0 8 0.00 0.0 0 6.6 16 360 M M 2 24 360
24 90 57 74 1 0 9 0.00 0.0 0 3.2 12 90 M M 3 16 90
25 86 60 73 0 0 8 T 0.0 0 4.0 15 190 M M 7 20 210
26 82 64 73 0 0 8 0.23 0.0 0 9.9 25 230 M M 9 138 34 230
27 77 53 65 -8 0 0 0.00 0.0 0 7.5 20 280 M M 3 29 290
28 81 47 64 -9 1 0 0.00 0.0 0 2.2 9 210 M M 2 13 290
29 87 57 72 -2 0 7 0.00 0.0 0 9.0 18 250 M M 2 27 250
30 92 61 77 3 0 12 0.00 0.0 0 8.8 20 240 M M 2 25 240
================================================================================
SM 2538 1800 4 228 3.26 0.0 234.3 M 142
================================================================================
AV 84.6 60.0 7.8 FASTST M M 5 MAX(MPH)
MISC ----> 74 360 98 360
================================================================================
NOTES:
# LAST OF SEVERAL OCCURRENCES
COLUMN 17 PEAK WIND IN M.P.H.
PRELIMINARY LOCAL CLIMATOLOGICAL DATA (WS FORM: F-6) , PAGE 2
STATION: FORT WAYNE
MONTH: JUNE
YEAR: 2022
LATITUDE: 41 0 N
LONGITUDE: 85 12 W
[TEMPERATURE DATA] [PRECIPITATION DATA] SYMBOLS USED IN COLUMN 16
AVERAGE MONTHLY: 72.3 TOTAL FOR MONTH: 3.26 1 = FOG OR MIST
DPTR FM NORMAL: 1.6 DPTR FM NORMAL: -1.22 2 = FOG REDUCING VISIBILITY
HIGHEST: 96 ON 21,14 GRTST 24HR 2.03 ON 13-13 TO 1/4 MILE OR LESS
LOWEST: 47 ON 28 3 = THUNDER
SNOW, ICE PELLETS, HAIL 4 = ICE PELLETS
TOTAL MONTH: 0.0 INCH 5 = HAIL
GRTST 24HR 0.0 6 = FREEZING RAIN OR DRIZZLE
GRTST DEPTH: 0 7 = DUSTSTORM OR SANDSTORM:
VSBY 1/2 MILE OR LESS
8 = SMOKE OR HAZE
[NO. OF DAYS WITH] [WEATHER - DAYS WITH] 9 = BLOWING SNOW
X = TORNADO
MAX 32 OR BELOW: 0 0.01 INCH OR MORE: 7
MAX 90 OR ABOVE: 8 0.10 INCH OR MORE: 4
MIN 32 OR BELOW: 0 0.50 INCH OR MORE: 2
MIN 0 OR BELOW: 0 1.00 INCH OR MORE: 1
[HDD (BASE 65) ]
TOTAL THIS MO. 4 CLEAR (SCALE 0-3) 11
DPTR FM NORMAL -20 PTCLDY (SCALE 4-7) 17
TOTAL FM JUL 1 5593 CLOUDY (SCALE 8-10) 2
DPTR FM NORMAL -372
[CDD (BASE 65) ]
TOTAL THIS MO. 228
DPTR FM NORMAL 34 [PRESSURE DATA]
TOTAL FM JAN 1 347 HIGHEST SLP 30.32 ON 19
DPTR FM NORMAL 83 LOWEST SLP 29.69 ON 6
[REMARKS]
#FINAL-06-22#