000
CXUS53 KGLD 010800
CF6GLD
PRELIMINARY LOCAL CLIMATOLOGICAL DATA (WS FORM: F-6)
STATION: GOODLAND KS
MONTH: JULY
YEAR: 2020
LATITUDE: 39 22 N
LONGITUDE: 101 42 W
TEMPERATURE IN F: :PCPN: SNOW: WIND :SUNSHINE: SKY :PK WND
================================================================================
1 2 3 4 5 6A 6B 7 8 9 10 11 12 13 14 15 16 17 18
12Z AVG MX 2MIN
DY MAX MIN AVG DEP HDD CDD WTR SNW DPTH SPD SPD DIR MIN PSBL S-S WX SPD DR
================================================================================
1 90 50 70 -4 0 5 0.06 0.0 0 10.8 20 70 M M 2 3 29 70
2 95 64 80 5 0 15 0.05 0.0 0 12.3 45 320 M M 4 123 60 330
3 91 57 74 -1 0 9 0.00 0.0 0 12.4 25 250 M M 1 34 270
4 91 54 73 -2 0 8 0.00 0.0 0 9.9 30 210 M M 0 40 210
5 89 64 77 2 0 12 0.00 0.0 0 8.0 15 110 M M 1 23 80
6 93 59 76 1 0 11 0.00 0.0 0 10.5 18 160 M M 0 28 190
7 96 63 80 5 0 15 0.00 0.0 0 17.3 31 160 M M 0 41 170
8 98 64 81 5 0 16 0.00 0.0 0 11.0 29 190 M M 0 38 180
9 88 62 75 -1 0 10 0.00 0.0 0 10.2 18 130 M M 3 27 120
10 92 68 80 4 0 15 0.00 0.0 0 13.4 22 170 M M 5 29 160
11 92 65 79 3 0 14 0.00 0.0 0 10.3 20 10 M M 0 1 28 10
12 94 65 80 4 0 15 T 0.0 0 15.0 29 190 M M 3 12 43 190
13 100 64 82 6 0 17 1.96 T 0 15.1 35 10 M M 1 1358 49 10
14 75 64 70 -6 0 5 0.09 0.0 0 11.0 20 30 M M 8 18 26 10
15 77 62 70 -6 0 5 0.00 0.0 0 5.9 18 50 M M 6 1 26 50
16 93 64 79 3 0 14 0.00 0.0 0 12.2 26 170 M M 3 1 40 140
17 97 69 83 7 0 18 0.00 0.0 0 12.0 23 170 M M 0 42 160
18 100 68 84 8 0 19 0.00 0.0 0 10.3 24 350 M M 0 3 37 190
19 89 61 75 -1 0 10 0.00 0.0 0 8.9 26 10 M M 0 1 38 360
20 92 59 76 0 0 11 0.50 T 0 11.3 33 40 M M 1 135 50 30
21 84 57 71 -5 0 6 0.00 0.0 0 8.1 18 130 M M 0 24 120
22 96 64 80 4 0 15 0.00 0.0 0 17.5 28 160 M M 1 47 160
23 94 67 81 5 0 16 T 0.0 0 17.8 29 150 M M 1 53 160
24 96 69 83 7 0 18 T 0.0 0 19.8 33 180 M M 2 3 52 180
25 98 69 84 8 0 19 0.23 0.0 0 12.9 32 150 M M 1 3 49 170
26 89 64 77 1 0 12 1.94 0.0 0 7.0 24 90 M M 5 13 36 110
27 84 66 75 -1 0 10 T 0.0 0 7.8 15 110 M M 6 1 23 90
28 84 63 74 -2 0 9 0.00 0.0 0 8.0 16 160 M M 5 12 23 150
29 93 62 78 2 0 13 0.00 0.0 0 4.7 21 340 M M 1 30 350
30 75 61 68 -8 0 3 0.16 0.0 0 10.3 22 50 M M 7 18 31 50
31 86 58 72 -4 0 7 T 0.0 M 5.7 22 30 M M 1 3 36 20
================================================================================
SM 2811 1946 0 372 4.99 T 347.4 M 68
================================================================================
AV 90.7 62.8 11.2 FASTST M M 2 MAX(MPH)
MISC ----> 45 320 60 330
================================================================================
NOTES:
# LAST OF SEVERAL OCCURRENCES
COLUMN 17 PEAK WIND IN M.P.H.
PRELIMINARY LOCAL CLIMATOLOGICAL DATA (WS FORM: F-6) , PAGE 2
STATION: GOODLAND KS
MONTH: JULY
YEAR: 2020
LATITUDE: 39 22 N
LONGITUDE: 101 42 W
[TEMPERATURE DATA] [PRECIPITATION DATA] SYMBOLS USED IN COLUMN 16
AVERAGE MONTHLY: 76.7 TOTAL FOR MONTH: 4.99 1 = FOG OR MIST
DPTR FM NORMAL: 1.0 DPTR FM NORMAL: 1.52 2 = FOG REDUCING VISIBILITY
HIGHEST: 100 ON 18,13 GRTST 24HR 2.07 ON 25-26 TO 1/4 MILE OR LESS
LOWEST: 50 ON 1 3 = THUNDER
SNOW, ICE PELLETS, HAIL 4 = ICE PELLETS
TOTAL MONTH: T 5 = HAIL
GRTST 24HR T ON 13-13 6 = FREEZING RAIN OR DRIZZLE
GRTST DEPTH: 0 7 = DUSTSTORM OR SANDSTORM:
VSBY 1/2 MILE OR LESS
8 = SMOKE OR HAZE
[NO. OF DAYS WITH] [WEATHER - DAYS WITH] 9 = BLOWING SNOW
X = TORNADO
MAX 32 OR BELOW: 0 0.01 INCH OR MORE: 8
MAX 90 OR ABOVE: 20 0.10 INCH OR MORE: 5
MIN 32 OR BELOW: 0 0.50 INCH OR MORE: 3
MIN 0 OR BELOW: 0 1.00 INCH OR MORE: 2
[HDD (BASE 65) ]
TOTAL THIS MO. 0 CLEAR (SCALE 0-3) 23
DPTR FM NORMAL -4 PTCLDY (SCALE 4-7) 8
TOTAL FM JUL 1 0 CLOUDY (SCALE 8-10) 0
DPTR FM NORMAL 0
[CDD (BASE 65) ]
TOTAL THIS MO. 372
DPTR FM NORMAL 38 [PRESSURE DATA]
TOTAL FM JAN 1 744 HIGHEST SLP M ON M
DPTR FM NORMAL 190 LOWEST SLP 29.59 ON 8
[REMARKS]
#FINAL-07-20#