000
CXUS55 KMSO 050209
CF6GPI
PRELIMINARY LOCAL CLIMATOLOGICAL DATA (WS FORM: F-6)
STATION: KALISPELL MT
MONTH: FEBRUARY
YEAR: 2021
LATITUDE: 48 17 N
LONGITUDE: 114 16 W
TEMPERATURE IN F: :PCPN: SNOW: WIND :SUNSHINE: SKY :PK WND
================================================================================
1 2 3 4 5 6A 6B 7 8 9 10 11 12 13 14 15 16 17 18
12Z AVG MX 2MIN
DY MAX MIN AVG DEP HDD CDD WTR SNW DPTH SPD SPD DIR MIN PSBL S-S WX SPD DR
================================================================================
1 45 26 36 10 29 0 0.00 0.0 2 0.7 6 200 M M 8 1 8 270
2 40 27 34 8 31 0 0.04 0.0 0 5.0 17 190 M M 9 1 22 200
3 36 23 30 4 35 0 0.01 T 0 4.8 12 150 M M 7 15 140
4 34 22 28 2 37 0 0.02 T 1 8.3 16 130 M M 8 18 21 130
5 41 24 33 7 32 0 0.38 4.3 4 7.8 22 30 M M 10 1 27 20
6 25 10 18 -8 47 0 0.06 0.5 5 11.9 36 20 M M 9 18 44 30
7 13 5 9 -17 56 0 T T 4 15.3 40 10 M M 9 89 49 10
8 13 4 9 -17 56 0 T T 4 14.2 25 10 M M 9 8 30 30
9 19 -7 6 -20 59 0 0.00 0.0 4 9.2 21 10 M M 3 27 20
10 11 -7 2 -24 63 0 T 1.0 3 12.6 31 10 M M 10 8 38 20
11 6 -5 1 -25 64 0 T T 3 19.1 31 10 M M 4 8 39 10
12 12 -12 0 -26 65 0 0.00 0.0 3 5.7 16 20 M M 0 20 20
13 17 -14 2 -25 63 0 0.00 0.0 3 9.3 22 30 M M 1 30 40
14 15 -1 7 -20 58 0 T T 3 3.3 14 40 M M 8 18 18 40
15 19 2 11 -16 54 0 0.23 3.4 3 1.4 6 290 M M 10 1 6 280
16 24 6 15 -12 50 0 0.01 0.5 7 0.4 3 280 M M 10 18 5 120
17 32 18 25 -2 40 0 0.04 1.0 7 0.7 7 210 M M 10 18 7 220
18 30 1 16 -11 49 0 0.02 T 6 2.7 14 150 M M 6 128 20 150
19 37 17 27 -1 38 0 0.05 1.3 7 3.0 15 150 M M 9 18 17 140
20 40 12 26 -2 39 0 T T 6 7.6 18 220 M M 9 24 230
21 42 32 37 9 28 0 0.00 0.0 6 13.2 22 160 M M 10 26 150
22 47 34 41 13 24 0 0.13 T 5 11.1 20 230 M M 9 1 28 210
23 39 24 32 4 33 0 0.02 T T 9.1 24 280 M M 7 18 34 280
24 35 14 25 -4 40 0 0.00 0.0 T 5.0 16 170 M M 1 19 170
25 35 22 29 0 36 0 0.04 1.0 0 10.4 23 160 M M 7 1 30 160
26 37 30 34 5 31 0 T 0.2 1 9.0 14 160 M M 8 1 19 210
27 36 21 29 -1 36 0 0.02 T T 4.6 14 350 M M 6 17 350
28 35 26 31 1 34 0 T 0.2 0 8.4 16 150 M M 9 20 160
================================================================================
SM 815 354 1227 0 1.07 13.4 213.8 M 206
================================================================================
AV 29.1 12.6 7.6 FASTST M M 7 MAX(MPH)
MISC ----> 40 10 49 10
================================================================================
NOTES:
# LAST OF SEVERAL OCCURRENCES
COLUMN 17 PEAK WIND IN M.P.H.
PRELIMINARY LOCAL CLIMATOLOGICAL DATA (WS FORM: F-6) , PAGE 2
STATION: KALISPELL MT
MONTH: FEBRUARY
YEAR: 2021
LATITUDE: 48 17 N
LONGITUDE: 114 16 W
[TEMPERATURE DATA] [PRECIPITATION DATA] SYMBOLS USED IN COLUMN 16
AVERAGE MONTHLY: 20.9 TOTAL FOR MONTH: 1.07 1 = FOG OR MIST
DPTR FM NORMAL: -6.2 DPTR FM NORMAL: 0.10 2 = FOG REDUCING VISIBILITY
HIGHEST: 47 ON 22 GRTST 24HR 0.40 ON 4- 5 TO 1/4 MILE OR LESS
LOWEST: -14 ON 13 3 = THUNDER
SNOW, ICE PELLETS, HAIL 4 = ICE PELLETS
TOTAL MONTH: 13.4 INCHES 5 = HAIL
GRTST 24HR 4.3 ON 5- 5 6 = FREEZING RAIN OR DRIZZLE
GRTST DEPTH: 7 ON 19,17 7 = DUSTSTORM OR SANDSTORM:
VSBY 1/2 MILE OR LESS
8 = SMOKE OR HAZE
[NO. OF DAYS WITH] [WEATHER - DAYS WITH] 9 = BLOWING SNOW
X = TORNADO
MAX 32 OR BELOW: 13 0.01 INCH OR MORE: 14
MAX 90 OR ABOVE: 0 0.10 INCH OR MORE: 3
MIN 32 OR BELOW: 27 0.50 INCH OR MORE: 0
MIN 0 OR BELOW: 6 1.00 INCH OR MORE: 0
[HDD (BASE 65) ]
TOTAL THIS MO. 1227 CLEAR (SCALE 0-3) 3
DPTR FM NORMAL 166 PTCLDY (SCALE 4-7) 9
TOTAL FM JUL 1 5566 CLOUDY (SCALE 8-10) 16
DPTR FM NORMAL -284
[CDD (BASE 65) ]
TOTAL THIS MO. 0
DPTR FM NORMAL 0 [PRESSURE DATA]
TOTAL FM JAN 1 0 HIGHEST SLP 30.61 ON 11
DPTR FM NORMAL 0 LOWEST SLP 29.64 ON 26
[REMARKS]
#FINAL-02-21#